
# Table structure of table `bmg24thc_term_relationships`

CREATE TABLE `bmg24thc_term_relationships` (
  `object_id` bigint(20) unsigned NOT NULL DEFAULT 0,
  `term_taxonomy_id` bigint(20) unsigned NOT NULL DEFAULT 0,
  `term_order` int(11) NOT NULL DEFAULT 0,
  PRIMARY KEY (`object_id`,`term_taxonomy_id`),
  KEY `term_taxonomy_id` (`term_taxonomy_id`)
) ENGINE=InnoDB DEFAULT CHARSET=utf8mb4 COLLATE=utf8mb4_unicode_520_ci ;

# Data contents of table `bmg24thc_term_relationships`

# Approximate rows expected in table: 44
 
INSERT INTO `bmg24thc_term_relationships` VALUES (16, 2, 0),
 (26, 3, 0),
 (27, 3, 0),
 (28, 3, 0),
 (29, 3, 0),
 (30, 3, 0),
 (31, 3, 0),
 (40, 4, 0),
 (88, 3, 0),
 (116, 5, 0),
 (116, 6, 0),
 (116, 7, 0),
 (121, 5, 0),
 (121, 6, 0),
 (121, 7, 0),
 (122, 5, 0),
 (122, 7, 0),
 (122, 8, 0),
 (155, 5, 0),
 (155, 7, 0),
 (155, 8, 0),
 (171, 9, 0),
 (303, 5, 0),
 (303, 7, 0),
 (303, 8, 0),
 (620, 1, 0),
 (623, 9, 0),
 (649, 1, 0),
 (729, 2, 0),
 (730, 2, 0),
 (731, 2, 0),
 (732, 2, 0),
 (733, 2, 0),
 (734, 2, 0),
 (735, 2, 0),
 (736, 2, 0),
 (737, 2, 0),
 (738, 2, 0),
 (739, 2, 0),
 (740, 3, 0),
 (879, 5, 0),
 (879, 6, 0),
 (879, 7, 0),
 (928, 9, 0);
# End of data contents of table `bmg24thc_term_relationships`

# Table: `bmg24thc_term_taxonomy`

# Delete any existing table `bmg24thc_term_taxonomy`


# Table structure of table `bmg24thc_term_taxonomy`

CREATE TABLE `bmg24thc_term_taxonomy` (
  `term_taxonomy_id` bigint(20) unsigned NOT NULL AUTO_INCREMENT,
  `term_id` bigint(20) unsigned NOT NULL DEFAULT 0,
  `taxonomy` varchar(32) NOT NULL DEFAULT '',
  `description` longtext NOT NULL,
  `parent` bigint(20) unsigned NOT NULL DEFAULT 0,
  `count` bigint(20) NOT NULL DEFAULT 0,
  PRIMARY KEY (`term_taxonomy_id`),
  UNIQUE KEY `term_id_taxonomy` (`term_id`,`taxonomy`),
  KEY `taxonomy` (`taxonomy`)
) ENGINE=InnoDB AUTO_INCREMENT=10 DEFAULT CHARSET=utf8mb4 COLLATE=utf8mb4_unicode_520_ci ;

# Data contents of table `bmg24thc_term_taxonomy`

# Approximate rows expected in table: 9
 
INSERT INTO `bmg24thc_term_taxonomy` VALUES (1, 1, 'category', '', 0, 2),
 (2, 2, 'nav_menu', '', 0, 12),
 (3, 3, 'nav_menu', '', 0, 8),
 (4, 4, 'wp_theme', '', 0, 1),
 (5, 5, 'scope', '', 0, 6),
 (6, 6, 'layout_type', '', 0, 3),
 (7, 7, 'module_width', '', 0, 6),
 (8, 8, 'layout_type', '', 0, 3),
 (9, 9, 'layout_type', '', 0, 0);
# End of data contents of table `bmg24thc_term_taxonomy`

# Table: `bmg24thc_termmeta`

# Delete any existing table `bmg24thc_termmeta`


# Table structure of table `bmg24thc_termmeta`

CREATE TABLE `bmg24thc_termmeta` (
  `meta_id` bigint(20) unsigned NOT NULL AUTO_INCREMENT,
  `term_id` bigint(20) unsigned NOT NULL DEFAULT 0,
  `meta_key` varchar(255) DEFAULT NULL,
  `meta_value` longtext DEFAULT NULL,
  PRIMARY KEY (`meta_id`),
  KEY `term_id` (`term_id`),
  KEY `meta_key` (`meta_key`(191))
) ENGINE=InnoDB DEFAULT CHARSET=utf8mb4 COLLATE=utf8mb4_unicode_520_ci ;

# Data contents of table `bmg24thc_termmeta`

# Approximate rows expected in table: 0

# End of data contents of table `bmg24thc_termmeta`

# Table: `bmg24thc_terms`

# Delete any existing table `bmg24thc_terms`


# Table structure of table `bmg24thc_terms`

CREATE TABLE `bmg24thc_terms` (
  `term_id` bigint(20) unsigned NOT NULL AUTO_INCREMENT,
  `name` varchar(200) NOT NULL DEFAULT '',
  `slug` varchar(200) NOT NULL DEFAULT '',
  `term_group` bigint(10) NOT NULL DEFAULT 0,
  PRIMARY KEY (`term_id`),
  KEY `slug` (`slug`(191)),
  KEY `name` (`name`(191))
) ENGINE=InnoDB AUTO_INCREMENT=10 DEFAULT CHARSET=utf8mb4 COLLATE=utf8mb4_unicode_520_ci ;

# Data contents of table `bmg24thc_terms`

# Approximate rows expected in table: 9
 
INSERT INTO `bmg24thc_terms` VALUES (1, 'General', 'general', 0),
 (2, 'Primary Menu', 'primary-menu', 0),
 (3, 'Secondary Menu', 'secondary-menu', 0),
 (4, 'Divi-Child', 'divi-child', 0),
 (5, 'not_global', 'not_global', 0),
 (6, 'row', 'row', 0),
 (7, 'regular', 'regular', 0),
 (8, 'section', 'section', 0),
 (9, 'layout', 'layout', 0);
# End of data contents of table `bmg24thc_terms`

# Table: `bmg24thc_trustindex_google_reviews`

# Delete any existing table `bmg24thc_trustindex_google_reviews`


# Table structure of table `bmg24thc_trustindex_google_reviews`

CREATE TABLE `bmg24thc_trustindex_google_reviews` (
  `id` tinyint(1) NOT NULL AUTO_INCREMENT,
  `hidden` tinyint(1) NOT NULL DEFAULT 0,
  `user` varchar(255) CHARACTER SET utf8mb3 COLLATE utf8mb3_general_ci DEFAULT NULL,
  `user_photo` text DEFAULT NULL,
  `text` text CHARACTER SET utf8mb4 COLLATE utf8mb4_general_ci DEFAULT NULL,
  `rating` decimal(3,1) DEFAULT NULL,
  `highlight` varchar(11) DEFAULT NULL,
  `date` date DEFAULT NULL,
  `reviewId` text DEFAULT NULL,
  `reply` text CHARACTER SET utf8mb4 COLLATE utf8mb4_general_ci DEFAULT NULL,
  PRIMARY KEY (`id`)
) ENGINE=InnoDB AUTO_INCREMENT=11 DEFAULT CHARSET=latin1 COLLATE=latin1_swedish_ci ;

# Data contents of table `bmg24thc_trustindex_google_reviews`

# Approximate rows expected in table: 10
 
INSERT INTO `bmg24thc_trustindex_google_reviews` VALUES (1, 0, 'Memphisbest T', 'https://lh3.googleusercontent.com/a-/ALV-UjXUVpWxFB1VmuUKsTgENlmm-6BaOEGa9HiIwrg27xIfO8_PWoY0=s120-c-rp-mo-ba3-br100', 'Chris was my inspector. He was very detailed and explained any issues or concerns as he went through the house. The team was very professional from service request to completion. I’m thankful a radon test was offered, because we found significant concerns. I highly recommend.', '5.0', NULL, '2024-10-13', 'ChdDSUhNMG9nS0VJQ0FnSUNYMU0yZHJ3RRAB', ''),
 (2, 0, 'Delores Burgess', 'https://lh3.googleusercontent.com/a/ACg8ocLT7F-ESpu0W_1bwaaMschj2b2Zjztmunl0O-dh5OuVEkGAwQ=s120-c-rp-mo-br100', 'Chris &amp; entire staff were speedy ,1 day service request, expertise in findings, book appointment immediately. VERY INFORMATIVE,EXPLAINED IN DETAIL', '5.0', NULL, '2024-10-08', 'ChdDSUhNMG9nS0VJQ0FnSURuelpHcnl3RRAB', ''),
 (3, 0, 'Tiffany Huff', 'https://lh3.googleusercontent.com/a/ACg8ocLhbLFSqn2WzFN7yXnkvRbua4RSoRJAup4u4mP2k3ml56dKQA=s120-c-rp-mo-br100', 'I truly enjoyed working with Total Home Consultants.  They are highly responsive, thorough and reasonably priced.  They also helped put my mind at ease and encouraged me to take the time I needed when the seller\'s agent was attempting to make us rush.', '5.0', NULL, '2024-10-06', 'ChdDSUhNMG9nS0VJQ0FnSURuMGNtcGdRRRAB', ''),
 (4, 0, 'Stella Lee', 'https://lh3.googleusercontent.com/a-/ALV-UjUAa4mfMk_dKvLTU_KhBni3pXCYox08O73zAL5QxfHyFNEhUAkL8Q=s120-c-rp-mo-br100', 'I highly recommend Total Home Consultants for any home inspection needs. Chris conducted the inspection on my new home purchase and he was very thorough and knowledgeable. The written report was delivered same day and included great detail, and he went over every single photo taken (in person with me) and provided an explanation of any damage or potential issues, and suggestions on taking next steps and when. He was able to rank essentially what was most urgent in terms of repairs. I feel very confident in the thoroughness of the inspection and have so much peace of mind moving into my new home knowing there are no major issues. Thank you Total Home Consultants!', '5.0', NULL, '2024-09-26', 'ChdDSUhNMG9nS0VJQ0FnSUNuX3MzMTVRRRAB', ''),
 (5, 0, 'Lineville Library', 'https://lh3.googleusercontent.com/a-/ALV-UjVDFcN5IfDnjL1LfMOVHx_-x_-StF8iF_MMLl3KIXkhMhPguCs=s120-c-rp-mo-br100', 'Chris did a very thorough inspection and that helped us make a good decision during the buying process in Atlanta. I would recommend Total Home Consultants.', '5.0', NULL, '2024-09-20', 'ChdDSUhNMG9nS0VJQ0FnSURIbDZlMnZ3RRAB', ''),
 (6, 0, 'Chris C', 'https://lh3.googleusercontent.com/a/ACg8ocKNa9OhYw_0yIkYGGs7Y7JAd_ftbBNZeCARUA4EaKRUHy1HWg=s120-c-rp-mo-br100', NULL, '5.0', NULL, '2024-09-15', 'ChdDSUhNMG9nS0VJQ0FnSURIbHZyWHB3RRAB', ''),
 (7, 0, 'Olumide Esho', 'https://lh3.googleusercontent.com/a/ACg8ocK2KZvKNIuXdc5OUdA4scQdlKar7kak2h8_7f_CYffHXRUDjA=s120-c-rp-mo-br100', NULL, '5.0', NULL, '2024-09-11', 'ChdDSUhNMG9nS0VJQ0FnSURIOEpLU2l3RRAB', ''),
 (8, 0, 'Mike Walsh', 'https://lh3.googleusercontent.com/a-/ALV-UjXokMmpM0rocUAN6kssCCjLXZvdPPPAe1EdPkxP6Gj0hT8n37Q=s120-c-rp-mo-ba3-br100', 'Got a home inspection for my first home purchase. They were very thorough and great at explaing everything in the report.', '5.0', NULL, '2024-09-10', 'ChZDSUhNMG9nS0VJQ0FnSUNIbjREN1RnEAE', ''),
 (9, 0, 'Joshua Wallace', 'https://lh3.googleusercontent.com/a-/ALV-UjUjOCfbKplqJa71nERXfQPUOwROsn6_s2WQj-KA-XmSSTA7WzEf=s120-c-rp-mo-br100', 'Craig is the man! So thorough, could not recommend enough!', '5.0', NULL, '2024-08-22', 'ChZDSUhNMG9nS0VJQ0FnSUQ3d3FLbk1REAE', ''),
 (10, 0, 'James B. (threeayem)', 'https://lh3.googleusercontent.com/a-/ALV-UjWDKmhVcmhz-NlblWtQad3Fsek-1QtJV2FsuwrRFqs4qKyCs2cM=s120-c-rp-mo-ba3-br100', NULL, '5.0', NULL, '2024-08-12', 'ChdDSUhNMG9nS0VJQ0FnSUM3eE1YcTBRRRAB', '');
# End of data contents of table `bmg24thc_trustindex_google_reviews`

# Table: `bmg24thc_wpforms_entries`

# Delete any existing table `bmg24thc_wpforms_entries`


# Table structure of table `bmg24thc_wpforms_entries`

CREATE TABLE `bmg24thc_wpforms_entries` (
  `entry_id` bigint(20) NOT NULL AUTO_INCREMENT,
  `form_id` bigint(20) NOT NULL,
  `post_id` bigint(20) NOT NULL,
  `user_id` bigint(20) NOT NULL,
  `status` varchar(30) NOT NULL,
  `type` varchar(30) NOT NULL,
  `viewed` tinyint(1) DEFAULT 0,
  `starred` tinyint(1) DEFAULT 0,
  `fields` longtext NOT NULL,
  `meta` longtext NOT NULL,
  `date` datetime NOT NULL,
  `date_modified` datetime NOT NULL,
  `ip_address` varchar(128) NOT NULL,
  `user_agent` varchar(256) NOT NULL,
  `user_uuid` varchar(36) NOT NULL,
  PRIMARY KEY (`entry_id`),
  KEY `form_id` (`form_id`),
  KEY `date` (`date`),
  KEY `starred` (`starred`),
  KEY `status` (`status`),
  KEY `type` (`type`),
  KEY `viewed` (`viewed`)
) ENGINE=InnoDB AUTO_INCREMENT=48 DEFAULT CHARSET=utf8mb4 COLLATE=utf8mb4_unicode_520_ci ;

# Data contents of table `bmg24thc_wpforms_entries`

# Approximate rows expected in table: 43
 
INSERT INTO `bmg24thc_wpforms_entries` VALUES (5, 349, 0, 0, '', '', 0, 0, '{"2":{"name":"Name","value":"Eric Jones","id":2,"type":"name","first":"Eric","middle":"","last":"Jones"},"5":{"name":"Email","value":"ericjonesmyemail@gmail.com","id":5,"type":"email"},"6":{"name":"Phone","value":"555-555-1212","id":6,"type":"phone"},"3":{"name":"Message","value":"To the,\\r\\n\\r\\nMy name is Eric and unlike a lot of emails you might get, I wanted to instead provide you with a word of encouragement \\u2013 Congratulations\\r\\n\\r\\nWhat for?  \\r\\n\\r\\nPart of my job is to check out websites and the work you\\u2019ve done with myatlantahomeinspector.com Admin definitely stands out. \\r\\n\\r\\nIt\\u2019s clear you took building a website seriously and made a real investment of time and resources into making it top quality.\\r\\n\\r\\nThere is, however, a catch\\u2026 more accurately, a question\\u2026\\r\\n\\r\\nSo when someone like me happens to find your site \\u2013 maybe at the top of the search results (nice job BTW) or just through a random link, how do you know? \\r\\n\\r\\nMore importantly, how do you make a connection with that person?\\r\\n\\r\\nStudies show that 7 out of 10 visitors don\\u2019t stick around \\u2013 they\\u2019re there one second and then gone with the wind.\\r\\n\\r\\nHere\\u2019s a way to create INSTANT engagement that you may not have known about\\u2026 \\r\\n\\r\\nWeb Visitor is a software widget that\\u2019s works on your site, ready to capture any visitor\\u2019s Name, Email address and Phone Number.  It lets you know INSTANTLY that they\\u2019re interested \\u2013 so that you can talk to that lead while they\\u2019re literally checking out myatlantahomeinspector.com.\\r\\n\\r\\nCLICK HERE http:\\/\\/rushleadgeneration.com to try out a Live Demo with Web Visitor now to see exactly how it works.\\r\\n\\r\\nIt could be a game-changer for your business \\u2013 and it gets even better\\u2026 once you\\u2019ve captured their phone number, with our new SMS Text With Lead feature, you can automatically start a text (SMS) conversation \\u2013 immediately (and there\\u2019s literally a 100X difference between contacting someone within 5 minutes versus 30 minutes.)\\r\\n\\r\\nPlus then, even if you don\\u2019t close a deal right away, you can connect later on with text messages for new offers, content links, even just follow up notes to build a relationship.\\r\\n\\r\\nEverything I\\u2019ve just described is simple, easy, and effective. \\r\\n\\r\\nCLICK HERE http:\\/\\/rushleadgeneration.com to discover what Web Visitor can do for your business.\\r\\n\\r\\nYou could be converting up to 100X more leads today!\\r\\n\\r\\nEric\\r\\nPS: Web Visitor offers a FREE 14 days trial \\u2013 and it even includes International Long Distance Calling. \\r\\nYou have customers waiting to talk with you right now\\u2026 don\\u2019t keep them waiting. \\r\\nCLICK HERE http:\\/\\/rushleadgeneration.com to try Web Visitor now.\\r\\n\\r\\nIf you\'d like to unsubscribe click here http:\\/\\/rushleadgeneration.com\\/unsubscribe.aspx?d=myatlantahomeinspector.com","id":3,"type":"textarea"}}', '', '2024-03-01 08:10:20', '2024-03-01 08:10:20', '191.96.252.244', 'Mozilla/5.0 (Windows NT 10.0; Win64; x64) AppleWebKit/537.36 (KHTML, like Gecko) Chrome/114.0.0.0 Safari/537.36 OPR/89.0.4447.51', ''),
 (6, 349, 0, 0, '', '', 0, 0, '{"2":{"name":"Name","value":"Eric Jones","id":2,"type":"name","first":"Eric","middle":"","last":"Jones"},"5":{"name":"Email","value":"ericjonesmyemail@gmail.com","id":5,"type":"email"},"6":{"name":"Phone","value":"555-555-1212","id":6,"type":"phone"},"3":{"name":"Message","value":"To the myatlantahomeinspector.com Administrator!\\r\\n\\r\\nCool website!\\r\\n\\r\\nMy name\\u2019s Eric, and I just found your site - myatlantahomeinspector.com - while surfing the net. You showed up at the top of the search results, so I checked you out. Looks like what you\\u2019re doing is pretty cool.\\r\\n \\r\\nBut if you don\\u2019t mind me asking \\u2013 after someone like me stumbles across myatlantahomeinspector.com, what usually happens?\\r\\n\\r\\nIs your site generating leads for your business? \\r\\n \\r\\nI\\u2019m guessing some, but I also bet you\\u2019d like more\\u2026 studies show that 7 out 10 who land on a site wind up leaving without a trace.\\r\\n\\r\\nNot good.\\r\\n\\r\\nHere\\u2019s a thought \\u2013 what if there was an easy way for every visitor to \\u201craise their hand\\u201d to get a phone call from you INSTANTLY\\u2026 the second they hit your site and said, call me now.\\r\\n\\r\\nYou can \\u2013\\r\\n  \\r\\nWeb Visitors Into Leads is a software widget that\\u2019s works on your site, ready to capture any visitor\\u2019s Name, Email address and Phone Number.  It lets you know IMMEDIATELY \\u2013 so that you can talk to that lead while they\\u2019re literally looking over your site.\\r\\n\\r\\nCLICK HERE https:\\/\\/rushleadgeneration.com to try out a Live Demo with Web Visitors Into Leads now to see exactly how it works.\\r\\n\\r\\nTime is money when it comes to connecting with leads \\u2013 the difference between contacting someone within 5 minutes versus 30 minutes later can be huge \\u2013 like 100 times better!\\r\\n\\r\\nThat\\u2019s why we built out our new SMS Text With Lead feature\\u2026 because once you\\u2019ve captured the visitor\\u2019s phone number, you can automatically start a text message (SMS) conversation.\\r\\n  \\r\\nThink about the possibilities \\u2013 even if you don\\u2019t close a deal then and there, you can follow up with text messages for new offers, content links, even just how you doing? notes to build a relationship.\\r\\n\\r\\nWouldn\\u2019t that be cool?\\r\\n\\r\\nCLICK HERE https:\\/\\/rushleadgeneration.com to discover what Web Visitors Into Leads can do for your business.\\r\\n\\r\\nYou could be converting up to 100X more leads today!\\r\\nEric\\r\\n\\r\\nPS: Web Visitors Into Leads offers a FREE 14 days trial \\u2013 and it even includes International Long Distance Calling. \\r\\nYou have customers waiting to talk with you right now\\u2026 don\\u2019t keep them waiting. \\r\\nCLICK HERE https:\\/\\/rushleadgeneration.com to try Web Visitors Into Leads now.\\r\\n\\r\\nIf you\'d like to unsubscribe click here https:\\/\\/rushleadgeneration.com\\/unsubscribe.aspx?d=myatlantahomeinspector.com","id":3,"type":"textarea"}}', '', '2024-03-05 10:34:49', '2024-03-05 10:34:49', '196.242.131.9', 'Mozilla/5.0 (Windows NT 10.0; Win64; x64; rv:114.0) Gecko/20100101 Firefox/114.0', ''),
 (7, 349, 0, 0, '', '', 0, 0, '{"2":{"name":"Name","value":"James Hall","id":2,"type":"name","first":"James","middle":"","last":"Hall"},"5":{"name":"Email","value":"jameshall@seniorcarefitness.com","id":5,"type":"email"},"6":{"name":"Phone","value":"(407) 457-9009","id":6,"type":"phone"},"3":{"name":"Message","value":"Hello,\\r\\n\\r\\nI am reaching out to inquire about the possibility of contributing a guest article to your website about purchasing a vacation home as a retirement plan. While many people dream of owning a vacation property for their retirement, it is important to take the necessary steps to ensure that this is a smart investment.\\r\\n\\r\\nMy article will provide insights on various factors to consider when purchasing a vacation home, such as maintenance responsibilities and insurance costs, to help readers make informed decisions.\\r\\n\\r\\nIf you are interested in reviewing and ultimately publishing my article, please let me know, and I will begin the writing process. Thank you for taking the time to review my proposal.\\r\\n\\r\\nBest regards,\\r\\nJames Hall of seniorcarefitness.com\\r\\n\\r\\n\\r\\nP.S. If you\\u2019re interested, but prefer a different topic, I\\u2019m very much open to that so just let me know. However, if you do not wish to receive any further emails, I understand. Kindly respond so I\\u2019ll know what you think.","id":3,"type":"textarea"}}', '', '2024-03-13 04:05:26', '2024-03-13 04:05:26', '49.145.178.162', 'Mozilla/5.0 (Windows NT 10.0; Win64; x64) AppleWebKit/537.36 (KHTML, like Gecko) Chrome/122.0.0.0 Safari/537.36', 'e89d3964-0364-4e68-8fa1-ef59af0f4ffb'),
 (8, 349, 0, 0, '', '', 0, 0, '{"2":{"name":"Name","value":"Richie Septimus","id":2,"type":"name","first":"Richie","middle":"","last":"Septimus"},"5":{"name":"Email","value":"richie.septimus@gmail.com","id":5,"type":"email"},"6":{"name":"Phone","value":"9122739085","id":6,"type":"phone"},"3":{"name":"Message","value":"Send cold emails, book meetings every day!\\r\\n\\r\\nSaleshandy helps you personalize, automate, and scale your cold email outreach with optimum deliverability to book more meetings and generate more leads.\\r\\n\\r\\nOne-stop solution for cold email lead generation\\r\\n\\r\\nhttps:\\/\\/www.saleshandy.com\\/?p=v3&via=d79a59","id":3,"type":"textarea"}}', '', '2024-03-19 13:42:00', '2024-03-19 13:42:00', '192.210.177.76', 'Mozilla/5.0 (Linux x86_64; rv:114.0) Gecko/20100101 Firefox/114.0', ''),
 (9, 349, 0, 0, '', '', 0, 0, '{"2":{"name":"Name","value":"Rick Johnson","id":2,"type":"name","first":"Rick","middle":"","last":"Johnson"},"5":{"name":"Email","value":"r.johnson@koretechx.org","id":5,"type":"email"},"6":{"name":"Phone","value":"(754) 255-6999","id":6,"type":"phone"},"3":{"name":"Message","value":"Hey there,\\r\\n\\r\\nOur company is excited to offer special deals on our services! We provide Social Media Management (SMM) for $199 per month, Search Engine Optimization (SEO) and Google My Business (GMB) services for $199 per month, and Website Designing for $299. If any of these services align with your needs and budget, please let me know, and we can schedule a call to discuss further details. \\r\\n\\r\\nShare your concerns. I\'d be happy to talk through it all to ensure you permanent success in your business. \\r\\nBest Regards, \\r\\nRick Johnson\\r\\nBusiness Development Manager\\r\\n754-255-6999\\r\\nr.johnson@koretechx.org\\r\\nkoretechx.com\\r\\n\\r\\nP.S. - Not interested? Reply with \'OPT OUT\' to unsubscribe.","id":3,"type":"textarea"}}', '', '2024-03-26 15:20:12', '2024-03-26 15:20:12', '119.73.97.171', 'Mozilla/5.0 (Windows NT 10.0; Win64; x64) AppleWebKit/537.36 (KHTML, like Gecko) Chrome/123.0.0.0 Safari/537.36', '01d36ee7-c8eb-47c6-8d35-3532fbcaa4cc'),
 (10, 349, 0, 0, '', '', 0, 0, '{"2":{"name":"Name","value":"Steve Martin","id":2,"type":"name","first":"Steve","middle":"","last":"Martin"},"5":{"name":"Email","value":"stevemartin@reedsmith.com","id":5,"type":"email"},"6":{"name":"Phone","value":"(917) 321-3199","id":6,"type":"phone"},"3":{"name":"Message","value":"You are infringing on a copyrighted images owned by our company (reedsmith Inc.).\\r\\n\\r\\nTake a look at this document with the URLs to our images you used at www.myatlantahomeinspector.com and our previous publication to get the evidence of our copyrights.\\r\\n\\r\\nDownload it and see for yourself:\\r\\n\\r\\nhttps:\\/\\/gejyg.org\\/w34168476e07421659m56169619i81\\/caseso37796148i5101\\/sue\\/shared\\/43261197795\\/data\\/document?h847870q56=5966839428&id=pt&dmc=www.myatlantahomeinspector.com&2158521q6&cmp=reedsmith&1211682k1\\r\\n\\r\\nI do think you have willfully infringed our rights under 17 U.S.C. Section 101 et seq. and could possibly be liable for statutory damage of up to $140,000 as set forth in Sec. 504 (c) (2) of the Digital millennium copyright act (\\u201dDMCA\\u201d) therein.\\r\\n\\r\\nThis message is official notice. I demand the removal of the infringing materials mentioned above. Take note as a service provider, the Dmca demands you to remove or\\/and deactivate access to the copyrighted content upon receipt of this particular notice. In case you do not stop the utilization of the above mentioned infringing content a lawsuit can be initiated against you.\\r\\n\\r\\nI do have a strong self-belief that use of the copyrighted materials mentioned above as presumably infringing is not authorized by the copyright proprietor, its agent, as well as legislation.\\r\\n\\r\\nI declare, under consequence of perjury, that the information in this notification is accurate and hereby affirm that I am permitted to act on behalf of the proprietor of an exclusive right that is presumably violated.\\r\\n\\r\\n\\r\\nBest regards,\\r\\nSteve Martin\\r\\nLegal Officer\\r\\nreedsmith, Inc.\\r\\n\\r\\nreedsmith.com\\r\\n\\r\\n\\r\\n03\\/26\\/2024","id":3,"type":"textarea"}}', '', '2024-03-26 18:11:23', '2024-03-26 18:11:23', '149.18.56.243', 'Mozilla/5.0 (Windows NT 5.1; rv:52.0) Gecko/20100101 Firefox/52.0', '0437fdf9-98ff-43b9-83e1-20c01e21ed69'),
 (11, 349, 0, 0, '', '', 0, 0, '{"2":{"name":"Name","value":"Kelvin Peralta","id":2,"type":"name","first":"Kelvin","middle":"","last":"Peralta"},"5":{"name":"Email","value":"kelvin@accfacilityservices.com","id":5,"type":"email"},"6":{"name":"Phone","value":"(770) 637-6179","id":6,"type":"phone"},"3":{"name":"Message","value":"Hi,\\r\\n\\r\\nDo your concrete floors have cracks, uneven surfaces, or other imperfections that impact functionality or the appearance of your business? \\r\\n\\r\\nIf so, I can come out and provide a complimentary proposal for you. When works best for you?\\r\\n\\r\\nWarm regards,\\r\\n\\r\\nKelvin Peralta\\r\\nCEO\\/President\\r\\nACC Facility Services\\r\\nkelvin@accfacilityservices.com\\r\\n\\r\\nRespond with stop to optout.","id":3,"type":"textarea"}}', '', '2024-03-26 22:31:04', '2024-03-26 22:31:04', '111.88.36.236', 'Mozilla/5.0 (Windows NT 10.0; Win64; x64) AppleWebKit/537.36 (KHTML, like Gecko) Chrome/123.0.0.0 Safari/537.36', 'a9aba45f-d4ea-4d39-b81f-e8fa59d71185'),
 (12, 349, 0, 0, '', '', 0, 0, '{"2":{"name":"Name","value":"Teddy Alcock","id":2,"type":"name","first":"Teddy","middle":"","last":"Alcock"},"5":{"name":"Email","value":"alcock.teddy56@msn.com","id":5,"type":"email"},"6":{"name":"Phone","value":"3403818865","id":6,"type":"phone"},"3":{"name":"Message","value":"Providing you the opportunity to invest in more than 100 assets for continuous income.\\r\\n\\r\\nExpertOption is the leader in online trading industry.\\r\\n\\r\\nWe are trusted by more than 70,000,000 clients.\\r\\n\\r\\nWe make trading available to everyone\\r\\n\\r\\nhttps:\\/\\/r.shortlify.com\\/?prefid=1011073001","id":3,"type":"textarea"}}', '', '2024-03-31 14:13:24', '2024-03-31 14:13:24', '160.20.11.28', 'Mozilla/5.0 (Windows NT 10.0; Win64; x64) AppleWebKit/537.36 (KHTML, like Gecko) Chrome/114.0.0.0 Safari/537.36 Vivaldi/5.3.2679.68', ''),
 (13, 349, 0, 0, '', '', 0, 0, '{"2":{"name":"Name","value":"Tyrell Tyrell","id":2,"type":"name","first":"Tyrell","middle":"","last":"Tyrell"},"5":{"name":"Email","value":"myatlantahomeinspector.com@gmail.com","id":5,"type":"email"},"6":{"name":"Phone","value":"3200716501","id":6,"type":"phone"},"3":{"name":"Message","value":"Hey \\r\\n\\r\\nI wanted to reach out and let you know about our new dog harness. It\'s really easy to put on and take off - in just 2 seconds - and it\'s personalized for each dog. \\r\\nPlus, we offer a lifetime warranty so you can be sure your pet is always safe and stylish.\\r\\n\\r\\nWe\'ve had a lot of success with it so far and I think your dog would love it. \\r\\n\\r\\nGet yours today with 50% OFF: https:\\/\\/caredogbest.com\\r\\n\\r\\nFREE Shipping - TODAY ONLY! \\r\\n\\r\\nThanks for your time, \\r\\n\\r\\nTyrell","id":3,"type":"textarea"}}', '', '2024-04-01 02:36:15', '2024-04-01 02:36:15', '156.146.54.102', 'Mozilla/5.0 (Windows NT 10.0; Win64; x64) AppleWebKit/537.36 (KHTML, like Gecko) Chrome/114.0.0.0 Safari/537.36 Vivaldi/5.3.2679.68', ''),
 (14, 349, 0, 0, '', '', 0, 0, '{"2":{"name":"Name","value":"Sheila White","id":2,"type":"name","first":"Sheila","middle":"","last":"White"},"5":{"name":"Email","value":"shestorm@icloud.com","id":5,"type":"email"},"6":{"name":"Phone","value":"(678) 704-3015","id":6,"type":"phone"},"3":{"name":"Message","value":"Hello, I need an Inspector asap for Gwinnett Housing Rehab program. Your name was on their list. Can you please let me know by Monday no later than Tuesday. Thanks","id":3,"type":"textarea"}}', '', '2024-04-13 21:21:50', '2024-04-13 21:21:50', '162.226.223.242', 'Mozilla/5.0 (iPhone; CPU iPhone OS 16_7_7 like Mac OS X) AppleWebKit/605.1.15 (KHTML, like Gecko) Version/16.6 Mobile/15E148 Safari/604.1', 'b037b7d6-7f73-412a-bbd3-444d51578cc7'),
 (15, 349, 0, 0, '', '', 0, 0, '{"2":{"name":"Name","value":"Mike Smith","id":2,"type":"name","first":"Mike","middle":"","last":"Smith"},"5":{"name":"Email","value":"mike@hoffandmazor.com","id":5,"type":"email"},"6":{"name":"Phone","value":"(814) 980-5065","id":6,"type":"phone"},"3":{"name":"Message","value":"Hi,\\r\\n\\r\\nHi, we are a software and applications development provider, based out of New York, NY with a global delivery model. We are best known for our work with web applications, mobile software, mobile apps, DevOps, cloud services, and Agile Development.\\r\\n\\r\\nWe have helped many companies with successful development projects. Whether you are a bootstrapped Start-Up, established nonprofit, successful mid-sized business or a Fortune 500 company, you can trust us for the successful execution of your development needs.\\r\\n\\r\\nWe can get your software development project to market faster, guaranteed. I would like to show you how. For your next project I\\u2019d like to offer you a Strategic Planning Session to determine the best way to approach development and meet requirements.\\r\\n\\r\\nMay I give you more information?\\r\\n\\r\\n\\r\\nMike Smith\\r\\nHoff & Mazor\\r\\nmike@hoffandmazor.com\\r\\n\\r\\nRespond with stop to optout.","id":3,"type":"textarea"}}', '', '2024-04-16 08:15:00', '2024-04-16 08:15:00', '115.42.66.197', 'Mozilla/5.0 (Windows NT 10.0; Win64; x64) AppleWebKit/537.36 (KHTML, like Gecko) Chrome/123.0.0.0 Safari/537.36', 'deeb281c-e5a8-4205-8947-0c64f01be0d2'),
 (16, 349, 0, 0, '', '', 0, 0, '{"2":{"name":"Name","value":"Simone Poindexter","id":2,"type":"name","first":"Simone","middle":"","last":"Poindexter"},"5":{"name":"Email","value":"simone_antoinette@yahoo.com","id":5,"type":"email"},"6":{"name":"Phone","value":"(404) 788-3027","id":6,"type":"phone"},"3":{"name":"Message","value":"Hi I am requesting a quote for a new construction townhome in Atlanta, Ga. The square footage is a little less than 2000sqft. Thank you for your time and I hope to hear from someone soon!","id":3,"type":"textarea"}}', '', '2024-04-22 04:56:31', '2024-04-22 04:56:31', '166.198.157.26', 'Mozilla/5.0 (iPhone; CPU iPhone OS 17_4_1 like Mac OS X) AppleWebKit/605.1.15 (KHTML, like Gecko) Version/17.4.1 Mobile/15E148 Safari/604.1', 'e291cfa3-369a-495a-9fd6-41d75bc43c91'),
 (17, 349, 0, 0, '', '', 0, 0, '{"2":{"name":"Name","value":"Jonah Easley","id":2,"type":"name","first":"Jonah","middle":"","last":"Easley"},"5":{"name":"Email","value":"jonah.easley@googlemail.com","id":5,"type":"email"},"6":{"name":"Phone","value":"3537780198","id":6,"type":"phone"},"3":{"name":"Message","value":"Create, manage, and grow your channel confidently with tools built for Creators like you.\\r\\n\\r\\nloved by over 10 million creators and brands\\r\\n\\r\\ndouble your brand growth with game changing AI\\r\\n\\r\\nthe features that supercharge your channel\\r\\n\\r\\nexplore more of TubeBuddy Enterprise\\r\\n\\r\\nhttps:\\/\\/www.tubebuddy.com\\/pricing?a=sidehustlehaven","id":3,"type":"textarea"}}', '', '2024-04-24 01:59:41', '2024-04-24 01:59:41', '23.81.227.158', 'Mozilla/5.0 (Macintosh; Intel Mac OS X 12_5) AppleWebKit/537.36 (KHTML, like Gecko) Chrome/114.0.0.0 YaBrowser/22.7.0 Yowser/2.5 Safari/537.36', ''),
 (18, 349, 0, 0, '', '', 0, 0, '{"2":{"name":"Name","value":"Meg Anderson","id":2,"type":"name","first":"Meg","middle":"","last":"Anderson"},"5":{"name":"Email","value":"meg@candlerre.com","id":5,"type":"email"},"6":{"name":"Phone","value":"(678) 491-6423","id":6,"type":"phone"},"3":{"name":"Message","value":"Good Morning,\\r\\nI have emailed, called, texted and still have nothing resolved.  Your company did an inspection for my client Alexandra Jones on 103 Courtyard Terrace.  15 minutes after I left the inspection, the listing agent called and texted that the homeowner came home to a dented dryer top.  He sent pictures over to me right away.  I know this dent is not showing up on the inspection report, but I can\'t imagine that the homeowner came home and dented the dryer. If someone could please contact me 678-491-6423, or the listing agent, Bob Clarkson, 404-901-1670.","id":3,"type":"textarea"}}', '', '2024-04-25 13:56:02', '2024-04-25 13:56:02', '96.32.192.236', 'Mozilla/5.0 (Windows NT 10.0; Win64; x64) AppleWebKit/537.36 (KHTML, like Gecko) Chrome/123.0.0.0 Safari/537.36', '05d9bf0c-ccf7-4d54-88b3-f03674c905c0'),
 (19, 349, 0, 0, '', '', 0, 0, '{"2":{"name":"Name","value":"Rosario Gacayan","id":2,"type":"name","first":"Rosario","middle":"","last":"Gacayan"},"5":{"name":"Email","value":"rosario@usecleaninggo.com","id":5,"type":"email"},"6":{"name":"Phone","value":"(678) 568-7787","id":6,"type":"phone"},"3":{"name":"Message","value":"Hi,\\r\\n\\r\\nWe are local and available to provide a no-obligation quote for your recurring cleaning needs. May I give you more information?\\r\\n\\r\\nOur booking app allows for service scheduling, invoice management, and communication with your cleaning crew, all in one simple platform. \\r\\n\\r\\nWould you be interested in a cleaning quote and a more simple line of communication?\\r\\n\\r\\nI appreciate your time,\\r\\n\\r\\nRosario Gacayan\\r\\nBusiness Development Representative\\r\\nClean Go Atlanta\\r\\nrosario@usecleaninggo.com\\r\\n\\r\\n\\u201cAbsolutely thrilled with this company\'s professionalism and quality. Setting up appointments on their online platform was a breeze. The workers were very respectful of our extra covid restrictions and always wore a mask! Would definitely recommend them to anyone in a similar situation!\\u201d \\u20135 Star Google Review\\r\\n\\r\\nRespond with stop to optout.","id":3,"type":"textarea"}}', '', '2024-04-28 13:55:28', '2024-04-28 13:55:28', '111.88.43.57', 'Mozilla/5.0 (Windows NT 10.0; Win64; x64) AppleWebKit/537.36 (KHTML, like Gecko) Chrome/124.0.0.0 Safari/537.36', '26f1cefc-57ba-4012-8d0b-f9ca2d3ff84b'),
 (20, 349, 0, 0, '', '', 0, 0, '{"2":{"name":"Name","value":"Dipesh Shah","id":2,"type":"name","first":"Dipesh","middle":"","last":"Shah"},"5":{"name":"Email","value":"ddshah@gmail.com","id":5,"type":"email"},"6":{"name":"Phone","value":"(770) 605-6852","id":6,"type":"phone"},"3":{"name":"Message","value":"HI - I am interested in a home inspection in the home we live now. Home is 35+ years old  and we likely will sell in the next 3-5 years. Therefore, we want to know how the house is holding up and where we should focus renovations ahead of when it may be sold. Looking for a quote for the home at:\\r\\n\\r\\n1767 Kanawha Trail; Stone Mountain, GA\\r\\n\\r\\nSpecifically, I\'d like to know how roof inspections are done (i.e. walking the roof, drone, etc)?\\r\\n\\r\\nThanks.\\r\\n\\r\\nDipesh","id":3,"type":"textarea"}}', '', '2024-05-10 00:01:23', '2024-05-10 00:01:23', '73.237.56.191', 'Mozilla/5.0 (Macintosh; Intel Mac OS X 10_15_7) AppleWebKit/537.36 (KHTML, like Gecko) Chrome/124.0.0.0 Safari/537.36', 'ae1f2b78-78d7-4ba4-96a6-eb0005a4a8ee'),
 (21, 349, 0, 0, '', '', 0, 0, '{"2":{"name":"Name","value":"Aleida Schiffman","id":2,"type":"name","first":"Aleida","middle":"","last":"Schiffman"},"5":{"name":"Email","value":"schiffman.aleida@gmail.com","id":5,"type":"email"},"6":{"name":"Phone","value":"9897437832","id":6,"type":"phone"},"3":{"name":"Message","value":"Learn How House Cleaning Business That Makes Over $2000 Every Week!\\r\\n\\r\\nThis Business Is For Anyone Who Wants To Make More Money &\\r\\nTake Charge Of Their Future\\r\\n\\r\\nCheck The Link Below\\r\\n\\r\\nhttps:\\/\\/profitfromhousecleaning.com\\/","id":3,"type":"textarea"}}', '', '2024-05-11 07:45:47', '2024-05-11 07:45:47', '156.239.50.34', 'Mozilla/5.0 (X11; Linux x86_64) AppleWebKit/537.36 (KHTML, like Gecko) Chrome/114.0.0.0 Safari/537.36', ''),
 (22, 349, 0, 0, '', '', 0, 0, '{"2":{"name":"Name","value":"Diego Barrera","id":2,"type":"name","first":"Diego","middle":"","last":"Barrera"},"5":{"name":"Email","value":"diego@wikivalidates.com","id":5,"type":"email"},"6":{"name":"Phone","value":"(814) 980-5065","id":6,"type":"phone"},"3":{"name":"Message","value":"Wikipedia is considered to be the World\\u2019s most significant tool for reference material. The Wiki links show up on the 1st page of Google 97% of the time. With a Page on one of the most revered reference tools, you are sure to get yourself or your business noticed. So if you\'re thinking of getting a Wikipedia Page created, it\'s the best time of the year.\\r\\n\\r\\nIf you are interested in getting more information just respond back to this email.\\r\\n\\r\\nThanks,\\r\\n\\r\\nDiego Barrera\\r\\nWiki Validate\\r\\ndiego@wikivalidates.com\\r\\n\\r\\nRespond with stop to optout.","id":3,"type":"textarea"}}', '', '2024-05-28 13:28:08', '2024-05-28 13:28:08', '182.190.214.39', 'Mozilla/5.0 (Windows NT 10.0; Win64; x64) AppleWebKit/537.36 (KHTML, like Gecko) Chrome/124.0.0.0 Safari/537.36', 'e20322df-6ea4-4d5c-a2ce-777064a4c965'),
 (23, 349, 0, 0, '', '', 0, 0, '{"2":{"name":"Name","value":"Catherine Phillips","id":2,"type":"name","first":"Catherine","middle":"","last":"Phillips"},"5":{"name":"Email","value":"catherine@commercialcleanatl.com","id":5,"type":"email"},"6":{"name":"Phone","value":"(470) 518-4801","id":6,"type":"phone"},"3":{"name":"Message","value":"Let\\u2019s work together and figure out the most appropriate solutions for your office cleaning challenges, and make it a slam dunk. As a token of our appreciation, we are giving out complimentary cleaning estimates. May I provide you with a new, custom professional cleaning quote?\\r\\n\\r\\nThank you for your time,\\r\\n\\r\\nCatherine Phillips\\r\\nDirector\\r\\nCommercial Cleanrs Atl\\r\\ncatherine@commercialcleanatl.com\\r\\n\\r\\nRespond with stop to optout.","id":3,"type":"textarea"}}', '', '2024-06-14 14:29:29', '2024-06-14 14:29:29', '110.38.253.128', 'Mozilla/5.0 (Windows NT 10.0; Win64; x64) AppleWebKit/537.36 (KHTML, like Gecko) Chrome/125.0.0.0 Safari/537.36', 'd958ad72-a2c6-41ef-900f-2f3b627928ce'),
 (24, 349, 0, 0, '', '', 0, 0, '{"2":{"name":"Name","value":"Jeff Smith","id":2,"type":"name","first":"Jeff","middle":"","last":"Smith"},"5":{"name":"Email","value":"jeffseocarner@gmail.com","id":5,"type":"email"},"6":{"name":"Phone","value":"(235) 689-5054","id":6,"type":"phone"},"3":{"name":"Message","value":"Re: SEO Report\\r\\n\\r\\nHello\\r\\n\\r\\nI was checking your website and see you have a good design and it looks great, but it\'s not ranking on Google and other major search engines.\\r\\n\\r\\nWith your permission: I would like to send you a SEO report with prices showing you a few things to greatly improve these search results for you. These things are not difficult, and my report will be very specific. It will show you exactly what needs to be done to move you up in the rankings dramatically.\\r\\n\\r\\nKindly let me know if you would be interested so we can email you more details or schedule a call.\\r\\n\\r\\nThank you\\r\\nJeff Smith","id":3,"type":"textarea"}}', '', '2024-06-15 10:07:28', '2024-06-15 10:07:28', '182.69.183.93', 'Mozilla/5.0 (Windows NT 10.0; Win64; x64) AppleWebKit/537.36 (KHTML, like Gecko) Chrome/109.0.0.0 Safari/537.36', 'f7ba3e5d-231f-4912-aa62-c12fb135daaf'),
 (25, 349, 0, 0, '', '', 0, 0, '{"2":{"name":"Name","value":"Milford Fifield","id":2,"type":"name","first":"Milford","middle":"","last":"Fifield"},"5":{"name":"Email","value":"milford.fifield@yahoo.com","id":5,"type":"email"},"6":{"name":"Phone","value":"8014786286","id":6,"type":"phone"},"3":{"name":"Message","value":"Unlimited FREE Buyer Traffic On Autopilot\\r\\n\\r\\nFully-automated software for SET & FORGET traffic 24\\/7\\r\\n\\r\\nUltra-fast SAME DAY results\\r\\n\\r\\nClick on link ---->  https:\\/\\/trafficformysite.com\\/","id":3,"type":"textarea"}}', '', '2024-06-21 03:26:23', '2024-06-21 03:26:23', '68.194.213.245', 'Mozilla/5.0 (Macintosh; Intel Mac OS X 12_5) AppleWebKit/537.36 (KHTML, like Gecko) Chrome/114.0.0.0 YaBrowser/22.7.0 Yowser/2.5 Safari/537.36', ''),
 (26, 349, 0, 0, '', '', 0, 0, '{"2":{"name":"Name","value":"Kevin Balor","id":2,"type":"name","first":"Kevin","middle":"","last":"Balor"},"5":{"name":"Email","value":"kevin@wikiexpertinc.com","id":5,"type":"email"},"6":{"name":"Phone","value":"(814) 980-5065","id":6,"type":"phone"},"3":{"name":"Message","value":"Wikipedia is considered to be the World\\u2019s most significant tool for reference material. The Wiki links show up on the 1st page of Google 97% of the time. With a Page on one of the most revered reference tools, you are sure to get yourself or your business noticed. So if you\'re thinking of getting a Wikipedia Page created, it\'s the best time of the year.\\r\\n\\r\\nIf you are interested in getting more information just respond back to this email.\\r\\n\\r\\nThanks,\\r\\n\\r\\nKevin Balor\\r\\nWiki Experts Inc\\r\\nkevin@wikiexpertinc.com\\r\\n\\r\\nRespond with stop to optout.","id":3,"type":"textarea"}}', '', '2024-06-21 21:24:27', '2024-06-21 21:24:27', '110.38.253.184', 'Mozilla/5.0 (Windows NT 10.0; Win64; x64) AppleWebKit/537.36 (KHTML, like Gecko) Chrome/126.0.0.0 Safari/537.36', 'bb4551cb-ec45-47e4-8aa7-5b0ad6b30da1'),
 (27, 349, 0, 0, '', '', 0, 0, '{"2":{"name":"Name","value":"Zach Sullivan","id":2,"type":"name","first":"Zach","middle":"","last":"Sullivan"},"5":{"name":"Email","value":"zach@framexlabinc.com","id":5,"type":"email"},"6":{"name":"Phone","value":"(814) 980-5065","id":6,"type":"phone"},"3":{"name":"Message","value":"Ready to elevate your business with a custom mobile app? At Frame X Lab, we specialize in crafting innovative and user-centric apps designed specifically to meet your unique needs.\\r\\n\\r\\nWhy choose us? Here\\u2019s what sets us apart:\\r\\n\\r\\nTailored Solutions: We create apps that fit your business perfectly.\\r\\nIntuitive Design: User-friendly interfaces that your customers will love.\\r\\nOn-Time Delivery: We stick to deadlines so you can hit your goals.\\r\\nContinuous Support: We\\u2019re here for you even after your app launches.\\r\\nSeize the chance to outshine your competitors and engage your audience like never before. Reach out today for a personalized consultation!\\r\\n\\r\\nIf you are interested in getting more information just respond back to this email.\\r\\n\\r\\nBest regards,\\r\\n\\r\\nZach Sullivan\\r\\nFrame X Lab\\r\\nzach@framexlabinc.com\\r\\n\\r\\nRespond with stop to optout.","id":3,"type":"textarea"}}', '', '2024-08-10 18:34:36', '2024-08-10 18:34:36', '110.38.253.28', 'Mozilla/5.0 (Windows NT 10.0; Win64; x64) AppleWebKit/537.36 (KHTML, like Gecko) Chrome/127.0.0.0 Safari/537.36', 'c2ed92b6-a859-4bff-8b20-f499605dba22'),
 (28, 349, 0, 0, '', '', 0, 0, '{"2":{"name":"Name","value":"Ron Lanham","id":2,"type":"name","first":"Ron","middle":"","last":"Lanham"},"5":{"name":"Email","value":"rclanham@bellsouth.net","id":5,"type":"email"},"6":{"name":"Phone","value":"(678) 697-2650","id":6,"type":"phone"},"3":{"name":"Message","value":"Moving into Cresswind at Twin Lakes in Hoschton around mid-to late October 2024 so just trying to get a quote on final walk inspection. Just looking for a price range if possible right now.","id":3,"type":"textarea"}}', '', '2024-08-21 16:45:13', '2024-08-21 16:45:13', '73.137.116.223', 'Mozilla/5.0 (Windows NT 10.0; Win64; x64) AppleWebKit/537.36 (KHTML, like Gecko) Chrome/128.0.0.0 Safari/537.36 Edg/128.0.0.0', '7c927a92-8d94-457e-bab5-af0a7983fa55'),
 (29, 349, 0, 0, '', '', 0, 0, '{"2":{"name":"Name","value":"Lisa Brown","id":2,"type":"name","first":"Lisa","middle":"","last":"Brown"},"5":{"name":"Email","value":"lisabrown.2483@gmail.com","id":5,"type":"email"},"6":{"name":"Phone","value":"(571) 200-7758","id":6,"type":"phone"},"3":{"name":"Message","value":"Hi,\\r\\n\\r\\nWe have a team of 55+ highly qualified professionals certified in SEO and ISO standards, providing a wide range of SEO services to generate higher visitor traffic and top-page rankings for your website. Our SEO professionals ensure that your website gets higher rankings on Google. We offer SEO (with plan & activity) Services at much lower Cost. \\r\\n\\r\\nI\'d gladly send you our Package, Activity per Month, and Video Testimonials for reference.\\r\\n\\r\\nRegards,\\r\\nLisa","id":3,"type":"textarea"}}', '', '2024-08-23 10:27:17', '2024-08-23 10:27:17', '146.196.33.242', 'Mozilla/5.0 (Windows NT 10.0; Win64; x64) AppleWebKit/537.36 (KHTML, like Gecko) Chrome/128.0.0.0 Safari/537.36', 'a040366a-c9b3-426c-9c95-b3c27ab745e3'),
 (30, 349, 0, 0, '', '', 0, 0, '{"2":{"name":"Name","value":"Jennifer Allen","id":2,"type":"name","first":"Jennifer","middle":"","last":"Allen"},"5":{"name":"Email","value":"jenniferallen.digitalmarketing@gmail.com","id":5,"type":"email"},"6":{"name":"Phone","value":"(571) 200-7758","id":6,"type":"phone"},"3":{"name":"Message","value":"Hi,\\r\\n\\r\\nWe have a team of 55+ highly qualified professionals certified in SEO and ISO standards, providing a wide range of SEO services to generate higher visitor traffic and top-page rankings for your website. Our SEO professionals ensure that your website gets higher rankings on Google. We offer SEO (with plan & activity) Services at much lower Cost. \\r\\n\\r\\nI\'d gladly send you our Package, Activity per Month, and Video Testimonials for reference.\\r\\n\\r\\nRegards,\\r\\nJennifer","id":3,"type":"textarea"}}', '', '2024-09-09 10:28:36', '2024-09-09 10:28:36', '146.196.33.171', 'Mozilla/5.0 (Windows NT 10.0; Win64; x64) AppleWebKit/537.36 (KHTML, like Gecko) Chrome/128.0.0.0 Safari/537.36', '974a82d9-6fcd-4d45-96f9-60daffa83f10'),
 (31, 349, 0, 0, '', '', 0, 0, '{"2":{"name":"Name","value":"Qpfaj cmrz Denise","id":2,"type":"name","first":"Qpfaj cmrz","middle":"","last":"Denise"},"5":{"name":"Email","value":"sarah@businesscoachvas.com","id":5,"type":"email"},"6":{"name":"Phone","value":"(303) 502-1331","id":6,"type":"phone"},"3":{"name":"Message","value":"Hello there,\\r\\n\\r\\nI saw your website and I wanted to reach out because I think I can be of great assistance.\\r\\nI  provide Virtual Assistants to Business Owners. We help aid with their tedious day-to-day tasks like; prospecting, administrative tasks, cold calling, database management, social media branding, content writing, and accounting work.\\r\\n\\r\\nAre you currently looking for any help?","id":3,"type":"textarea"}}', '', '2024-09-13 02:09:31', '2024-09-13 02:09:31', '200.10.35.178', 'Mozilla/5.0 (Macintosh; Intel Mac OS X 12_5) AppleWebKit/537.36 (KHTML, like Gecko) Chrome/114.0.0.0 Safari/537.36 Edg/114.0.1264.71', ''),
 (32, 349, 0, 0, '', '', 0, 0, '{"2":{"name":"Name","value":"Ektaa Patel","id":2,"type":"name","first":"Ektaa","middle":"","last":"Patel"},"5":{"name":"Email","value":"ehpatel20@gmail.com","id":5,"type":"email"},"6":{"name":"Phone","value":"(704) 280-5807","id":6,"type":"phone"},"3":{"name":"Message","value":"Hello, \\r\\n\\r\\nI am inquiring about a quote for a home inspection in Smyrna, GA 30126. The home is an 1,800 sq. ft. new build townhome.\\r\\n\\r\\n\\r\\nThank you in advance,\\r\\n\\r\\nEktaa","id":3,"type":"textarea"}}', '', '2024-09-16 18:19:02', '2024-09-16 18:19:02', '73.237.130.212', 'Mozilla/5.0 (Macintosh; Intel Mac OS X 10_15_7) AppleWebKit/605.1.15 (KHTML, like Gecko) Version/17.6 Safari/605.1.15', '8f568d69-6435-4631-8c16-ce992b61ef1c'),
 (33, 349, 0, 0, '', '', 0, 0, '{"2":{"name":"Name","value":"Daniel Higgins","id":2,"type":"name","first":"Daniel","middle":"","last":"Higgins"},"5":{"name":"Email","value":"dshiggins40@me.com","id":5,"type":"email"},"6":{"name":"Phone","value":"(678) 794-6262","id":6,"type":"phone"},"3":{"name":"Message","value":"I just passed the National Exam for Home Inspection, was wondering if your company is in the market for a new inspector? I have been a Realtor for 10 years and looking to make a change. Let me know, Thanks","id":3,"type":"textarea"}}', '', '2024-09-25 17:56:19', '2024-09-25 17:56:19', '99.37.23.193', 'Mozilla/5.0 (Windows NT 10.0; Win64; x64) AppleWebKit/537.36 (KHTML, like Gecko) Chrome/128.0.0.0 Safari/537.36', '49ba0557-520f-48ef-8f44-87ff609ad743'),
 (34, 349, 0, 0, '', '', 0, 0, '{"2":{"name":"Name","value":"Kathilynn Kathilynn","id":2,"type":"name","first":"Kathilynn","middle":"","last":"Kathilynn"},"5":{"name":"Email","value":"kathihenson@yahoo.com","id":5,"type":"email"},"6":{"name":"Phone","value":"(986) 521-1455","id":6,"type":"phone"},"3":{"name":"Message","value":"I\'m encountering an error message.","id":3,"type":"textarea"}}', '', '2024-09-27 06:19:13', '2024-09-27 06:19:13', '98.62.166.113', 'Mozilla/5.0 (Linux; Android 13; P663LN) AppleWebKit/537.36 (KHTML, like Gecko) Chrome/118.0.0.0 Mobile Safari/537.36', '1553bf72-b695-49db-9dde-fd55bf5167dd'),
 (35, 349, 0, 0, '', '', 0, 0, '{"2":{"name":"Name","value":"Heghine Seraydaryan","id":2,"type":"name","first":"Heghine","middle":"","last":"Seraydaryan"},"5":{"name":"Email","value":"heghin@gmail.com","id":5,"type":"email"},"6":{"name":"Phone","value":"(323) 706-5715","id":6,"type":"phone"},"3":{"name":"Message","value":"htr sjrs","id":3,"type":"textarea"}}', '', '2024-09-29 08:56:06', '2024-09-29 08:56:06', '76.17.127.23', 'Mozilla/5.0 (Linux; Android 13; SM-G986U1 Build/TP1A.220624.014; wv) AppleWebKit/537.36 (KHTML, like Gecko) Version/4.0 Chrome/128.0.6613.127 Mobile Safari/537.36', '97eea9ca-35d3-40d2-8f7e-cb406861d112'),
 (36, 349, 0, 0, '', '', 0, 0, '{"2":{"name":"Name","value":"Diana Torres","id":2,"type":"name","first":"Diana","middle":"","last":"Torres"},"5":{"name":"Email","value":"diat02@gmail.com","id":5,"type":"email"},"6":{"name":"Phone","value":"(954) 501-8593","id":6,"type":"phone"},"3":{"name":"Message","value":"Hi\\r\\nI\'d like to request a quote for a home inspection on a new construction property. \\r\\nThanks","id":3,"type":"textarea"}}', '', '2024-09-30 12:51:10', '2024-09-30 12:51:10', '166.198.157.32', 'Mozilla/5.0 (Linux; Android 10; K) AppleWebKit/537.36 (KHTML, like Gecko) Chrome/126.0.0.0 Mobile Safari/537.36', 'b1dcadb5-9cb4-4d45-be54-ad9557450242'),
 (37, 349, 0, 0, '', '', 0, 0, '{"2":{"name":"Name","value":"ossai valentine","id":2,"type":"name","first":"ossai","middle":"","last":"valentine"},"5":{"name":"Email","value":"voossai@gmail.com","id":5,"type":"email"},"6":{"name":"Phone","value":"(505) 652-8912","id":6,"type":"phone"},"3":{"name":"Message","value":"I hope to receive the email in a timely manner and communicate in a timely manner.","id":3,"type":"textarea"}}', '', '2024-10-03 11:18:42', '2024-10-03 11:18:42', '68.84.239.6', 'Mozilla/5.0 (Linux; Android 10; K) AppleWebKit/537.36 (KHTML, like Gecko) Chrome/128.0.0.0 Mobile Safari/537.36', '08d9fc49-bbe1-4c83-aab8-9b6ae9224d68'),
 (38, 349, 0, 0, '', '', 0, 0, '{"2":{"name":"Name","value":"Ron Lanham","id":2,"type":"name","first":"Ron","middle":"","last":"Lanham"},"5":{"name":"Email","value":"rclanham@bellsouth.net","id":5,"type":"email"},"6":{"name":"Phone","value":"(678) 697-2650","id":6,"type":"phone"},"3":{"name":"Message","value":"My name is Ron Lanham and I received a quote of $425 back on 8\\/21\\/24 and I was referred by Mark Hill at the Allstate office of The Scheiderich Agency. I wanted to move forward on our new home inspection at 274 Pecks Ct located in Cresswind at Twin Lakes in Hoschton, GA and wanted to see if we can schedule this and if the $425 is still good or if I can take advantage of the $35 off General inspection if I schedule today.","id":3,"type":"textarea"}}', '', '2024-10-03 14:39:12', '2024-10-03 14:39:12', '73.137.116.223', 'Mozilla/5.0 (Windows NT 10.0; Win64; x64) AppleWebKit/537.36 (KHTML, like Gecko) Chrome/130.0.0.0 Safari/537.36 Edg/130.0.0.0', '7c927a92-8d94-457e-bab5-af0a7983fa55'),
 (39, 349, 0, 0, '', '', 0, 0, '{"2":{"name":"Name","value":"Samson Agholor","id":2,"type":"name","first":"Samson","middle":"","last":"Agholor"},"5":{"name":"Email","value":"sagholor8@gmail.com","id":5,"type":"email"},"6":{"name":"Phone","value":"(773) 592-0504","id":6,"type":"phone"},"3":{"name":"Message","value":"sdf sd","id":3,"type":"textarea"}}', '', '2024-10-04 10:02:54', '2024-10-04 10:02:54', '99.14.24.201', 'Mozilla/5.0 (Linux; Android 11; Infinix X689F Build/RP1A.200720.011; wv) AppleWebKit/537.36 (KHTML, like Gecko) Version/4.0 Chrome/129.0.6668.70 Mobile Safari/537.36', '68ff61f2-d491-4198-96d8-d497b5f9c175'),
 (40, 349, 0, 0, '', '', 0, 0, '{"2":{"name":"Name","value":"Devon Boger","id":2,"type":"name","first":"Devon","middle":"","last":"Boger"},"5":{"name":"Email","value":"devon_boger@yahoo.com","id":5,"type":"email"},"6":{"name":"Phone","value":"(704) 780-6514","id":6,"type":"phone"},"3":{"name":"Message","value":"please contact me as soon as possible","id":3,"type":"textarea"}}', '', '2024-10-12 11:36:30', '2024-10-12 11:36:30', '174.163.21.30', 'Mozilla/5.0 (Linux; Android 10; RMX1801) AppleWebKit/537.36 (KHTML, like Gecko) Chrome/129.0.6668.71 Mobile Safari/537.36', 'f2d18999-02ac-4107-bf3a-59e82f886a90'),
 (41, 349, 0, 0, '', '', 0, 0, '{"2":{"name":"Name","value":"Regine Sebestian","id":2,"type":"name","first":"Regine","middle":"","last":"Sebestian"},"5":{"name":"Email","value":"regine@vas4hire.com","id":5,"type":"email"},"6":{"name":"Phone","value":"(216) 859-6131","id":6,"type":"phone"},"3":{"name":"Message","value":"Hi there,\\r\\n\\r\\nI saw your website and I wanted to reach out because I think I can be of great assistance.\\r\\n\\r\\nWe provide expert Virtual Assistants to help with a variety of tasks, including admin work, prospecting, cold calling, social media management, content creation, bookkeeping, appointment setting, and customer support. Let us handle the details so you can focus on growth.\\r\\n\\r\\nInterested in learning more?","id":3,"type":"textarea"}}', '', '2024-10-18 05:17:00', '2024-10-18 05:17:00', '103.53.52.143', 'Mozilla/5.0 (Windows NT 10.0; Win64; x64) AppleWebKit/537.36 (KHTML, like Gecko) Chrome/109.0.0.0 Safari/537.36', 'a72d3f17-1595-42dc-bea3-a00b925052da'),
 (42, 349, 0, 0, '', '', 0, 0, '{"2":{"name":"Name","value":"Andrea Montier","id":2,"type":"name","first":"Andrea","middle":"","last":"Montier"},"5":{"name":"Email","value":"leggintraniyah40790@gmail.com","id":5,"type":"email"},"6":{"name":"Phone","value":"(510) 828-0016","id":6,"type":"phone"},"3":{"name":"Message","value":"contact","id":3,"type":"textarea"}}', '', '2024-10-18 07:42:56', '2024-10-18 07:42:56', '23.120.101.118', 'Mozilla/5.0 (Linux; Android 11; SM-A8050 Build/RP1A.200720.012; wv) AppleWebKit/537.36 (KHTML, like Gecko) Version/4.0 Chrome/124.0.0.0 Mobile Safari/537.36', 'ffb2a76d-ef2a-4746-8ad1-f5a5d45992d4'),
 (43, 349, 0, 0, '', '', 0, 0, '{"2":{"name":"Name","value":"Arshad Khwaja","id":2,"type":"name","first":"Arshad","middle":"","last":"Khwaja"},"5":{"name":"Email","value":"arshad@fortabytecybersolution.com","id":5,"type":"email"},"6":{"name":"Phone","value":"(814) 980-5065","id":6,"type":"phone"},"3":{"name":"Message","value":"Hi,\\r\\n\\r\\nUnlock new possibilities for your business with our comprehensive Technology Services. Whether you need enhanced IT support, secure data management, or advanced engineering solutions, our team is here to streamline and support your business every step of the way.\\r\\n\\r\\nOur Services Include:\\r\\n\\r\\nIT Support: Minimize downtime and maximize productivity with round-the-clock support.\\r\\nData Interoperability: Enable seamless data exchange and connectivity across systems.\\r\\nTraining: Equip your team with the skills they need to stay ahead in a digital-first world.\\r\\nEngineering: From system architecture to implementation, we bring innovation to life.\\r\\nMaintenance: Ensure continuous performance with regular, proactive system maintenance.\\r\\nCloud Services: Scalable, secure, and efficient cloud solutions tailored to your business needs.\\r\\nCybersecurity: Safeguard your data with cutting-edge cybersecurity practices.\\r\\nWhy Choose Us?\\r\\n\\r\\nOur team of experts combines deep industry knowledge with innovative technology to deliver results that drive business growth. We don\\u2019t just provide services; we partner with you to meet your business goals effectively and efficiently.\\r\\n\\r\\nIf you are interested in getting more information just respond back to this email.\\r\\n\\r\\nThanks,\\r\\n\\r\\nArshad Khwaja\\r\\nFortabyte Cyber Solutions\\r\\narshad@fortabytecybersolution.com\\r\\n\\r\\nRespond with stop to optout.","id":3,"type":"textarea"}}', '', '2024-11-08 06:35:11', '2024-11-08 06:35:11', '111.88.36.57', 'Mozilla/5.0 (Windows NT 10.0; Win64; x64) AppleWebKit/537.36 (KHTML, like Gecko) Chrome/130.0.0.0 Safari/537.36', 'e910f8ea-ab3c-44e8-8014-1574297f0f63'),
 (44, 349, 0, 0, '', '', 0, 0, '{"2":{"name":"Name","value":"Joseph O\\u2019Hayon","id":2,"type":"name","first":"Joseph","middle":"","last":"O\\u2019Hayon"},"5":{"name":"Email","value":"info@franchisecreatorexpansion.com","id":5,"type":"email"},"6":{"name":"Phone","value":"(754) 306-4609","id":6,"type":"phone"},"3":{"name":"Message","value":"Hello.\\r\\nI\'m Joseph O\\u2019Hayon, Senior Executive Consultant with Franchise Creator.\\r\\nHave you ever considered expanding your business through franchising?\\r\\nOur proven all-in-one solution has helped close to 800 businesses like yours achieve remarkable growth. Let\'s explore how we can transform your brand into a successful franchise in just 15-30 minutes.\\r\\nSchedule your call here:\\r\\nhttps:\\/\\/calendly.com\\/fc-franchise-development\\/cf-franchise-development\\r\\n\\r\\n\\r\\nBest Regards,\\r\\nJoseph O\\u2019Hayon\\r\\n754-306-4609\\r\\ninfo@franchisecreatorexpansion.com","id":3,"type":"textarea"}}', '', '2024-11-28 10:09:59', '2024-11-28 10:09:59', '116.96.44.138', 'Mozilla/5.0 (Windows NT 10.0; Win64; x64) AppleWebKit/537.36 (KHTML, like Gecko) Chrome/130.0.0.0 Safari/537.36', '603725d8-1e85-419b-8d13-d9d3d7a9b5c8'),
 (45, 349, 0, 0, '', '', 0, 0, '{"2":{"name":"Name","value":"Greer Kensington","id":2,"type":"name","first":"Greer","middle":"","last":"Kensington"},"5":{"name":"Email","value":"greer@ultimatevaassist.com","id":5,"type":"email"},"6":{"name":"Phone","value":"(213) 866-9729","id":6,"type":"phone"},"3":{"name":"Message","value":"Hello, I\'m reaching out to offer professional virtual assistant services. Our team specializes in prospecting, cold calling, web design, social media, calendar & brand management, scheduling, customer service, SEO, content creation & bookkeeping. Let\'s discuss how we can support your business needs.","id":3,"type":"textarea"}}', '', '2024-12-05 15:45:55', '2024-12-05 15:45:55', '119.111.245.127', 'Mozilla/5.0 (Windows NT 10.0; Win64; x64) AppleWebKit/537.36 (KHTML, like Gecko) Chrome/131.0.0.0 Safari/537.36', 'ab4fff29-b5df-4c5a-8a34-debe8cdeb893'),
 (46, 349, 0, 0, '', '', 0, 0, '{"2":{"name":"Name","value":"Nasir Bahadur","id":2,"type":"name","first":"Nasir","middle":"","last":"Bahadur"},"5":{"name":"Email","value":"nasir@mustaxess.com","id":5,"type":"email"},"6":{"name":"Phone","value":"(814) 980-5065","id":6,"type":"phone"},"3":{"name":"Message","value":"Your company caught my eye yesterday and I wanted to ask you a few quick questions about your company. I partner with companies like yours to build a funding strategy that meets both short and long term goals. My company can help you get financing in no time where you can get funds up to 500k in less than a week, and we provide multiple offers so you can pick the options that work for you.\\r\\n\\r\\nWould you be interested in some information about our funding programs?\\r\\n\\r\\nThank you,\\r\\n\\r\\nNasir Bahadur\\r\\nDirector of Sales\\r\\nMUS Tax Resolution\\r\\nnasir@mustaxess.com\\r\\n\\r\\nRespond with stop to optout.","id":3,"type":"textarea"}}', '', '2024-12-06 20:39:03', '2024-12-06 20:39:03', '182.190.213.248', 'Mozilla/5.0 (Windows NT 10.0; Win64; x64) AppleWebKit/537.36 (KHTML, like Gecko) Chrome/131.0.0.0 Safari/537.36', '566dc7e7-443b-468f-a540-cb14ff12c6eb'),
 (47, 349, 0, 0, '', '', 0, 0, '{"2":{"name":"Name","value":"Sneha Naik","id":2,"type":"name","first":"Sneha","middle":"","last":"Naik"},"5":{"name":"Email","value":"sneha@syndell.solutions","id":5,"type":"email"},"6":{"name":"Phone","value":"(858) 275-3535","id":6,"type":"phone"},"3":{"name":"Message","value":"Subject: Transform Your Website and Attract More Clients!\\r\\n\\r\\nHi there,\\r\\n\\r\\nI recently visited your website and see great potential for improvement in Google rankings. Our SEO services can help turn your site into a lead-generating powerhouse!\\r\\n\\r\\nHere\\u2019s How We Can Help:\\r\\n\\r\\nFix technical issues\\r\\nImprove loading speed\\r\\nEnsure ADA compliance\\r\\nImplement effective SEO strategies\\r\\nExclusive Offer:\\r\\n6-Month SEO Plan at $300\\/month\\r\\nGoal: Attract 5-10 new clients!\\r\\n\\r\\nLet\\u2019s Connect: Reply \\"FREE AUDIT\\" for a no-obligation SEO analysis or \\"SCHEDULE CALL\\" to discuss tailored strategies.\\r\\n\\r\\nLooking forward to connecting!\\r\\n\\r\\nBest,\\r\\nSneha Naik\\r\\nCustomer Success Manager\\r\\nSyndell","id":3,"type":"textarea"}}', '', '2024-12-13 11:21:18', '2024-12-13 11:21:18', '43.250.157.54', 'Mozilla/5.0 (Windows NT 10.0; Win64; x64) AppleWebKit/537.36 (KHTML, like Gecko) Chrome/131.0.0.0 Safari/537.36', '25fbe68f-8573-43aa-a7c6-a3b4aaf36ba3');
# End of data contents of table `bmg24thc_wpforms_entries`

# Table: `bmg24thc_wpforms_entry_fields`

# Delete any existing table `bmg24thc_wpforms_entry_fields`


# Table structure of table `bmg24thc_wpforms_entry_fields`

CREATE TABLE `bmg24thc_wpforms_entry_fields` (
  `id` bigint(20) NOT NULL AUTO_INCREMENT,
  `entry_id` bigint(20) NOT NULL,
  `form_id` bigint(20) NOT NULL,
  `field_id` varchar(16) DEFAULT NULL,
  `value` longtext NOT NULL,
  `date` datetime NOT NULL,
  PRIMARY KEY (`id`),
  KEY `entry_id` (`entry_id`),
  KEY `form_id` (`form_id`),
  KEY `field_id` (`field_id`),
  KEY `value` (`value`(32)),
  KEY `date` (`date`)
) ENGINE=InnoDB AUTO_INCREMENT=189 DEFAULT CHARSET=utf8mb4 COLLATE=utf8mb4_unicode_520_ci ;

# Data contents of table `bmg24thc_wpforms_entry_fields`

# Approximate rows expected in table: 172
 
INSERT INTO `bmg24thc_wpforms_entry_fields` VALUES (17, 5, 349, '2', 'Eric Jones', '2024-03-01 08:10:20'),
 (18, 5, 349, '5', 'ericjonesmyemail@gmail.com', '2024-03-01 08:10:20'),
 (19, 5, 349, '6', '555-555-1212', '2024-03-01 08:10:20'),
 (20, 5, 349, '3', 'To the,\r\n\r\nMy name is Eric and unlike a lot of emails you might get, I wanted to instead provide you with a word of encouragement – Congratulations\r\n\r\nWhat for?  \r\n\r\nPart of my job is to check out websites and the work you’ve done with myatlantahomeinspector.com Admin definitely stands out. \r\n\r\nIt’s clear you took building a website seriously and made a real investment of time and resources into making it top quality.\r\n\r\nThere is, however, a catch… more accurately, a question…\r\n\r\nSo when someone like me happens to find your site – maybe at the top of the search results (nice job BTW) or just through a random link, how do you know? \r\n\r\nMore importantly, how do you make a connection with that person?\r\n\r\nStudies show that 7 out of 10 visitors don’t stick around – they’re there one second and then gone with the wind.\r\n\r\nHere’s a way to create INSTANT engagement that you may not have known about… \r\n\r\nWeb Visitor is a software widget that’s works on your site, ready to capture any visitor’s Name, Email address and Phone Number.  It lets you know INSTANTLY that they’re interested – so that you can talk to that lead while they’re literally checking out myatlantahomeinspector.com.\r\n\r\nCLICK HERE http://rushleadgeneration.com to try out a Live Demo with Web Visitor now to see exactly how it works.\r\n\r\nIt could be a game-changer for your business – and it gets even better… once you’ve captured their phone number, with our new SMS Text With Lead feature, you can automatically start a text (SMS) conversation – immediately (and there’s literally a 100X difference between contacting someone within 5 minutes versus 30 minutes.)\r\n\r\nPlus then, even if you don’t close a deal right away, you can connect later on with text messages for new offers, content links, even just follow up notes to build a relationship.\r\n\r\nEverything I’ve just described is simple, easy, and effective. \r\n\r\nCLICK HERE http://rushleadgeneration.com to discover what Web Visitor can do for your business.\r\n\r\nYou could be converting up to 100X more leads today!\r\n\r\nEric\r\nPS: Web Visitor offers a FREE 14 days trial – and it even includes International Long Distance Calling. \r\nYou have customers waiting to talk with you right now… don’t keep them waiting. \r\nCLICK HERE http://rushleadgeneration.com to try Web Visitor now.\r\n\r\nIf you\'d like to unsubscribe click here http://rushleadgeneration.com/unsubscribe.aspx?d=myatlantahomeinspector.com', '2024-03-01 08:10:20'),
 (21, 6, 349, '2', 'Eric Jones', '2024-03-05 10:34:49'),
 (22, 6, 349, '5', 'ericjonesmyemail@gmail.com', '2024-03-05 10:34:49'),
 (23, 6, 349, '6', '555-555-1212', '2024-03-05 10:34:49'),
 (24, 6, 349, '3', 'To the myatlantahomeinspector.com Administrator!\r\n\r\nCool website!\r\n\r\nMy name’s Eric, and I just found your site - myatlantahomeinspector.com - while surfing the net. You showed up at the top of the search results, so I checked you out. Looks like what you’re doing is pretty cool.\r\n \r\nBut if you don’t mind me asking – after someone like me stumbles across myatlantahomeinspector.com, what usually happens?\r\n\r\nIs your site generating leads for your business? \r\n \r\nI’m guessing some, but I also bet you’d like more… studies show that 7 out 10 who land on a site wind up leaving without a trace.\r\n\r\nNot good.\r\n\r\nHere’s a thought – what if there was an easy way for every visitor to “raise their hand” to get a phone call from you INSTANTLY… the second they hit your site and said, call me now.\r\n\r\nYou can –\r\n  \r\nWeb Visitors Into Leads is a software widget that’s works on your site, ready to capture any visitor’s Name, Email address and Phone Number.  It lets you know IMMEDIATELY – so that you can talk to that lead while they’re literally looking over your site.\r\n\r\nCLICK HERE https://rushleadgeneration.com to try out a Live Demo with Web Visitors Into Leads now to see exactly how it works.\r\n\r\nTime is money when it comes to connecting with leads – the difference between contacting someone within 5 minutes versus 30 minutes later can be huge – like 100 times better!\r\n\r\nThat’s why we built out our new SMS Text With Lead feature… because once you’ve captured the visitor’s phone number, you can automatically start a text message (SMS) conversation.\r\n  \r\nThink about the possibilities – even if you don’t close a deal then and there, you can follow up with text messages for new offers, content links, even just how you doing? notes to build a relationship.\r\n\r\nWouldn’t that be cool?\r\n\r\nCLICK HERE https://rushleadgeneration.com to discover what Web Visitors Into Leads can do for your business.\r\n\r\nYou could be converting up to 100X more leads today!\r\nEric\r\n\r\nPS: Web Visitors Into Leads offers a FREE 14 days trial – and it even includes International Long Distance Calling. \r\nYou have customers waiting to talk with you right now… don’t keep them waiting. \r\nCLICK HERE https://rushleadgeneration.com to try Web Visitors Into Leads now.\r\n\r\nIf you\'d like to unsubscribe click here https://rushleadgeneration.com/unsubscribe.aspx?d=myatlantahomeinspector.com', '2024-03-05 10:34:49'),
 (25, 7, 349, '2', 'James Hall', '2024-03-13 04:05:26'),
 (26, 7, 349, '5', 'jameshall@seniorcarefitness.com', '2024-03-13 04:05:26'),
 (27, 7, 349, '6', '(407) 457-9009', '2024-03-13 04:05:26'),
 (28, 7, 349, '3', 'Hello,\r\n\r\nI am reaching out to inquire about the possibility of contributing a guest article to your website about purchasing a vacation home as a retirement plan. While many people dream of owning a vacation property for their retirement, it is important to take the necessary steps to ensure that this is a smart investment.\r\n\r\nMy article will provide insights on various factors to consider when purchasing a vacation home, such as maintenance responsibilities and insurance costs, to help readers make informed decisions.\r\n\r\nIf you are interested in reviewing and ultimately publishing my article, please let me know, and I will begin the writing process. Thank you for taking the time to review my proposal.\r\n\r\nBest regards,\r\nJames Hall of seniorcarefitness.com\r\n\r\n\r\nP.S. If you’re interested, but prefer a different topic, I’m very much open to that so just let me know. However, if you do not wish to receive any further emails, I understand. Kindly respond so I’ll know what you think.', '2024-03-13 04:05:26'),
 (29, 8, 349, '2', 'Richie Septimus', '2024-03-19 13:42:00'),
 (30, 8, 349, '5', 'richie.septimus@gmail.com', '2024-03-19 13:42:00'),
 (31, 8, 349, '6', '9122739085', '2024-03-19 13:42:00'),
 (32, 8, 349, '3', 'Send cold emails, book meetings every day!\r\n\r\nSaleshandy helps you personalize, automate, and scale your cold email outreach with optimum deliverability to book more meetings and generate more leads.\r\n\r\nOne-stop solution for cold email lead generation\r\n\r\nhttps://www.saleshandy.com/?p=v3&via=d79a59', '2024-03-19 13:42:00'),
 (33, 9, 349, '2', 'Rick Johnson', '2024-03-26 15:20:12'),
 (34, 9, 349, '5', 'r.johnson@koretechx.org', '2024-03-26 15:20:12'),
 (35, 9, 349, '6', '(754) 255-6999', '2024-03-26 15:20:12'),
 (36, 9, 349, '3', 'Hey there,\r\n\r\nOur company is excited to offer special deals on our services! We provide Social Media Management (SMM) for $199 per month, Search Engine Optimization (SEO) and Google My Business (GMB) services for $199 per month, and Website Designing for $299. If any of these services align with your needs and budget, please let me know, and we can schedule a call to discuss further details. \r\n\r\nShare your concerns. I\'d be happy to talk through it all to ensure you permanent success in your business. \r\nBest Regards, \r\nRick Johnson\r\nBusiness Development Manager\r\n754-255-6999\r\nr.johnson@koretechx.org\r\nkoretechx.com\r\n\r\nP.S. - Not interested? Reply with \'OPT OUT\' to unsubscribe.', '2024-03-26 15:20:12'),
 (37, 10, 349, '2', 'Steve Martin', '2024-03-26 18:11:23'),
 (38, 10, 349, '5', 'stevemartin@reedsmith.com', '2024-03-26 18:11:23'),
 (39, 10, 349, '6', '(917) 321-3199', '2024-03-26 18:11:23'),
 (40, 10, 349, '3', 'You are infringing on a copyrighted images owned by our company (reedsmith Inc.).\r\n\r\nTake a look at this document with the URLs to our images you used at www.myatlantahomeinspector.com and our previous publication to get the evidence of our copyrights.\r\n\r\nDownload it and see for yourself:\r\n\r\nhttps://gejyg.org/w34168476e07421659m56169619i81/caseso37796148i5101/sue/shared/43261197795/data/document?h847870q56=5966839428&id=pt&dmc=www.myatlantahomeinspector.com&2158521q6&cmp=reedsmith&1211682k1\r\n\r\nI do think you have willfully infringed our rights under 17 U.S.C. Section 101 et seq. and could possibly be liable for statutory damage of up to $140,000 as set forth in Sec. 504 (c) (2) of the Digital millennium copyright act (”DMCA”) therein.\r\n\r\nThis message is official notice. I demand the removal of the infringing materials mentioned above. Take note as a service provider, the Dmca demands you to remove or/and deactivate access to the copyrighted content upon receipt of this particular notice. In case you do not stop the utilization of the above mentioned infringing content a lawsuit can be initiated against you.\r\n\r\nI do have a strong self-belief that use of the copyrighted materials mentioned above as presumably infringing is not authorized by the copyright proprietor, its agent, as well as legislation.\r\n\r\nI declare, under consequence of perjury, that the information in this notification is accurate and hereby affirm that I am permitted to act on behalf of the proprietor of an exclusive right that is presumably violated.\r\n\r\n\r\nBest regards,\r\nSteve Martin\r\nLegal Officer\r\nreedsmith, Inc.\r\n\r\nreedsmith.com\r\n\r\n\r\n03/26/2024', '2024-03-26 18:11:23'),
 (41, 11, 349, '2', 'Kelvin Peralta', '2024-03-26 22:31:04'),
 (42, 11, 349, '5', 'kelvin@accfacilityservices.com', '2024-03-26 22:31:04'),
 (43, 11, 349, '6', '(770) 637-6179', '2024-03-26 22:31:04'),
 (44, 11, 349, '3', 'Hi,\r\n\r\nDo your concrete floors have cracks, uneven surfaces, or other imperfections that impact functionality or the appearance of your business? \r\n\r\nIf so, I can come out and provide a complimentary proposal for you. When works best for you?\r\n\r\nWarm regards,\r\n\r\nKelvin Peralta\r\nCEO/President\r\nACC Facility Services\r\nkelvin@accfacilityservices.com\r\n\r\nRespond with stop to optout.', '2024-03-26 22:31:04'),
 (45, 12, 349, '2', 'Teddy Alcock', '2024-03-31 14:13:24'),
 (46, 12, 349, '5', 'alcock.teddy56@msn.com', '2024-03-31 14:13:24'),
 (47, 12, 349, '6', '3403818865', '2024-03-31 14:13:24'),
 (48, 12, 349, '3', 'Providing you the opportunity to invest in more than 100 assets for continuous income.\r\n\r\nExpertOption is the leader in online trading industry.\r\n\r\nWe are trusted by more than 70,000,000 clients.\r\n\r\nWe make trading available to everyone\r\n\r\nhttps://r.shortlify.com/?prefid=1011073001', '2024-03-31 14:13:24'),
 (49, 13, 349, '2', 'Tyrell Tyrell', '2024-04-01 02:36:15'),
 (50, 13, 349, '5', 'myatlantahomeinspector.com@gmail.com', '2024-04-01 02:36:15'),
 (51, 13, 349, '6', '3200716501', '2024-04-01 02:36:15'),
 (52, 13, 349, '3', 'Hey \r\n\r\nI wanted to reach out and let you know about our new dog harness. It\'s really easy to put on and take off - in just 2 seconds - and it\'s personalized for each dog. \r\nPlus, we offer a lifetime warranty so you can be sure your pet is always safe and stylish.\r\n\r\nWe\'ve had a lot of success with it so far and I think your dog would love it. \r\n\r\nGet yours today with 50% OFF: https://caredogbest.com\r\n\r\nFREE Shipping - TODAY ONLY! \r\n\r\nThanks for your time, \r\n\r\nTyrell', '2024-04-01 02:36:15'),
 (53, 14, 349, '2', 'Sheila White', '2024-04-13 21:21:50'),
 (54, 14, 349, '5', 'shestorm@icloud.com', '2024-04-13 21:21:50'),
 (55, 14, 349, '6', '(678) 704-3015', '2024-04-13 21:21:50'),
 (56, 14, 349, '3', 'Hello, I need an Inspector asap for Gwinnett Housing Rehab program. Your name was on their list. Can you please let me know by Monday no later than Tuesday. Thanks', '2024-04-13 21:21:50'),
 (57, 15, 349, '2', 'Mike Smith', '2024-04-16 08:15:00'),
 (58, 15, 349, '5', 'mike@hoffandmazor.com', '2024-04-16 08:15:00'),
 (59, 15, 349, '6', '(814) 980-5065', '2024-04-16 08:15:00'),
 (60, 15, 349, '3', 'Hi,\r\n\r\nHi, we are a software and applications development provider, based out of New York, NY with a global delivery model. We are best known for our work with web applications, mobile software, mobile apps, DevOps, cloud services, and Agile Development.\r\n\r\nWe have helped many companies with successful development projects. Whether you are a bootstrapped Start-Up, established nonprofit, successful mid-sized business or a Fortune 500 company, you can trust us for the successful execution of your development needs.\r\n\r\nWe can get your software development project to market faster, guaranteed. I would like to show you how. For your next project I’d like to offer you a Strategic Planning Session to determine the best way to approach development and meet requirements.\r\n\r\nMay I give you more information?\r\n\r\n\r\nMike Smith\r\nHoff & Mazor\r\nmike@hoffandmazor.com\r\n\r\nRespond with stop to optout.', '2024-04-16 08:15:00'),
 (61, 16, 349, '2', 'Simone Poindexter', '2024-04-22 04:56:31'),
 (62, 16, 349, '5', 'simone_antoinette@yahoo.com', '2024-04-22 04:56:31'),
 (63, 16, 349, '6', '(404) 788-3027', '2024-04-22 04:56:31'),
 (64, 16, 349, '3', 'Hi I am requesting a quote for a new construction townhome in Atlanta, Ga. The square footage is a little less than 2000sqft. Thank you for your time and I hope to hear from someone soon!', '2024-04-22 04:56:31'),
 (65, 17, 349, '2', 'Jonah Easley', '2024-04-24 01:59:41'),
 (66, 17, 349, '5', 'jonah.easley@googlemail.com', '2024-04-24 01:59:41'),
 (67, 17, 349, '6', '3537780198', '2024-04-24 01:59:41'),
 (68, 17, 349, '3', 'Create, manage, and grow your channel confidently with tools built for Creators like you.\r\n\r\nloved by over 10 million creators and brands\r\n\r\ndouble your brand growth with game changing AI\r\n\r\nthe features that supercharge your channel\r\n\r\nexplore more of TubeBuddy Enterprise\r\n\r\nhttps://www.tubebuddy.com/pricing?a=sidehustlehaven', '2024-04-24 01:59:41'),
 (69, 18, 349, '2', 'Meg Anderson', '2024-04-25 13:56:02'),
 (70, 18, 349, '5', 'meg@candlerre.com', '2024-04-25 13:56:02'),
 (71, 18, 349, '6', '(678) 491-6423', '2024-04-25 13:56:02'),
 (72, 18, 349, '3', 'Good Morning,\r\nI have emailed, called, texted and still have nothing resolved.  Your company did an inspection for my client Alexandra Jones on 103 Courtyard Terrace.  15 minutes after I left the inspection, the listing agent called and texted that the homeowner came home to a dented dryer top.  He sent pictures over to me right away.  I know this dent is not showing up on the inspection report, but I can\'t imagine that the homeowner came home and dented the dryer. If someone could please contact me 678-491-6423, or the listing agent, Bob Clarkson, 404-901-1670.', '2024-04-25 13:56:02'),
 (73, 19, 349, '2', 'Rosario Gacayan', '2024-04-28 13:55:28'),
 (74, 19, 349, '5', 'rosario@usecleaninggo.com', '2024-04-28 13:55:28'),
 (75, 19, 349, '6', '(678) 568-7787', '2024-04-28 13:55:28'),
 (76, 19, 349, '3', 'Hi,\r\n\r\nWe are local and available to provide a no-obligation quote for your recurring cleaning needs. May I give you more information?\r\n\r\nOur booking app allows for service scheduling, invoice management, and communication with your cleaning crew, all in one simple platform. \r\n\r\nWould you be interested in a cleaning quote and a more simple line of communication?\r\n\r\nI appreciate your time,\r\n\r\nRosario Gacayan\r\nBusiness Development Representative\r\nClean Go Atlanta\r\nrosario@usecleaninggo.com\r\n\r\n“Absolutely thrilled with this company\'s professionalism and quality. Setting up appointments on their online platform was a breeze. The workers were very respectful of our extra covid restrictions and always wore a mask! Would definitely recommend them to anyone in a similar situation!” –5 Star Google Review\r\n\r\nRespond with stop to optout.', '2024-04-28 13:55:28'),
 (77, 20, 349, '2', 'Dipesh Shah', '2024-05-10 00:01:23'),
 (78, 20, 349, '5', 'ddshah@gmail.com', '2024-05-10 00:01:23'),
 (79, 20, 349, '6', '(770) 605-6852', '2024-05-10 00:01:23'),
 (80, 20, 349, '3', 'HI - I am interested in a home inspection in the home we live now. Home is 35+ years old  and we likely will sell in the next 3-5 years. Therefore, we want to know how the house is holding up and where we should focus renovations ahead of when it may be sold. Looking for a quote for the home at:\r\n\r\n1767 Kanawha Trail; Stone Mountain, GA\r\n\r\nSpecifically, I\'d like to know how roof inspections are done (i.e. walking the roof, drone, etc)?\r\n\r\nThanks.\r\n\r\nDipesh', '2024-05-10 00:01:23'),
 (81, 21, 349, '2', 'Aleida Schiffman', '2024-05-11 07:45:47'),
 (82, 21, 349, '5', 'schiffman.aleida@gmail.com', '2024-05-11 07:45:47'),
 (83, 21, 349, '6', '9897437832', '2024-05-11 07:45:47'),
 (84, 21, 349, '3', 'Learn How House Cleaning Business That Makes Over $2000 Every Week!\r\n\r\nThis Business Is For Anyone Who Wants To Make More Money &\r\nTake Charge Of Their Future\r\n\r\nCheck The Link Below\r\n\r\nhttps://profitfromhousecleaning.com/', '2024-05-11 07:45:47'),
 (85, 22, 349, '2', 'Diego Barrera', '2024-05-28 13:28:08'),
 (86, 22, 349, '5', 'diego@wikivalidates.com', '2024-05-28 13:28:08'),
 (87, 22, 349, '6', '(814) 980-5065', '2024-05-28 13:28:08'),
 (88, 22, 349, '3', 'Wikipedia is considered to be the World’s most significant tool for reference material. The Wiki links show up on the 1st page of Google 97% of the time. With a Page on one of the most revered reference tools, you are sure to get yourself or your business noticed. So if you\'re thinking of getting a Wikipedia Page created, it\'s the best time of the year.\r\n\r\nIf you are interested in getting more information just respond back to this email.\r\n\r\nThanks,\r\n\r\nDiego Barrera\r\nWiki Validate\r\ndiego@wikivalidates.com\r\n\r\nRespond with stop to optout.', '2024-05-28 13:28:08'),
 (89, 23, 349, '2', 'Catherine Phillips', '2024-06-14 14:29:29'),
 (90, 23, 349, '5', 'catherine@commercialcleanatl.com', '2024-06-14 14:29:29'),
 (91, 23, 349, '6', '(470) 518-4801', '2024-06-14 14:29:29'),
 (92, 23, 349, '3', 'Let’s work together and figure out the most appropriate solutions for your office cleaning challenges, and make it a slam dunk. As a token of our appreciation, we are giving out complimentary cleaning estimates. May I provide you with a new, custom professional cleaning quote?\r\n\r\nThank you for your time,\r\n\r\nCatherine Phillips\r\nDirector\r\nCommercial Cleanrs Atl\r\ncatherine@commercialcleanatl.com\r\n\r\nRespond with stop to optout.', '2024-06-14 14:29:29'),
 (93, 24, 349, '2', 'Jeff Smith', '2024-06-15 10:07:28'),
 (94, 24, 349, '5', 'jeffseocarner@gmail.com', '2024-06-15 10:07:28'),
 (95, 24, 349, '6', '(235) 689-5054', '2024-06-15 10:07:28'),
 (96, 24, 349, '3', 'Re: SEO Report\r\n\r\nHello\r\n\r\nI was checking your website and see you have a good design and it looks great, but it\'s not ranking on Google and other major search engines.\r\n\r\nWith your permission: I would like to send you a SEO report with prices showing you a few things to greatly improve these search results for you. These things are not difficult, and my report will be very specific. It will show you exactly what needs to be done to move you up in the rankings dramatically.\r\n\r\nKindly let me know if you would be interested so we can email you more details or schedule a call.\r\n\r\nThank you\r\nJeff Smith', '2024-06-15 10:07:28'),
 (97, 25, 349, '2', 'Milford Fifield', '2024-06-21 03:26:23'),
 (98, 25, 349, '5', 'milford.fifield@yahoo.com', '2024-06-21 03:26:23'),
 (99, 25, 349, '6', '8014786286', '2024-06-21 03:26:23'),
 (100, 25, 349, '3', 'Unlimited FREE Buyer Traffic On Autopilot\r\n\r\nFully-automated software for SET & FORGET traffic 24/7\r\n\r\nUltra-fast SAME DAY results\r\n\r\nClick on link ---->  https://trafficformysite.com/', '2024-06-21 03:26:23'),
 (101, 26, 349, '2', 'Kevin Balor', '2024-06-21 21:24:27'),
 (102, 26, 349, '5', 'kevin@wikiexpertinc.com', '2024-06-21 21:24:27'),
 (103, 26, 349, '6', '(814) 980-5065', '2024-06-21 21:24:27'),
 (104, 26, 349, '3', 'Wikipedia is considered to be the World’s most significant tool for reference material. The Wiki links show up on the 1st page of Google 97% of the time. With a Page on one of the most revered reference tools, you are sure to get yourself or your business noticed. So if you\'re thinking of getting a Wikipedia Page created, it\'s the best time of the year.\r\n\r\nIf you are interested in getting more information just respond back to this email.\r\n\r\nThanks,\r\n\r\nKevin Balor\r\nWiki Experts Inc\r\nkevin@wikiexpertinc.com\r\n\r\nRespond with stop to optout.', '2024-06-21 21:24:27'),
 (105, 27, 349, '2', 'Zach Sullivan', '2024-08-10 18:34:36'),
 (106, 27, 349, '5', 'zach@framexlabinc.com', '2024-08-10 18:34:36'),
 (107, 27, 349, '6', '(814) 980-5065', '2024-08-10 18:34:36'),
 (108, 27, 349, '3', 'Ready to elevate your business with a custom mobile app? At Frame X Lab, we specialize in crafting innovative and user-centric apps designed specifically to meet your unique needs.\r\n\r\nWhy choose us? Here’s what sets us apart:\r\n\r\nTailored Solutions: We create apps that fit your business perfectly.\r\nIntuitive Design: User-friendly interfaces that your customers will love.\r\nOn-Time Delivery: We stick to deadlines so you can hit your goals.\r\nContinuous Support: We’re here for you even after your app launches.\r\nSeize the chance to outshine your competitors and engage your audience like never before. Reach out today for a personalized consultation!\r\n\r\nIf you are interested in getting more information just respond back to this email.\r\n\r\nBest regards,\r\n\r\nZach Sullivan\r\nFrame X Lab\r\nzach@framexlabinc.com\r\n\r\nRespond with stop to optout.', '2024-08-10 18:34:36'),
 (109, 28, 349, '2', 'Ron Lanham', '2024-08-21 16:45:13'),
 (110, 28, 349, '5', 'rclanham@bellsouth.net', '2024-08-21 16:45:13'),
 (111, 28, 349, '6', '(678) 697-2650', '2024-08-21 16:45:13'),
 (112, 28, 349, '3', 'Moving into Cresswind at Twin Lakes in Hoschton around mid-to late October 2024 so just trying to get a quote on final walk inspection. Just looking for a price range if possible right now.', '2024-08-21 16:45:13'),
 (113, 29, 349, '2', 'Lisa Brown', '2024-08-23 10:27:17'),
 (114, 29, 349, '5', 'lisabrown.2483@gmail.com', '2024-08-23 10:27:17'),
 (115, 29, 349, '6', '(571) 200-7758', '2024-08-23 10:27:17'),
 (116, 29, 349, '3', 'Hi,\r\n\r\nWe have a team of 55+ highly qualified professionals certified in SEO and ISO standards, providing a wide range of SEO services to generate higher visitor traffic and top-page rankings for your website. Our SEO professionals ensure that your website gets higher rankings on Google. We offer SEO (with plan & activity) Services at much lower Cost. \r\n\r\nI\'d gladly send you our Package, Activity per Month, and Video Testimonials for reference.\r\n\r\nRegards,\r\nLisa', '2024-08-23 10:27:17'),
 (117, 30, 349, '2', 'Jennifer Allen', '2024-09-09 10:28:36'),
 (118, 30, 349, '5', 'jenniferallen.digitalmarketing@gmail.com', '2024-09-09 10:28:36'),
 (119, 30, 349, '6', '(571) 200-7758', '2024-09-09 10:28:36'),
 (120, 30, 349, '3', 'Hi,\r\n\r\nWe have a team of 55+ highly qualified professionals certified in SEO and ISO standards, providing a wide range of SEO services to generate higher visitor traffic and top-page rankings for your website. Our SEO professionals ensure that your website gets higher rankings on Google. We offer SEO (with plan & activity) Services at much lower Cost. \r\n\r\nI\'d gladly send you our Package, Activity per Month, and Video Testimonials for reference.\r\n\r\nRegards,\r\nJennifer', '2024-09-09 10:28:36'),
 (121, 31, 349, '2', 'Qpfaj cmrz Denise', '2024-09-13 02:09:31'),
 (122, 31, 349, '5', 'sarah@businesscoachvas.com', '2024-09-13 02:09:31'),
 (123, 31, 349, '6', '(303) 502-1331', '2024-09-13 02:09:31'),
 (124, 31, 349, '3', 'Hello there,\r\n\r\nI saw your website and I wanted to reach out because I think I can be of great assistance.\r\nI  provide Virtual Assistants to Business Owners. We help aid with their tedious day-to-day tasks like; prospecting, administrative tasks, cold calling, database management, social media branding, content writing, and accounting work.\r\n\r\nAre you currently looking for any help?', '2024-09-13 02:09:31'),
 (125, 32, 349, '2', 'Ektaa Patel', '2024-09-16 18:19:02'),
 (126, 32, 349, '5', 'ehpatel20@gmail.com', '2024-09-16 18:19:02'),
 (127, 32, 349, '6', '(704) 280-5807', '2024-09-16 18:19:02'),
 (128, 32, 349, '3', 'Hello, \r\n\r\nI am inquiring about a quote for a home inspection in Smyrna, GA 30126. The home is an 1,800 sq. ft. new build townhome.\r\n\r\n\r\nThank you in advance,\r\n\r\nEktaa', '2024-09-16 18:19:02'),
 (129, 33, 349, '2', 'Daniel Higgins', '2024-09-25 17:56:19'),
 (130, 33, 349, '5', 'dshiggins40@me.com', '2024-09-25 17:56:19'),
 (131, 33, 349, '6', '(678) 794-6262', '2024-09-25 17:56:19'),
 (132, 33, 349, '3', 'I just passed the National Exam for Home Inspection, was wondering if your company is in the market for a new inspector? I have been a Realtor for 10 years and looking to make a change. Let me know, Thanks', '2024-09-25 17:56:19'),
 (133, 34, 349, '2', 'Kathilynn Kathilynn', '2024-09-27 06:19:13'),
 (134, 34, 349, '5', 'kathihenson@yahoo.com', '2024-09-27 06:19:13'),
 (135, 34, 349, '6', '(986) 521-1455', '2024-09-27 06:19:13'),
 (136, 34, 349, '3', 'I\'m encountering an error message.', '2024-09-27 06:19:13'),
 (137, 35, 349, '2', 'Heghine Seraydaryan', '2024-09-29 08:56:06'),
 (138, 35, 349, '5', 'heghin@gmail.com', '2024-09-29 08:56:06'),
 (139, 35, 349, '6', '(323) 706-5715', '2024-09-29 08:56:06'),
 (140, 35, 349, '3', 'htr sjrs', '2024-09-29 08:56:06'),
 (141, 36, 349, '2', 'Diana Torres', '2024-09-30 12:51:10'),
 (142, 36, 349, '5', 'diat02@gmail.com', '2024-09-30 12:51:10'),
 (143, 36, 349, '6', '(954) 501-8593', '2024-09-30 12:51:10'),
 (144, 36, 349, '3', 'Hi\r\nI\'d like to request a quote for a home inspection on a new construction property. \r\nThanks', '2024-09-30 12:51:10'),
 (145, 37, 349, '2', 'ossai valentine', '2024-10-03 11:18:42'),
 (146, 37, 349, '5', 'voossai@gmail.com', '2024-10-03 11:18:42'),
 (147, 37, 349, '6', '(505) 652-8912', '2024-10-03 11:18:42'),
 (148, 37, 349, '3', 'I hope to receive the email in a timely manner and communicate in a timely manner.', '2024-10-03 11:18:42'),
 (149, 38, 349, '2', 'Ron Lanham', '2024-10-03 14:39:12'),
 (150, 38, 349, '5', 'rclanham@bellsouth.net', '2024-10-03 14:39:12'),
 (151, 38, 349, '6', '(678) 697-2650', '2024-10-03 14:39:12'),
 (152, 38, 349, '3', 'My name is Ron Lanham and I received a quote of $425 back on 8/21/24 and I was referred by Mark Hill at the Allstate office of The Scheiderich Agency. I wanted to move forward on our new home inspection at 274 Pecks Ct located in Cresswind at Twin Lakes in Hoschton, GA and wanted to see if we can schedule this and if the $425 is still good or if I can take advantage of the $35 off General inspection if I schedule today.', '2024-10-03 14:39:12'),
 (153, 39, 349, '2', 'Samson Agholor', '2024-10-04 10:02:54'),
 (154, 39, 349, '5', 'sagholor8@gmail.com', '2024-10-04 10:02:54'),
 (155, 39, 349, '6', '(773) 592-0504', '2024-10-04 10:02:54'),
 (156, 39, 349, '3', 'sdf sd', '2024-10-04 10:02:54'),
 (157, 40, 349, '2', 'Devon Boger', '2024-10-12 11:36:30'),
 (158, 40, 349, '5', 'devon_boger@yahoo.com', '2024-10-12 11:36:30'),
 (159, 40, 349, '6', '(704) 780-6514', '2024-10-12 11:36:30'),
 (160, 40, 349, '3', 'please contact me as soon as possible', '2024-10-12 11:36:30'),
 (161, 41, 349, '2', 'Regine Sebestian', '2024-10-18 05:17:00'),
 (162, 41, 349, '5', 'regine@vas4hire.com', '2024-10-18 05:17:00'),
 (163, 41, 349, '6', '(216) 859-6131', '2024-10-18 05:17:00'),
 (164, 41, 349, '3', 'Hi there,\r\n\r\nI saw your website and I wanted to reach out because I think I can be of great assistance.\r\n\r\nWe provide expert Virtual Assistants to help with a variety of tasks, including admin work, prospecting, cold calling, social media management, content creation, bookkeeping, appointment setting, and customer support. Let us handle the details so you can focus on growth.\r\n\r\nInterested in learning more?', '2024-10-18 05:17:00'),
 (165, 42, 349, '2', 'Andrea Montier', '2024-10-18 07:42:56'),
 (166, 42, 349, '5', 'leggintraniyah40790@gmail.com', '2024-10-18 07:42:56'),
 (167, 42, 349, '6', '(510) 828-0016', '2024-10-18 07:42:56'),
 (168, 42, 349, '3', 'contact', '2024-10-18 07:42:56'),
 (169, 43, 349, '2', 'Arshad Khwaja', '2024-11-08 06:35:11'),
 (170, 43, 349, '5', 'arshad@fortabytecybersolution.com', '2024-11-08 06:35:11'),
 (171, 43, 349, '6', '(814) 980-5065', '2024-11-08 06:35:11'),
 (172, 43, 349, '3', 'Hi,\r\n\r\nUnlock new possibilities for your business with our comprehensive Technology Services. Whether you need enhanced IT support, secure data management, or advanced engineering solutions, our team is here to streamline and support your business every step of the way.\r\n\r\nOur Services Include:\r\n\r\nIT Support: Minimize downtime and maximize productivity with round-the-clock support.\r\nData Interoperability: Enable seamless data exchange and connectivity across systems.\r\nTraining: Equip your team with the skills they need to stay ahead in a digital-first world.\r\nEngineering: From system architecture to implementation, we bring innovation to life.\r\nMaintenance: Ensure continuous performance with regular, proactive system maintenance.\r\nCloud Services: Scalable, secure, and efficient cloud solutions tailored to your business needs.\r\nCybersecurity: Safeguard your data with cutting-edge cybersecurity practices.\r\nWhy Choose Us?\r\n\r\nOur team of experts combines deep industry knowledge with innovative technology to deliver results that drive business growth. We don’t just provide services; we partner with you to meet your business goals effectively and efficiently.\r\n\r\nIf you are interested in getting more information just respond back to this email.\r\n\r\nThanks,\r\n\r\nArshad Khwaja\r\nFortabyte Cyber Solutions\r\narshad@fortabytecybersolution.com\r\n\r\nRespond with stop to optout.', '2024-11-08 06:35:11'),
 (173, 44, 349, '2', 'Joseph O’Hayon', '2024-11-28 10:09:59'),
 (174, 44, 349, '5', 'info@franchisecreatorexpansion.com', '2024-11-28 10:09:59'),
 (175, 44, 349, '6', '(754) 306-4609', '2024-11-28 10:09:59'),
 (176, 44, 349, '3', 'Hello.\r\nI\'m Joseph O’Hayon, Senior Executive Consultant with Franchise Creator.\r\nHave you ever considered expanding your business through franchising?\r\nOur proven all-in-one solution has helped close to 800 businesses like yours achieve remarkable growth. Let\'s explore how we can transform your brand into a successful franchise in just 15-30 minutes.\r\nSchedule your call here:\r\nhttps://calendly.com/fc-franchise-development/cf-franchise-development\r\n\r\n\r\nBest Regards,\r\nJoseph O’Hayon\r\n754-306-4609\r\ninfo@franchisecreatorexpansion.com', '2024-11-28 10:09:59'),
 (177, 45, 349, '2', 'Greer Kensington', '2024-12-05 15:45:55'),
 (178, 45, 349, '5', 'greer@ultimatevaassist.com', '2024-12-05 15:45:55'),
 (179, 45, 349, '6', '(213) 866-9729', '2024-12-05 15:45:55'),
 (180, 45, 349, '3', 'Hello, I\'m reaching out to offer professional virtual assistant services. Our team specializes in prospecting, cold calling, web design, social media, calendar & brand management, scheduling, customer service, SEO, content creation & bookkeeping. Let\'s discuss how we can support your business needs.', '2024-12-05 15:45:55'),
 (181, 46, 349, '2', 'Nasir Bahadur', '2024-12-06 20:39:03'),
 (182, 46, 349, '5', 'nasir@mustaxess.com', '2024-12-06 20:39:03'),
 (183, 46, 349, '6', '(814) 980-5065', '2024-12-06 20:39:03'),
 (184, 46, 349, '3', 'Your company caught my eye yesterday and I wanted to ask you a few quick questions about your company. I partner with companies like yours to build a funding strategy that meets both short and long term goals. My company can help you get financing in no time where you can get funds up to 500k in less than a week, and we provide multiple offers so you can pick the options that work for you.\r\n\r\nWould you be interested in some information about our funding programs?\r\n\r\nThank you,\r\n\r\nNasir Bahadur\r\nDirector of Sales\r\nMUS Tax Resolution\r\nnasir@mustaxess.com\r\n\r\nRespond with stop to optout.', '2024-12-06 20:39:03'),
 (185, 47, 349, '2', 'Sneha Naik', '2024-12-13 11:21:18'),
 (186, 47, 349, '5', 'sneha@syndell.solutions', '2024-12-13 11:21:18'),
 (187, 47, 349, '6', '(858) 275-3535', '2024-12-13 11:21:18'),
 (188, 47, 349, '3', 'Subject: Transform Your Website and Attract More Clients!\r\n\r\nHi there,\r\n\r\nI recently visited your website and see great potential for improvement in Google rankings. Our SEO services can help turn your site into a lead-generating powerhouse!\r\n\r\nHere’s How We Can Help:\r\n\r\nFix technical issues\r\nImprove loading speed\r\nEnsure ADA compliance\r\nImplement effective SEO strategies\r\nExclusive Offer:\r\n6-Month SEO Plan at $300/month\r\nGoal: Attract 5-10 new clients!\r\n\r\nLet’s Connect: Reply "FREE AUDIT" for a no-obligation SEO analysis or "SCHEDULE CALL" to discuss tailored strategies.\r\n\r\nLooking forward to connecting!\r\n\r\nBest,\r\nSneha Naik\r\nCustomer Success Manager\r\nSyndell', '2024-12-13 11:21:18');
# End of data contents of table `bmg24thc_wpforms_entry_fields`

# Table: `bmg24thc_wpforms_entry_meta`

# Delete any existing table `bmg24thc_wpforms_entry_meta`


# Table structure of table `bmg24thc_wpforms_entry_meta`

CREATE TABLE `bmg24thc_wpforms_entry_meta` (
  `id` bigint(20) NOT NULL AUTO_INCREMENT,
  `entry_id` bigint(20) NOT NULL,
  `form_id` bigint(20) NOT NULL,
  `user_id` bigint(20) NOT NULL,
  `status` varchar(30) NOT NULL,
  `type` varchar(255) NOT NULL,
  `data` longtext NOT NULL,
  `date` datetime NOT NULL,
  PRIMARY KEY (`id`),
  KEY `entry_id` (`entry_id`)
) ENGINE=InnoDB AUTO_INCREMENT=189 DEFAULT CHARSET=utf8mb4 COLLATE=utf8mb4_unicode_520_ci ;

# Data contents of table `bmg24thc_wpforms_entry_meta`

# Approximate rows expected in table: 172
 
INSERT INTO `bmg24thc_wpforms_entry_meta` VALUES (17, 5, 349, 0, '', 'page_url', '', '2024-03-01 08:10:20'),
 (18, 5, 349, 0, '', 'page_title', '', '2024-03-01 08:10:20'),
 (19, 5, 349, 0, '', 'page_id', '', '2024-03-01 08:10:20'),
 (20, 5, 349, 0, '', 'referer', '', '2024-03-01 08:10:20'),
 (21, 6, 349, 0, '', 'page_url', '', '2024-03-05 10:34:49'),
 (22, 6, 349, 0, '', 'page_title', '', '2024-03-05 10:34:49'),
 (23, 6, 349, 0, '', 'page_id', '', '2024-03-05 10:34:49'),
 (24, 6, 349, 0, '', 'referer', '', '2024-03-05 10:34:49'),
 (25, 7, 349, 0, '', 'page_url', 'https://www.myatlantahomeinspector.com/contact/', '2024-03-13 04:05:26'),
 (26, 7, 349, 0, '', 'page_title', 'Contact', '2024-03-13 04:05:26'),
 (27, 7, 349, 0, '', 'page_id', '346', '2024-03-13 04:05:26'),
 (28, 7, 349, 0, '', 'referer', 'https://www.myatlantahomeinspector.com/contact/', '2024-03-13 04:05:26'),
 (29, 8, 349, 0, '', 'page_url', '', '2024-03-19 13:42:00'),
 (30, 8, 349, 0, '', 'page_title', '', '2024-03-19 13:42:00'),
 (31, 8, 349, 0, '', 'page_id', '', '2024-03-19 13:42:00'),
 (32, 8, 349, 0, '', 'referer', '', '2024-03-19 13:42:00'),
 (33, 9, 349, 0, '', 'page_url', 'https://www.myatlantahomeinspector.com/contact/', '2024-03-26 15:20:12'),
 (34, 9, 349, 0, '', 'page_title', 'Contact', '2024-03-26 15:20:12'),
 (35, 9, 349, 0, '', 'page_id', '346', '2024-03-26 15:20:12'),
 (36, 9, 349, 0, '', 'referer', 'https://www.myatlantahomeinspector.com/contact/', '2024-03-26 15:20:12'),
 (37, 10, 349, 0, '', 'page_url', 'https://www.myatlantahomeinspector.com/contact/', '2024-03-26 18:11:23'),
 (38, 10, 349, 0, '', 'page_title', 'Contact', '2024-03-26 18:11:23'),
 (39, 10, 349, 0, '', 'page_id', '346', '2024-03-26 18:11:23'),
 (40, 10, 349, 0, '', 'referer', 'https://www.myatlantahomeinspector.com/contact/', '2024-03-26 18:11:23'),
 (41, 11, 349, 0, '', 'page_url', 'https://www.myatlantahomeinspector.com/contact/', '2024-03-26 22:31:04'),
 (42, 11, 349, 0, '', 'page_title', 'Contact', '2024-03-26 22:31:04'),
 (43, 11, 349, 0, '', 'page_id', '346', '2024-03-26 22:31:04'),
 (44, 11, 349, 0, '', 'referer', 'https://www.myatlantahomeinspector.com/contact/', '2024-03-26 22:31:04'),
 (45, 12, 349, 0, '', 'page_url', '', '2024-03-31 14:13:24'),
 (46, 12, 349, 0, '', 'page_title', '', '2024-03-31 14:13:24'),
 (47, 12, 349, 0, '', 'page_id', '', '2024-03-31 14:13:24'),
 (48, 12, 349, 0, '', 'referer', '', '2024-03-31 14:13:24'),
 (49, 13, 349, 0, '', 'page_url', '', '2024-04-01 02:36:15'),
 (50, 13, 349, 0, '', 'page_title', '', '2024-04-01 02:36:15'),
 (51, 13, 349, 0, '', 'page_id', '', '2024-04-01 02:36:15'),
 (52, 13, 349, 0, '', 'referer', '', '2024-04-01 02:36:15'),
 (53, 14, 349, 0, '', 'page_url', 'https://www.myatlantahomeinspector.com/contact/', '2024-04-13 21:21:50'),
 (54, 14, 349, 0, '', 'page_title', 'Contact', '2024-04-13 21:21:50'),
 (55, 14, 349, 0, '', 'page_id', '346', '2024-04-13 21:21:50'),
 (56, 14, 349, 0, '', 'referer', 'https://www.myatlantahomeinspector.com/contact/', '2024-04-13 21:21:50'),
 (57, 15, 349, 0, '', 'page_url', 'https://www.myatlantahomeinspector.com/contact/', '2024-04-16 08:15:00'),
 (58, 15, 349, 0, '', 'page_title', 'Contact', '2024-04-16 08:15:00'),
 (59, 15, 349, 0, '', 'page_id', '346', '2024-04-16 08:15:00'),
 (60, 15, 349, 0, '', 'referer', 'https://www.myatlantahomeinspector.com/contact/', '2024-04-16 08:15:00'),
 (61, 16, 349, 0, '', 'page_url', 'https://www.myatlantahomeinspector.com/contact/', '2024-04-22 04:56:31'),
 (62, 16, 349, 0, '', 'page_title', 'Contact', '2024-04-22 04:56:31'),
 (63, 16, 349, 0, '', 'page_id', '346', '2024-04-22 04:56:31'),
 (64, 16, 349, 0, '', 'referer', 'https://www.myatlantahomeinspector.com/contact/', '2024-04-22 04:56:31'),
 (65, 17, 349, 0, '', 'page_url', '', '2024-04-24 01:59:41'),
 (66, 17, 349, 0, '', 'page_title', '', '2024-04-24 01:59:41'),
 (67, 17, 349, 0, '', 'page_id', '', '2024-04-24 01:59:41'),
 (68, 17, 349, 0, '', 'referer', '', '2024-04-24 01:59:41'),
 (69, 18, 349, 0, '', 'page_url', 'https://www.myatlantahomeinspector.com/contact/', '2024-04-25 13:56:02'),
 (70, 18, 349, 0, '', 'page_title', 'Contact', '2024-04-25 13:56:02'),
 (71, 18, 349, 0, '', 'page_id', '346', '2024-04-25 13:56:02'),
 (72, 18, 349, 0, '', 'referer', 'https://www.myatlantahomeinspector.com/contact/', '2024-04-25 13:56:02'),
 (73, 19, 349, 0, '', 'page_url', 'https://www.myatlantahomeinspector.com/contact/', '2024-04-28 13:55:28'),
 (74, 19, 349, 0, '', 'page_title', 'Contact', '2024-04-28 13:55:28'),
 (75, 19, 349, 0, '', 'page_id', '346', '2024-04-28 13:55:28'),
 (76, 19, 349, 0, '', 'referer', 'https://www.myatlantahomeinspector.com/contact/', '2024-04-28 13:55:28'),
 (77, 20, 349, 0, '', 'page_url', 'https://www.myatlantahomeinspector.com/contact/', '2024-05-10 00:01:23'),
 (78, 20, 349, 0, '', 'page_title', 'Contact', '2024-05-10 00:01:23'),
 (79, 20, 349, 0, '', 'page_id', '346', '2024-05-10 00:01:23'),
 (80, 20, 349, 0, '', 'referer', 'https://www.myatlantahomeinspector.com/contact/', '2024-05-10 00:01:23'),
 (81, 21, 349, 0, '', 'page_url', '', '2024-05-11 07:45:47'),
 (82, 21, 349, 0, '', 'page_title', '', '2024-05-11 07:45:47'),
 (83, 21, 349, 0, '', 'page_id', '', '2024-05-11 07:45:47'),
 (84, 21, 349, 0, '', 'referer', '', '2024-05-11 07:45:47'),
 (85, 22, 349, 0, '', 'page_url', 'https://www.myatlantahomeinspector.com/contact/', '2024-05-28 13:28:08'),
 (86, 22, 349, 0, '', 'page_title', 'Contact', '2024-05-28 13:28:08'),
 (87, 22, 349, 0, '', 'page_id', '346', '2024-05-28 13:28:08'),
 (88, 22, 349, 0, '', 'referer', 'https://www.myatlantahomeinspector.com/contact/', '2024-05-28 13:28:08'),
 (89, 23, 349, 0, '', 'page_url', 'https://www.myatlantahomeinspector.com/contact/', '2024-06-14 14:29:29'),
 (90, 23, 349, 0, '', 'page_title', 'Contact', '2024-06-14 14:29:29'),
 (91, 23, 349, 0, '', 'page_id', '346', '2024-06-14 14:29:29'),
 (92, 23, 349, 0, '', 'referer', 'https://www.myatlantahomeinspector.com/contact/', '2024-06-14 14:29:29'),
 (93, 24, 349, 0, '', 'page_url', 'https://www.myatlantahomeinspector.com/contact/', '2024-06-15 10:07:28'),
 (94, 24, 349, 0, '', 'page_title', 'Contact', '2024-06-15 10:07:28'),
 (95, 24, 349, 0, '', 'page_id', '346', '2024-06-15 10:07:28'),
 (96, 24, 349, 0, '', 'referer', 'https://www.myatlantahomeinspector.com/contact/', '2024-06-15 10:07:28'),
 (97, 25, 349, 0, '', 'page_url', 'https://www.myatlantahomeinspector.com/contact/', '2024-06-21 03:26:23'),
 (98, 25, 349, 0, '', 'page_title', 'Contact', '2024-06-21 03:26:23'),
 (99, 25, 349, 0, '', 'page_id', '346', '2024-06-21 03:26:23'),
 (100, 25, 349, 0, '', 'referer', '', '2024-06-21 03:26:23'),
 (101, 26, 349, 0, '', 'page_url', 'https://www.myatlantahomeinspector.com/contact/', '2024-06-21 21:24:27'),
 (102, 26, 349, 0, '', 'page_title', 'Contact', '2024-06-21 21:24:27'),
 (103, 26, 349, 0, '', 'page_id', '346', '2024-06-21 21:24:27'),
 (104, 26, 349, 0, '', 'referer', 'https://www.myatlantahomeinspector.com/contact/', '2024-06-21 21:24:27'),
 (105, 27, 349, 0, '', 'page_url', 'https://www.myatlantahomeinspector.com/contact/', '2024-08-10 18:34:36'),
 (106, 27, 349, 0, '', 'page_title', 'Contact', '2024-08-10 18:34:36'),
 (107, 27, 349, 0, '', 'page_id', '346', '2024-08-10 18:34:36'),
 (108, 27, 349, 0, '', 'referer', 'https://www.myatlantahomeinspector.com/contact/', '2024-08-10 18:34:36'),
 (109, 28, 349, 0, '', 'page_url', 'https://www.myatlantahomeinspector.com/contact/', '2024-08-21 16:45:13'),
 (110, 28, 349, 0, '', 'page_title', 'Contact', '2024-08-21 16:45:13'),
 (111, 28, 349, 0, '', 'page_id', '346', '2024-08-21 16:45:13'),
 (112, 28, 349, 0, '', 'referer', 'https://www.myatlantahomeinspector.com/contact/', '2024-08-21 16:45:13'),
 (113, 29, 349, 0, '', 'page_url', 'https://www.myatlantahomeinspector.com/contact/', '2024-08-23 10:27:17'),
 (114, 29, 349, 0, '', 'page_title', 'Contact', '2024-08-23 10:27:17'),
 (115, 29, 349, 0, '', 'page_id', '346', '2024-08-23 10:27:17'),
 (116, 29, 349, 0, '', 'referer', 'https://www.myatlantahomeinspector.com/contact/', '2024-08-23 10:27:17'),
 (117, 30, 349, 0, '', 'page_url', 'https://www.myatlantahomeinspector.com/contact/', '2024-09-09 10:28:36'),
 (118, 30, 349, 0, '', 'page_title', 'Contact', '2024-09-09 10:28:36'),
 (119, 30, 349, 0, '', 'page_id', '346', '2024-09-09 10:28:36'),
 (120, 30, 349, 0, '', 'referer', 'https://www.myatlantahomeinspector.com/contact/', '2024-09-09 10:28:36'),
 (121, 31, 349, 0, '', 'page_url', 'https://www.myatlantahomeinspector.com/contact/', '2024-09-13 02:09:31'),
 (122, 31, 349, 0, '', 'page_title', 'Contact', '2024-09-13 02:09:31'),
 (123, 31, 349, 0, '', 'page_id', '346', '2024-09-13 02:09:31'),
 (124, 31, 349, 0, '', 'referer', '', '2024-09-13 02:09:31'),
 (125, 32, 349, 0, '', 'page_url', 'https://www.myatlantahomeinspector.com/contact/', '2024-09-16 18:19:02'),
 (126, 32, 349, 0, '', 'page_title', 'Contact', '2024-09-16 18:19:02'),
 (127, 32, 349, 0, '', 'page_id', '346', '2024-09-16 18:19:02'),
 (128, 32, 349, 0, '', 'referer', 'https://www.myatlantahomeinspector.com/contact/', '2024-09-16 18:19:02'),
 (129, 33, 349, 0, '', 'page_url', 'https://www.myatlantahomeinspector.com/contact/', '2024-09-25 17:56:19'),
 (130, 33, 349, 0, '', 'page_title', 'Contact', '2024-09-25 17:56:19'),
 (131, 33, 349, 0, '', 'page_id', '346', '2024-09-25 17:56:19'),
 (132, 33, 349, 0, '', 'referer', 'https://www.myatlantahomeinspector.com/contact/', '2024-09-25 17:56:19'),
 (133, 34, 349, 0, '', 'page_url', 'https://www.myatlantahomeinspector.com/contact/', '2024-09-27 06:19:13'),
 (134, 34, 349, 0, '', 'page_title', 'Contact', '2024-09-27 06:19:13'),
 (135, 34, 349, 0, '', 'page_id', '346', '2024-09-27 06:19:13'),
 (136, 34, 349, 0, '', 'referer', 'https://www.myatlantahomeinspector.com/contact/', '2024-09-27 06:19:13'),
 (137, 35, 349, 0, '', 'page_url', 'https://www.myatlantahomeinspector.com/contact/', '2024-09-29 08:56:06'),
 (138, 35, 349, 0, '', 'page_title', 'Contact', '2024-09-29 08:56:06'),
 (139, 35, 349, 0, '', 'page_id', '346', '2024-09-29 08:56:06'),
 (140, 35, 349, 0, '', 'referer', 'https://www.myatlantahomeinspector.com/contact/', '2024-09-29 08:56:06'),
 (141, 36, 349, 0, '', 'page_url', 'https://www.myatlantahomeinspector.com/contact/', '2024-09-30 12:51:10'),
 (142, 36, 349, 0, '', 'page_title', 'Contact', '2024-09-30 12:51:10'),
 (143, 36, 349, 0, '', 'page_id', '346', '2024-09-30 12:51:10'),
 (144, 36, 349, 0, '', 'referer', 'https://www.myatlantahomeinspector.com/contact/', '2024-09-30 12:51:10'),
 (145, 37, 349, 0, '', 'page_url', 'https://www.myatlantahomeinspector.com/contact/', '2024-10-03 11:18:42'),
 (146, 37, 349, 0, '', 'page_title', 'Contact', '2024-10-03 11:18:42'),
 (147, 37, 349, 0, '', 'page_id', '346', '2024-10-03 11:18:42'),
 (148, 37, 349, 0, '', 'referer', 'https://www.myatlantahomeinspector.com/contact/', '2024-10-03 11:18:42'),
 (149, 38, 349, 0, '', 'page_url', 'https://www.myatlantahomeinspector.com/contact/', '2024-10-03 14:39:12'),
 (150, 38, 349, 0, '', 'page_title', 'Contact', '2024-10-03 14:39:12'),
 (151, 38, 349, 0, '', 'page_id', '346', '2024-10-03 14:39:12'),
 (152, 38, 349, 0, '', 'referer', 'https://www.myatlantahomeinspector.com/contact/', '2024-10-03 14:39:12'),
 (153, 39, 349, 0, '', 'page_url', 'https://www.myatlantahomeinspector.com/contact/', '2024-10-04 10:02:54'),
 (154, 39, 349, 0, '', 'page_title', 'Contact', '2024-10-04 10:02:54'),
 (155, 39, 349, 0, '', 'page_id', '346', '2024-10-04 10:02:54'),
 (156, 39, 349, 0, '', 'referer', 'https://www.myatlantahomeinspector.com/contact/', '2024-10-04 10:02:54'),
 (157, 40, 349, 0, '', 'page_url', 'https://www.myatlantahomeinspector.com/contact/', '2024-10-12 11:36:30'),
 (158, 40, 349, 0, '', 'page_title', 'Contact', '2024-10-12 11:36:30'),
 (159, 40, 349, 0, '', 'page_id', '346', '2024-10-12 11:36:30'),
 (160, 40, 349, 0, '', 'referer', 'https://www.myatlantahomeinspector.com/contact/', '2024-10-12 11:36:30'),
 (161, 41, 349, 0, '', 'page_url', 'https://www.myatlantahomeinspector.com/contact/', '2024-10-18 05:17:00'),
 (162, 41, 349, 0, '', 'page_title', 'Contact', '2024-10-18 05:17:00'),
 (163, 41, 349, 0, '', 'page_id', '346', '2024-10-18 05:17:00'),
 (164, 41, 349, 0, '', 'referer', 'https://www.myatlantahomeinspector.com/contact/', '2024-10-18 05:17:00'),
 (165, 42, 349, 0, '', 'page_url', 'https://www.myatlantahomeinspector.com/contact/', '2024-10-18 07:42:56'),
 (166, 42, 349, 0, '', 'page_title', 'Contact', '2024-10-18 07:42:56'),
 (167, 42, 349, 0, '', 'page_id', '346', '2024-10-18 07:42:56'),
 (168, 42, 349, 0, '', 'referer', 'https://www.myatlantahomeinspector.com/contact/', '2024-10-18 07:42:56'),
 (169, 43, 349, 0, '', 'page_url', 'https://www.myatlantahomeinspector.com/contact/', '2024-11-08 06:35:11'),
 (170, 43, 349, 0, '', 'page_title', 'Contact', '2024-11-08 06:35:11'),
 (171, 43, 349, 0, '', 'page_id', '346', '2024-11-08 06:35:11'),
 (172, 43, 349, 0, '', 'referer', 'https://www.myatlantahomeinspector.com/contact/', '2024-11-08 06:35:11'),
 (173, 44, 349, 0, '', 'page_url', 'https://www.myatlantahomeinspector.com/contact/', '2024-11-28 10:09:59'),
 (174, 44, 349, 0, '', 'page_title', 'Contact', '2024-11-28 10:09:59'),
 (175, 44, 349, 0, '', 'page_id', '346', '2024-11-28 10:09:59'),
 (176, 44, 349, 0, '', 'referer', 'https://www.myatlantahomeinspector.com/contact/', '2024-11-28 10:09:59'),
 (177, 45, 349, 0, '', 'page_url', 'https://www.myatlantahomeinspector.com/contact/', '2024-12-05 15:45:55'),
 (178, 45, 349, 0, '', 'page_title', 'Contact', '2024-12-05 15:45:55'),
 (179, 45, 349, 0, '', 'page_id', '346', '2024-12-05 15:45:55'),
 (180, 45, 349, 0, '', 'referer', 'https://www.myatlantahomeinspector.com/contact/', '2024-12-05 15:45:55'),
 (181, 46, 349, 0, '', 'page_url', 'https://www.myatlantahomeinspector.com/contact/', '2024-12-06 20:39:03'),
 (182, 46, 349, 0, '', 'page_title', 'Contact', '2024-12-06 20:39:03'),
 (183, 46, 349, 0, '', 'page_id', '346', '2024-12-06 20:39:03'),
 (184, 46, 349, 0, '', 'referer', 'https://www.myatlantahomeinspector.com/contact/', '2024-12-06 20:39:03'),
 (185, 47, 349, 0, '', 'page_url', 'https://www.myatlantahomeinspector.com/contact/', '2024-12-13 11:21:18'),
 (186, 47, 349, 0, '', 'page_title', 'Contact', '2024-12-13 11:21:18'),
 (187, 47, 349, 0, '', 'page_id', '346', '2024-12-13 11:21:18'),
 (188, 47, 349, 0, '', 'referer', 'https://www.myatlantahomeinspector.com/contact/', '2024-12-13 11:21:18');
# End of data contents of table `bmg24thc_wpforms_entry_meta`

# Table: `bmg24thc_wpforms_logs`

# Delete any existing table `bmg24thc_wpforms_logs`


# Table structure of table `bmg24thc_wpforms_logs`

CREATE TABLE `bmg24thc_wpforms_logs` (
  `id` bigint(20) NOT NULL AUTO_INCREMENT,
  `title` varchar(255) NOT NULL,
  `message` longtext NOT NULL,
  `types` varchar(255) NOT NULL,
  `create_at` datetime NOT NULL,
  `form_id` bigint(20) DEFAULT NULL,
  `entry_id` bigint(20) DEFAULT NULL,
  `user_id` bigint(20) DEFAULT NULL,
  PRIMARY KEY (`id`)
) ENGINE=InnoDB AUTO_INCREMENT=28 DEFAULT CHARSET=utf8mb4 COLLATE=utf8mb4_unicode_520_ci ;

# Data contents of table `bmg24thc_wpforms_logs`

# Approximate rows expected in table: 27
 
INSERT INTO `bmg24thc_wpforms_logs` VALUES (1, 'Migration', 'Migration of WPForms to 1.9.1 started.', 'log', '2024-10-14 18:45:19', 0, 0, 1),
 (2, 'Migration', 'Migration of WPForms to 1.9.1 completed.', 'log', '2024-10-14 18:45:19', 0, 0, 1),
 (3, 'Migration', 'Migration of WPForms Pro to 1.8.9 started.', 'log', '2024-10-14 18:45:19', 0, 0, 1),
 (4, 'Migration', 'Migration of WPForms Pro to 1.8.9 completed.', 'log', '2024-10-14 18:45:19', 0, 0, 1),
 (5, 'Migration', 'Migration of WPForms Pro to 1.9.0 started.', 'log', '2024-10-14 18:45:19', 0, 0, 1),
 (6, 'Migration', 'Migration of WPForms Pro to 1.9.1 started.', 'log', '2024-10-14 18:45:19', 0, 0, 1),
 (7, 'Migration', 'Migration of WPForms Pro to 1.9.1 completed.', 'log', '2024-10-14 18:45:19', 0, 0, 1),
 (8, 'Migration', 'Migration of WPForms to 1.9.1.3 is fully completed.', 'log', '2024-10-14 18:45:19', 0, 0, 1),
 (9, 'Migration', 'Migration of WPForms Pro to 1.9.0 completed.', 'log', '2024-10-14 18:47:52', 0, 0, 1),
 (10, 'Migration', 'Migration of WPForms Pro to 1.9.1.3 is fully completed.', 'log', '2024-10-14 18:47:52', 0, 0, 1),
 (11, 'Migration', 'Migration of WPForms to 1.9.1.4 is fully completed.', 'log', '2024-10-17 17:42:57', 0, 0, 0),
 (12, 'Migration', 'Migration of WPForms Pro to 1.9.1.4 is fully completed.', 'log', '2024-10-17 17:42:57', 0, 0, 0),
 (13, 'Migration', 'Migration of WPForms to 1.9.1.5 is fully completed.', 'log', '2024-10-23 17:43:37', 0, 0, 0),
 (14, 'Migration', 'Migration of WPForms Pro to 1.9.1.5 is fully completed.', 'log', '2024-10-23 17:43:38', 0, 0, 0),
 (15, 'Migration', 'Migration of WPForms to 1.9.1.6 is fully completed.', 'log', '2024-10-28 17:53:52', 0, 0, 0),
 (16, 'Migration', 'Migration of WPForms Pro to 1.9.1.6 is fully completed.', 'log', '2024-10-28 17:53:52', 0, 0, 0),
 (17, 'Antispam: Token is invalid', '<pre>Array\n(\n    [message] =&gt; Antispam token is invalid. Please reload the page and try submitting the form again.\n    [referer] =&gt; \n    [form] =&gt; Contact Request Form (ID: 349)\n    [token] =&gt; \n    [user_ip] =&gt; 138.229.96.102\n    [entry_data] =&gt; Array\n        (\n            [fields] =&gt; Array\n                (\n                    [2] =&gt; Array\n                        (\n                            [last] =&gt; Frez\n                            [first] =&gt; Edward\n                        )\n\n                    [3] =&gt; Hello,\r\n\r\nEmbark on a journey of digital wonders with our Web Design marvels. We specialize in crafting websites that are not just pages but captivating digital wonders.\r\n\r\n*Visual Marvels: Experience the marvels of visually stunning designs that captivate and engage your audience.\r\n\r\n*Strategic Wizardry: Our Web Design marvels include strategic wizardry, ensuring every element aligns with your brand\'s goals.\r\n\r\n*Endless Possibilities: Explore endless possibilities as we turn your digital dreams into captivating online realities.\r\n\r\nReady for marvels? Reply to this message, and let\'s craft the digital wonders your brand deserves.\r\n\r\nBest,\n\nEdward Frez | Web Developer \n                    [5] =&gt; EdFrez689@gmail.com\n                    [6] =&gt; (302) 316-5112\n                )\n\n            [post_id] =&gt; 346\n            [id] =&gt; 349\n        )\n\n)\n</pre>', 'spam,error', '2024-10-29 07:38:04', 349, 0, 0),
 (18, 'Migration', 'Migration of WPForms to 1.9.2 started.', 'log', '2024-11-05 17:56:49', 0, 0, 0),
 (19, 'Migration', 'Migration of WPForms Pro to 1.9.2 is fully completed.', 'log', '2024-11-05 17:56:49', 0, 0, 0),
 (20, 'Migration', 'Migration of WPForms to 1.9.2 completed.', 'log', '2024-11-05 18:38:47', 0, 0, 0),
 (21, 'Migration', 'Migration of WPForms to 1.9.2 is fully completed.', 'log', '2024-11-05 18:38:47', 0, 0, 0),
 (22, 'Migration', 'Migration of WPForms to 1.9.2.1 is fully completed.', 'log', '2024-11-07 05:36:31', 0, 0, 0),
 (23, 'Migration', 'Migration of WPForms Pro to 1.9.2.1 is fully completed.', 'log', '2024-11-07 05:36:31', 0, 0, 0),
 (24, 'Migration', 'Migration of WPForms to 1.9.2.2 is fully completed.', 'log', '2024-11-18 18:06:26', 0, 0, 0),
 (25, 'Migration', 'Migration of WPForms Pro to 1.9.2.2 is fully completed.', 'log', '2024-11-18 18:06:26', 0, 0, 0),
 (26, 'Migration', 'Migration of WPForms to 1.9.2.3 is fully completed.', 'log', '2024-12-04 05:36:00', 0, 0, 0),
 (27, 'Migration', 'Migration of WPForms Pro to 1.9.2.3 is fully completed.', 'log', '2024-12-04 05:36:00', 0, 0, 0);
# End of data contents of table `bmg24thc_wpforms_logs`

# Table: `bmg24thc_wpforms_payment_meta`

# Delete any existing table `bmg24thc_wpforms_payment_meta`


# Table structure of table `bmg24thc_wpforms_payment_meta`

CREATE TABLE `bmg24thc_wpforms_payment_meta` (
  `id` bigint(20) NOT NULL AUTO_INCREMENT,
  `payment_id` bigint(20) NOT NULL,
  `meta_key` varchar(255) DEFAULT NULL,
  `meta_value` longtext DEFAULT NULL,
  PRIMARY KEY (`id`),
  KEY `payment_id` (`payment_id`),
  KEY `meta_key` (`meta_key`(191)),
  KEY `meta_value` (`meta_value`(191))
) ENGINE=InnoDB DEFAULT CHARSET=utf8mb4 COLLATE=utf8mb4_unicode_520_ci ;

# Data contents of table `bmg24thc_wpforms_payment_meta`

# Approximate rows expected in table: 0

# End of data contents of table `bmg24thc_wpforms_payment_meta`

# Table: `bmg24thc_wpforms_payments`

# Delete any existing table `bmg24thc_wpforms_payments`


# Table structure of table `bmg24thc_wpforms_payments`

CREATE TABLE `bmg24thc_wpforms_payments` (
  `id` bigint(20) NOT NULL AUTO_INCREMENT,
  `form_id` bigint(20) NOT NULL,
  `status` varchar(10) NOT NULL DEFAULT '',
  `subtotal_amount` decimal(26,8) NOT NULL DEFAULT 0.00000000,
  `discount_amount` decimal(26,8) NOT NULL DEFAULT 0.00000000,
  `total_amount` decimal(26,8) NOT NULL DEFAULT 0.00000000,
  `currency` varchar(3) NOT NULL DEFAULT '',
  `entry_id` bigint(20) NOT NULL DEFAULT 0,
  `gateway` varchar(20) NOT NULL DEFAULT '',
  `type` varchar(12) NOT NULL DEFAULT '',
  `mode` varchar(4) NOT NULL DEFAULT '',
  `transaction_id` varchar(40) NOT NULL DEFAULT '',
  `customer_id` varchar(40) NOT NULL DEFAULT '',
  `subscription_id` varchar(40) NOT NULL DEFAULT '',
  `subscription_status` varchar(10) NOT NULL DEFAULT '',
  `title` varchar(255) NOT NULL DEFAULT '',
  `date_created_gmt` datetime NOT NULL,
  `date_updated_gmt` datetime NOT NULL,
  `is_published` tinyint(1) NOT NULL DEFAULT 1,
  PRIMARY KEY (`id`),
  KEY `form_id` (`form_id`),
  KEY `status` (`status`(8)),
  KEY `total_amount` (`total_amount`),
  KEY `type` (`type`(8)),
  KEY `transaction_id` (`transaction_id`(32)),
  KEY `customer_id` (`customer_id`(32)),
  KEY `subscription_id` (`subscription_id`(32)),
  KEY `subscription_status` (`subscription_status`(8)),
  KEY `title` (`title`(64))
) ENGINE=InnoDB DEFAULT CHARSET=utf8mb4 COLLATE=utf8mb4_unicode_520_ci ;

# Data contents of table `bmg24thc_wpforms_payments`

# Approximate rows expected in table: 0

# End of data contents of table `bmg24thc_wpforms_payments`

# Table: `bmg24thc_wpforms_tasks_meta`

# Delete any existing table `bmg24thc_wpforms_tasks_meta`


# Table structure of table `bmg24thc_wpforms_tasks_meta`

CREATE TABLE `bmg24thc_wpforms_tasks_meta` (
  `id` bigint(20) NOT NULL AUTO_INCREMENT,
  `action` varchar(255) NOT NULL,
  `data` longtext NOT NULL,
  `date` datetime NOT NULL,
  PRIMARY KEY (`id`)
) ENGINE=InnoDB AUTO_INCREMENT=234 DEFAULT CHARSET=utf8mb4 COLLATE=utf8mb4_unicode_520_ci ;

# Data contents of table `bmg24thc_wpforms_tasks_meta`

# Approximate rows expected in table: 9
 
INSERT INTO `bmg24thc_wpforms_tasks_meta` VALUES (1, 'wpforms_process_forms_locator_scan', 'W10=', '2024-01-30 19:58:33'),
 (2, 'wpforms_pro_core_info_cache_update', 'W10=', '2024-01-30 19:58:33'),
 (4, 'wpforms_admin_addons_cache_update', 'W10=', '2024-01-30 20:01:35'),
 (5, 'wpforms_builder_help_cache_update', 'W10=', '2024-01-30 20:01:35'),
 (6, 'wpforms_admin_builder_templates_cache_update', 'W10=', '2024-01-30 20:01:35'),
 (31, 'wpforms-pro_license_api_plugin-update_cache', 'W10=', '2024-02-22 16:22:07'),
 (32, 'wpforms-pro_license_api_plugin-info_cache', 'W10=', '2024-02-22 16:22:07'),
 (33, 'wpforms-pro_license_api_validate-key_cache', 'W10=', '2024-02-22 16:22:07'),
 (154, 'wpforms_process_purge_spam', 'W10=', '2024-10-14 18:45:20');
# End of data contents of table `bmg24thc_wpforms_tasks_meta`

# Table: `bmg24thc_wpmailsmtp_debug_events`

# Delete any existing table `bmg24thc_wpmailsmtp_debug_events`


# Table structure of table `bmg24thc_wpmailsmtp_debug_events`

CREATE TABLE `bmg24thc_wpmailsmtp_debug_events` (
  `id` int(10) unsigned NOT NULL AUTO_INCREMENT,
  `content` text DEFAULT NULL,
  `initiator` text DEFAULT NULL,
  `event_type` tinyint(3) unsigned NOT NULL DEFAULT 0,
  `created_at` timestamp NOT NULL DEFAULT current_timestamp(),
  PRIMARY KEY (`id`)
) ENGINE=InnoDB DEFAULT CHARSET=utf8mb4 COLLATE=utf8mb4_unicode_520_ci ;

# Data contents of table `bmg24thc_wpmailsmtp_debug_events`

# Approximate rows expected in table: 0

# End of data contents of table `bmg24thc_wpmailsmtp_debug_events`

# Table: `bmg24thc_wpmailsmtp_tasks_meta`

# Delete any existing table `bmg24thc_wpmailsmtp_tasks_meta`


# Table structure of table `bmg24thc_wpmailsmtp_tasks_meta`

CREATE TABLE `bmg24thc_wpmailsmtp_tasks_meta` (
  `id` bigint(20) NOT NULL AUTO_INCREMENT,
  `action` varchar(255) NOT NULL,
  `data` longtext NOT NULL,
  `date` datetime NOT NULL,
  PRIMARY KEY (`id`)
) ENGINE=InnoDB AUTO_INCREMENT=2 DEFAULT CHARSET=utf8mb4 COLLATE=utf8mb4_unicode_520_ci ;

# Data contents of table `bmg24thc_wpmailsmtp_tasks_meta`

# Approximate rows expected in table: 1
 
INSERT INTO `bmg24thc_wpmailsmtp_tasks_meta` VALUES (1, 'wp_mail_smtp_admin_notifications_update', 'W10=', '2024-02-23 17:37:43');
# End of data contents of table `bmg24thc_wpmailsmtp_tasks_meta`

# Table: `bmg24thc_yoast_indexable`

# Delete any existing table `bmg24thc_yoast_indexable`


# Table structure of table `bmg24thc_yoast_indexable`

CREATE TABLE `bmg24thc_yoast_indexable` (
  `id` int(11) unsigned NOT NULL AUTO_INCREMENT,
  `permalink` longtext DEFAULT NULL,
  `permalink_hash` varchar(40) DEFAULT NULL,
  `object_id` bigint(20) DEFAULT NULL,
  `object_type` varchar(32) NOT NULL,
  `object_sub_type` varchar(32) DEFAULT NULL,
  `author_id` bigint(20) DEFAULT NULL,
  `post_parent` bigint(20) DEFAULT NULL,
  `title` text DEFAULT NULL,
  `description` mediumtext DEFAULT NULL,
  `breadcrumb_title` text DEFAULT NULL,
  `post_status` varchar(20) DEFAULT NULL,
  `is_public` tinyint(1) DEFAULT NULL,
  `is_protected` tinyint(1) DEFAULT 0,
  `has_public_posts` tinyint(1) DEFAULT NULL,
  `number_of_pages` int(11) unsigned DEFAULT NULL,
  `canonical` longtext DEFAULT NULL,
  `primary_focus_keyword` varchar(191) DEFAULT NULL,
  `primary_focus_keyword_score` int(3) DEFAULT NULL,
  `readability_score` int(3) DEFAULT NULL,
  `is_cornerstone` tinyint(1) DEFAULT 0,
  `is_robots_noindex` tinyint(1) DEFAULT 0,
  `is_robots_nofollow` tinyint(1) DEFAULT 0,
  `is_robots_noarchive` tinyint(1) DEFAULT 0,
  `is_robots_noimageindex` tinyint(1) DEFAULT 0,
  `is_robots_nosnippet` tinyint(1) DEFAULT 0,
  `twitter_title` text DEFAULT NULL,
  `twitter_image` longtext DEFAULT NULL,
  `twitter_description` longtext DEFAULT NULL,
  `twitter_image_id` varchar(191) DEFAULT NULL,
  `twitter_image_source` text DEFAULT NULL,
  `open_graph_title` text DEFAULT NULL,
  `open_graph_description` longtext DEFAULT NULL,
  `open_graph_image` longtext DEFAULT NULL,
  `open_graph_image_id` varchar(191) DEFAULT NULL,
  `open_graph_image_source` text DEFAULT NULL,
  `open_graph_image_meta` mediumtext DEFAULT NULL,
  `link_count` int(11) DEFAULT NULL,
  `incoming_link_count` int(11) DEFAULT NULL,
  `prominent_words_version` int(11) unsigned DEFAULT NULL,
  `created_at` datetime DEFAULT NULL,
  `updated_at` timestamp NOT NULL DEFAULT current_timestamp() ON UPDATE current_timestamp(),
  `blog_id` bigint(20) NOT NULL DEFAULT 1,
  `language` varchar(32) DEFAULT NULL,
  `region` varchar(32) DEFAULT NULL,
  `schema_page_type` varchar(64) DEFAULT NULL,
  `schema_article_type` varchar(64) DEFAULT NULL,
  `has_ancestors` tinyint(1) DEFAULT 0,
  `estimated_reading_time_minutes` int(11) DEFAULT NULL,
  `version` int(11) DEFAULT 1,
  `object_last_modified` datetime DEFAULT NULL,
  `object_published_at` datetime DEFAULT NULL,
  `inclusive_language_score` int(3) DEFAULT NULL,
  PRIMARY KEY (`id`),
  KEY `object_type_and_sub_type` (`object_type`,`object_sub_type`),
  KEY `object_id_and_type` (`object_id`,`object_type`),
  KEY `permalink_hash_and_object_type` (`permalink_hash`,`object_type`),
  KEY `subpages` (`post_parent`,`object_type`,`post_status`,`object_id`),
  KEY `prominent_words` (`prominent_words_version`,`object_type`,`object_sub_type`,`post_status`),
  KEY `published_sitemap_index` (`object_published_at`,`is_robots_noindex`,`object_type`,`object_sub_type`)
) ENGINE=InnoDB AUTO_INCREMENT=49 DEFAULT CHARSET=utf8mb4 COLLATE=utf8mb4_unicode_520_ci ;

# Data contents of table `bmg24thc_yoast_indexable`

# Approximate rows expected in table: 42
 
INSERT INTO `bmg24thc_yoast_indexable` VALUES (1, 'https://www.myatlantahomeinspector.com/contact/', '47:87e7d2a493b83ad6f58c6f034208980e', 346, 'post', 'page', 1, 0, 'Contact Us | Total Home Consultants', 'Contact Total Home Consultants today to schedule an appointment and ensure the safety and integrity of your home.', 'Contact', 'publish', NULL, 0, NULL, NULL, NULL, NULL, NULL, 90, 0, 0, 0, 0, 0, 0, NULL, NULL, NULL, NULL, NULL, NULL, NULL, NULL, NULL, NULL, NULL, 0, NULL, NULL, '2024-02-12 18:15:01', '2024-10-14 18:39:37', 1, NULL, NULL, NULL, NULL, 0, 1, 2, '2024-10-14 18:39:36', '2024-01-30 20:01:02', 0),
 (3, 'https://www.myatlantahomeinspector.com/', '39:9048f0eb3f052909aaf540e15104c6c8', 39, 'post', 'page', 1, 0, 'Total Home Consultants: Dacula Home Inspection Company', 'Total Home Consultants has been providing Metro Atlanta with comprehensive home inspections for over 20 years. Schedule your service today!', 'Home', 'publish', NULL, 0, NULL, NULL, NULL, NULL, NULL, 90, 0, 0, 0, 0, 0, 0, NULL, NULL, NULL, NULL, NULL, NULL, NULL, NULL, NULL, NULL, NULL, 6, NULL, NULL, '2024-02-12 18:15:01', '2024-10-15 16:25:30', 1, NULL, NULL, NULL, NULL, 0, 4, 2, '2024-10-15 16:25:29', '2024-01-16 20:43:46', 0),
 (4, 'https://www.myatlantahomeinspector.com/home-inspection-companies-dacula/', '72:cff06b420b00d060799262509ef71744', 398, 'post', 'page', 1, 0, 'Home & Property Inspection Services Dacula, GA', 'For over 20 years, Total Home Consultants has been providing Metro Atlanta with comprehensive home inspections. Contact us today!', 'Home Inspections', 'publish', NULL, 0, NULL, NULL, NULL, NULL, NULL, 90, 0, 0, 0, 0, 0, 0, NULL, NULL, NULL, NULL, NULL, NULL, NULL, NULL, NULL, NULL, NULL, 0, 1, NULL, '2024-02-12 18:15:01', '2024-10-15 12:25:30', 1, NULL, NULL, NULL, NULL, 0, 2, 2, '2024-08-21 21:25:30', '2024-02-07 20:57:05', 0),
 (5, 'https://www.myatlantahomeinspector.com/mold-testing/', '52:5ef17e2c7065d17d741ac41a554811f7', 430, 'post', 'page', 1, 0, 'Mold Testing in Dacula & Atlanta | Total Home Consultants', 'Avoid dangerous hazards to your health and home with mold testing from Total Home Consultants. Schedule your service today!', 'Mold Testing', 'publish', NULL, 0, NULL, NULL, NULL, NULL, NULL, 90, 0, 0, 0, 0, 0, 0, NULL, NULL, NULL, NULL, NULL, NULL, NULL, NULL, NULL, NULL, NULL, 0, NULL, NULL, '2024-02-12 18:15:01', '2024-08-21 21:07:13', 1, NULL, NULL, NULL, NULL, 0, 2, 2, '2024-08-21 21:07:13', '2024-02-08 18:18:47', 0),
 (6, 'https://www.myatlantahomeinspector.com/portfolio/', '47:da24db33b6d894e3c457a65bbfb35172', 133, 'post', 'page', 1, 0, 'Portfolio - Total Home Consultants', 'Explore the portfolio of Total Home Consultants, showcasing our expertise in providing thorough and reliable home inspection services.', 'Portfolio', 'publish', NULL, 0, NULL, NULL, NULL, NULL, NULL, 0, 0, 0, 0, 0, 0, 0, NULL, NULL, NULL, NULL, NULL, NULL, NULL, NULL, NULL, NULL, NULL, 3, 1, NULL, '2024-02-12 18:15:01', '2024-10-15 12:25:30', 1, NULL, NULL, NULL, NULL, 0, 1, 2, '2024-02-27 18:56:34', '2024-01-24 19:06:34', 0),
 (8, 'https://www.myatlantahomeinspector.com/radon-testing/', '53:01c47d4e331bdc863043dd73ae8ee45a', 440, 'post', 'page', 1, 0, 'Radon Testing in Dacula & Atlanta | Total Home Consultants', 'At Total Home Consultants, our technicians use the most advanced radon testing technologies available. Schedule your inspection today!', 'Radon Testing', 'publish', NULL, 0, NULL, NULL, NULL, NULL, NULL, 60, 0, 0, 0, 0, 0, 0, NULL, NULL, NULL, NULL, NULL, NULL, NULL, NULL, NULL, NULL, NULL, 0, NULL, NULL, '2024-02-12 18:15:01', '2024-08-21 21:26:35', 1, NULL, NULL, NULL, NULL, 0, 2, 2, '2024-08-21 21:26:35', '2024-02-08 21:01:31', 0),
 (9, 'https://www.myatlantahomeinspector.com/?page_id=273', '49:1f6c9e9722139628d220148199574b04', 273, 'post', 'page', 1, 0, NULL, 'Effortless Online Scheduling for Your Home Inspections. Submit your form today!', 'Testing', 'draft', 0, 0, NULL, NULL, NULL, NULL, NULL, 90, 0, 0, 0, 0, 0, 0, NULL, NULL, NULL, NULL, NULL, NULL, NULL, NULL, NULL, NULL, NULL, 0, NULL, NULL, '2024-02-12 18:15:01', '2024-02-29 15:19:03', 1, NULL, NULL, NULL, NULL, 0, 1, 2, '2024-02-29 16:36:54', '2024-01-26 18:45:07', 0),
 (10, 'https://www.myatlantahomeinspector.com/', '39:9048f0eb3f052909aaf540e15104c6c8', NULL, 'home-page', NULL, NULL, NULL, '%%sitename%% %%page%% %%sep%% %%sitedesc%%', 'Top-Rated Atlanta Home Inspections &amp; Testing', 'Home', NULL, NULL, 0, NULL, NULL, NULL, NULL, NULL, NULL, 0, 0, 0, 0, 0, 0, NULL, NULL, NULL, NULL, NULL, '%%sitename%%', '', '', '0', NULL, NULL, NULL, 0, NULL, '2024-02-12 18:15:04', '2024-10-29 22:01:04', 1, NULL, NULL, NULL, NULL, 0, NULL, 2, '2024-10-29 22:01:04', '2015-02-18 16:46:00', NULL),
 (12, 'https://www.myatlantahomeinspector.com/project/', '45:b4cf8cca842fdccb94bc2e43da2d30ba', NULL, 'post-type-archive', 'project', NULL, NULL, '%%pt_plural%% Archive %%page%% %%sep%% %%sitename%%', '', 'Projects', NULL, 1, 0, NULL, NULL, NULL, NULL, NULL, NULL, 0, 0, 0, 0, 0, 0, NULL, NULL, NULL, NULL, NULL, NULL, NULL, NULL, NULL, NULL, NULL, NULL, NULL, NULL, '2024-02-12 18:15:04', '2024-02-29 15:19:03', 1, NULL, NULL, NULL, NULL, 0, NULL, 2, '2024-02-27 19:56:15', '2024-01-24 19:10:04', NULL),
 (16, 'https://www.myatlantahomeinspector.com/project/project-1/', '55:f3b9510312dcd0446d3c568d6e02b86c', 139, 'post', 'project', 1, 0, NULL, NULL, 'Project 1', 'publish', NULL, 0, NULL, NULL, NULL, NULL, NULL, 30, 0, 0, 0, 0, 0, 0, NULL, 'https://www.myatlantahomeinspector.com/wp-content/uploads/2024/02/Inspection-1-1.webp', NULL, '474', 'featured-image', NULL, NULL, 'https://www.myatlantahomeinspector.com/wp-content/uploads/2024/02/Inspection-1-1.webp', '474', 'featured-image', '{"width":1440,"height":810,"filesize":270694,"url":"https://www.myatlantahomeinspector.com/wp-content/uploads/2024/02/Inspection-1-1.webp","path":"/home/lfp/public_html/preview/total/wp-content/uploads/2024/02/Inspection-1-1.webp","size":"full","id":474,"alt":"","pixels":1166400,"type":"image/webp"}', 44, 2, NULL, '2024-02-12 19:27:50', '2024-10-15 12:25:30', 1, NULL, NULL, NULL, NULL, 0, 7, 2, '2024-02-27 19:56:12', '2024-01-24 19:10:04', 0),
 (17, 'https://www.myatlantahomeinspector.com/project/project-2/', '55:32b513dcd788ce3dd6e5ed42639d854f', 141, 'post', 'project', 1, 0, NULL, NULL, 'Project 2', 'publish', NULL, 0, NULL, NULL, NULL, NULL, NULL, 60, 0, 0, 0, 0, 0, 0, NULL, 'https://www.myatlantahomeinspector.com/wp-content/uploads/2024/02/inspection-2-1.webp', NULL, '784', 'featured-image', NULL, NULL, 'https://www.myatlantahomeinspector.com/wp-content/uploads/2024/02/inspection-2-1.webp', '784', 'featured-image', '{"width":1440,"height":810,"filesize":168678,"url":"https://www.myatlantahomeinspector.com/wp-content/uploads/2024/02/inspection-2-1.webp","path":"/home/lfp/public_html/preview/total/wp-content/uploads/2024/02/inspection-2-1.webp","size":"full","id":784,"alt":"","pixels":1166400,"type":"image/webp"}', 66, 2, NULL, '2024-02-12 19:27:50', '2024-10-15 12:25:30', 1, NULL, NULL, NULL, NULL, 0, 10, 2, '2024-02-27 19:56:15', '2024-01-24 19:10:30', 0),
 (18, 'https://www.myatlantahomeinspector.com/project/project-3/', '55:525ed43d6ceaade661d395f404cbace4', 143, 'post', 'project', 1, 0, NULL, NULL, 'Project 3', 'publish', NULL, 0, NULL, NULL, NULL, NULL, NULL, 30, 0, 0, 0, 0, 0, 0, NULL, 'https://www.myatlantahomeinspector.com/wp-content/uploads/2024/02/inspection-3-0-1.webp', NULL, '875', 'featured-image', NULL, NULL, 'https://www.myatlantahomeinspector.com/wp-content/uploads/2024/02/inspection-3-0-1.webp', '875', 'featured-image', '{"width":1440,"height":810,"filesize":101118,"url":"https://www.myatlantahomeinspector.com/wp-content/uploads/2024/02/inspection-3-0-1.webp","path":"/home/lfp/public_html/preview/total/wp-content/uploads/2024/02/inspection-3-0-1.webp","size":"full","id":875,"alt":"","pixels":1166400,"type":"image/webp"}', 70, 2, NULL, '2024-02-12 19:27:50', '2024-10-15 12:25:30', 1, NULL, NULL, NULL, NULL, 0, 10, 2, '2024-02-27 19:00:16', '2024-01-24 19:10:48', 0),
 (19, 'https://www.myatlantahomeinspector.com/blog/category/general/', '59:b1977c7f2915768b68187ca60327c2c7', 1, 'term', 'category', NULL, NULL, NULL, NULL, 'General', NULL, NULL, 0, NULL, NULL, NULL, NULL, NULL, NULL, 0, 0, 0, 0, 0, 0, NULL, NULL, NULL, NULL, NULL, NULL, NULL, NULL, NULL, NULL, NULL, 0, NULL, NULL, '2024-02-12 19:27:50', '2024-02-29 15:19:03', 1, NULL, NULL, NULL, NULL, 0, NULL, 2, '2024-02-23 15:17:43', '2015-02-18 16:46:00', NULL),
 (20, 'https://www.myatlantahomeinspector.com/blog/scope/not_global/', '59:01fbceb577663bb0e503ab1e62fc9d93', 5, 'term', 'scope', NULL, NULL, NULL, NULL, 'not_global', NULL, NULL, 0, NULL, NULL, NULL, NULL, NULL, NULL, 0, 0, 0, 0, 0, 0, NULL, NULL, NULL, NULL, NULL, NULL, NULL, NULL, NULL, NULL, NULL, 0, NULL, NULL, '2024-02-12 19:27:50', '2024-02-29 15:19:03', 1, NULL, NULL, NULL, NULL, 0, NULL, 2, '2024-01-26 20:53:19', '2024-01-24 17:25:46', NULL),
 (21, 'https://www.myatlantahomeinspector.com/blog/layout_type/row/', '58:af50cfd097e62a026421ae749f0adbeb', 6, 'term', 'layout_type', NULL, NULL, NULL, NULL, 'row', NULL, NULL, 0, NULL, NULL, NULL, NULL, NULL, NULL, 0, 0, 0, 0, 0, 0, NULL, NULL, NULL, NULL, NULL, NULL, NULL, NULL, NULL, NULL, NULL, 0, NULL, NULL, '2024-02-12 19:27:50', '2024-02-29 15:19:03', 1, NULL, NULL, NULL, NULL, 0, NULL, 2, '2024-01-24 17:46:18', '2024-01-24 17:25:46', NULL),
 (22, 'https://www.myatlantahomeinspector.com/blog/module_width/regular/', '63:d4e5a739108ef6adcd9c1adcde8da9c3', 7, 'term', 'module_width', NULL, NULL, NULL, NULL, 'regular', NULL, NULL, 0, NULL, NULL, NULL, NULL, NULL, NULL, 0, 0, 0, 0, 0, 0, NULL, NULL, NULL, NULL, NULL, NULL, NULL, NULL, NULL, NULL, NULL, 0, NULL, NULL, '2024-02-12 19:27:50', '2024-02-29 15:19:03', 1, NULL, NULL, NULL, NULL, 0, NULL, 2, '2024-01-26 20:53:19', '2024-01-24 17:25:46', NULL),
 (23, 'https://www.myatlantahomeinspector.com/blog/layout_type/section/', '62:9f17b4217eddd4793c302bec864543c3', 8, 'term', 'layout_type', NULL, NULL, NULL, NULL, 'section', NULL, NULL, 0, NULL, NULL, NULL, NULL, NULL, NULL, 0, 0, 0, 0, 0, 0, NULL, NULL, NULL, NULL, NULL, NULL, NULL, NULL, NULL, NULL, NULL, 0, NULL, NULL, '2024-02-12 19:27:50', '2024-02-29 15:19:03', 1, NULL, NULL, NULL, NULL, 0, NULL, 2, '2024-01-26 20:53:19', '2024-01-24 18:27:28', NULL),
 (24, 'https://www.myatlantahomeinspector.com/blog/layout_type/layout/', '61:3ff1bd160817f3e3666852e8a9858858', 9, 'term', 'layout_type', NULL, NULL, NULL, NULL, 'layout', NULL, NULL, 0, NULL, NULL, NULL, NULL, NULL, NULL, 0, 0, 0, 0, 0, 0, NULL, NULL, NULL, NULL, NULL, NULL, NULL, NULL, NULL, NULL, NULL, 0, NULL, NULL, '2024-02-12 19:27:50', '2024-02-29 15:19:03', 1, NULL, NULL, NULL, NULL, 0, NULL, 2, '2024-01-29 17:08:10', '2024-01-24 20:25:30', NULL),
 (25, NULL, NULL, NULL, 'system-page', '404', NULL, NULL, 'Page not found %%sep%% %%sitename%%', NULL, 'Error 404: Page not found', NULL, NULL, 0, NULL, NULL, NULL, NULL, NULL, NULL, 0, 1, 0, 0, 0, 0, NULL, NULL, NULL, NULL, NULL, NULL, NULL, NULL, NULL, NULL, NULL, NULL, NULL, NULL, '2024-02-12 19:27:50', '2024-02-12 19:27:50', 1, NULL, NULL, NULL, NULL, 0, NULL, 1, NULL, NULL, NULL),
 (26, NULL, NULL, NULL, 'system-page', 'search-result', NULL, NULL, 'You searched for %%searchphrase%% %%page%% %%sep%% %%sitename%%', NULL, NULL, NULL, NULL, 0, NULL, NULL, NULL, NULL, NULL, NULL, 0, 1, 0, 0, 0, 0, NULL, NULL, NULL, NULL, NULL, NULL, NULL, NULL, NULL, NULL, NULL, NULL, NULL, NULL, '2024-02-12 19:27:50', '2024-02-12 19:27:50', 1, NULL, NULL, NULL, NULL, 0, NULL, 1, NULL, NULL, NULL),
 (27, NULL, NULL, NULL, 'date-archive', NULL, NULL, NULL, '%%date%% %%page%% %%sep%% %%sitename%%', '', NULL, NULL, 0, 0, NULL, NULL, NULL, NULL, NULL, NULL, 0, 1, 0, 0, 0, 0, NULL, NULL, NULL, NULL, NULL, NULL, NULL, NULL, NULL, NULL, NULL, NULL, NULL, NULL, '2024-02-12 19:27:50', '2024-02-12 19:27:50', 1, NULL, NULL, NULL, NULL, 0, NULL, 1, NULL, NULL, NULL),
 (28, 'https://www.myatlantahomeinspector.com/insurance/', '49:3fe371daba31b3493e0387a6773d4e0e', 523, 'post', 'page', 1, 0, 'Allstate Insurance from Total Home Consultants', 'If we have performed an inspection on your home, the information we have allows us to build the best insurance policies for you.', 'Insurance', 'publish', NULL, 0, NULL, NULL, NULL, NULL, NULL, 90, 0, 0, 0, 0, 0, 0, NULL, NULL, NULL, NULL, NULL, NULL, NULL, NULL, NULL, NULL, NULL, 0, NULL, NULL, '2024-02-12 21:42:40', '2024-03-21 17:51:37', 1, NULL, NULL, NULL, NULL, 0, 2, 2, '2024-03-21 17:51:37', '2024-02-12 21:42:40', 0),
 (29, 'https://www.myatlantahomeinspector.com/areas-we-serve/', '54:48fbdd06c031324d24baf12ace16b842', 545, 'post', 'page', 1, 0, NULL, 'Total Home Consultants has been providing comprehensive home inspections for over 20 years. View our service area & schedule an appointment!', 'Areas We Serve', 'publish', NULL, 0, NULL, NULL, NULL, NULL, NULL, 90, 0, 0, 0, 0, 0, 0, NULL, NULL, NULL, NULL, NULL, NULL, NULL, NULL, NULL, NULL, NULL, 4, NULL, NULL, '2024-02-13 19:07:43', '2024-05-09 20:25:38', 1, NULL, NULL, NULL, NULL, 0, 1, 2, '2024-05-09 20:25:37', '2024-02-13 19:07:43', 0),
 (30, 'https://www.myatlantahomeinspector.com/testimonials/', '50:74bf9b0a027edd8847628784908ec74f', 563, 'post', 'page', 1, 0, NULL, 'Explore testimonials and reviews from satisfied clients of Total Home Consultants, your trusted partner in comprehensive home inspections.', 'Testimonials', 'publish', NULL, 0, NULL, NULL, NULL, NULL, NULL, 90, 0, 0, 0, 0, 0, 0, NULL, NULL, NULL, NULL, NULL, NULL, NULL, NULL, NULL, NULL, NULL, 0, NULL, NULL, '2024-02-13 21:11:22', '2024-02-29 15:19:03', 1, NULL, NULL, NULL, NULL, 0, 4, 2, '2024-02-15 18:15:10', '2024-02-13 21:11:45', 0),
 (31, 'https://www.myatlantahomeinspector.com/blog/atlanta-home-inspector-samples-for-mold/', '82:edf43ab24782258db9d9709eae3e223e', 620, 'post', 'post', 1, 0, NULL, 'If you have questions about mold sampling for your home, call your trusted Atlanta home inspector at Total Home Consultants.', 'Atlanta Home Inspector Samples for Mold', 'publish', NULL, 0, NULL, NULL, NULL, NULL, NULL, 60, 0, 0, 0, 0, 0, 0, NULL, 'https://www.myatlantahomeinspector.com/wp-content/uploads/2024/02/mold-blog-banner.webp', NULL, '648', 'featured-image', NULL, NULL, 'https://www.myatlantahomeinspector.com/wp-content/uploads/2024/02/mold-blog-banner.webp', '648', 'featured-image', '{"width":1920,"height":1280,"filesize":60622,"url":"https://www.myatlantahomeinspector.com/wp-content/uploads/2024/02/mold-blog-banner.webp","path":"/home/lfp/public_html/preview/total/wp-content/uploads/2024/02/mold-blog-banner.webp","size":"full","id":648,"alt":"","pixels":2457600,"type":"image/webp"}', 0, 3, NULL, '2024-02-14 16:19:23', '2024-02-29 15:19:03', 1, NULL, NULL, NULL, NULL, 0, 5, 2, '2024-02-22 21:31:46', '2015-02-18 16:46:00', 0),
 (32, 'https://www.myatlantahomeinspector.com/blog/author/bartatotal/', '62:151fa585330a1ad7d283215e6c717870', 1, 'user', NULL, NULL, NULL, NULL, NULL, NULL, NULL, NULL, 0, NULL, NULL, NULL, NULL, NULL, NULL, 0, 0, 0, 0, 0, 0, NULL, 'https://secure.gravatar.com/avatar/f43fb9f4e16df872e5b35a20a059a2a8?s=500&d=mm&r=g', NULL, NULL, 'gravatar-image', NULL, NULL, 'https://secure.gravatar.com/avatar/f43fb9f4e16df872e5b35a20a059a2a8?s=500&d=mm&r=g', NULL, 'gravatar-image', NULL, NULL, NULL, NULL, '2024-02-14 16:46:14', '2024-10-29 22:01:04', 1, NULL, NULL, NULL, NULL, 0, NULL, 2, '2024-10-29 22:01:04', '2015-02-18 16:46:00', NULL),
 (33, 'https://www.myatlantahomeinspector.com/blog/home-inspection-services-atlanta/', '75:9720c81162d31bbc41e3dba7b6a469b1', 649, 'post', 'post', 1, 0, 'Home Inspection Services Atlanta & Alpharetta', 'Are you buying a house in Alpharetta or Atlanta? Get a home inspection before you sign the papers. Contact us today!', 'Home Inspection Services Atlanta', 'publish', NULL, 0, NULL, NULL, NULL, NULL, NULL, 30, 0, 0, 0, 0, 0, 0, NULL, 'https://www.myatlantahomeinspector.com/wp-content/uploads/2018/08/home-inspection-banner.webp', NULL, '652', 'featured-image', NULL, NULL, 'https://www.myatlantahomeinspector.com/wp-content/uploads/2018/08/home-inspection-banner.webp', '652', 'featured-image', '{"width":1920,"height":1161,"filesize":125992,"url":"https://www.myatlantahomeinspector.com/wp-content/uploads/2018/08/home-inspection-banner.webp","path":"/home/lfp/public_html/preview/total/wp-content/uploads/2018/08/home-inspection-banner.webp","size":"full","id":652,"alt":"","pixels":2229120,"type":"image/webp"}', 0, 3, NULL, '2024-02-14 17:16:34', '2024-02-29 15:19:03', 1, NULL, NULL, NULL, NULL, 0, 2, 2, '2024-02-22 21:30:13', '2018-08-10 16:15:00', 0),
 (34, 'https://www.myatlantahomeinspector.com/blog/', '42:3c238f02f8bf56e5b97596c14cdde999', 654, 'post', 'page', 1, 0, 'Our Blog | Total Home Consultants', 'View the Total Home Consultants blog for valuable insights and articles on ensuring the safety and longevity of your home.', 'Blog', 'publish', NULL, 0, NULL, NULL, NULL, NULL, NULL, 90, 0, 0, 0, 0, 0, 0, NULL, NULL, NULL, NULL, NULL, NULL, NULL, NULL, NULL, NULL, NULL, 6, NULL, NULL, '2024-02-14 17:31:19', '2024-02-29 15:19:03', 1, NULL, NULL, NULL, NULL, 0, 1, 2, '2024-02-27 20:01:03', '2024-02-14 17:31:19', 0),
 (35, 'https://www.myatlantahomeinspector.com/about-us/', '48:cde079426403317c1f75d3cf6830afbe', 689, 'post', 'page', 1, 0, 'About Us | Total Home Consultants', 'Total Home Consultants specializes in providing thorough and reliable inspections to ensure the safety and integrity of your property.', 'About Us', 'publish', NULL, 0, NULL, NULL, NULL, NULL, NULL, 90, 0, 0, 0, 0, 0, 0, NULL, NULL, NULL, NULL, NULL, NULL, NULL, NULL, NULL, NULL, NULL, 5, 1, NULL, '2024-02-14 21:01:33', '2024-10-15 12:25:30', 1, NULL, NULL, NULL, NULL, 0, 6, 2, '2024-06-21 18:38:29', '2024-02-14 21:01:33', 0),
 (36, 'https://www.myatlantahomeinspector.com/resources/', '47:f347f975da4c146a3bd8ac4201675282', 719, 'post', 'page', 1, 0, NULL, 'View resources including sample inspection reports, mold documentation, and radon documentation.', 'Resources', 'publish', NULL, 0, NULL, NULL, NULL, NULL, NULL, 90, 0, 0, 0, 0, 0, 0, NULL, NULL, NULL, NULL, NULL, NULL, NULL, NULL, NULL, NULL, NULL, 5, NULL, NULL, '2024-02-14 22:13:19', '2024-02-29 15:19:03', 1, NULL, NULL, NULL, NULL, 0, 1, 2, '2024-02-29 16:57:10', '2024-02-14 22:13:19', 0),
 (37, 'https://www.myatlantahomeinspector.com/disclaimer/', '48:34b65523a4b55d0446b6031358faf36f', 744, 'post', 'page', 1, 0, NULL, 'Disclaimer information for Total Home Consultants.', 'Disclaimer', 'publish', NULL, 0, NULL, NULL, NULL, NULL, NULL, 90, 0, 0, 0, 0, 0, 0, NULL, NULL, NULL, NULL, NULL, NULL, NULL, NULL, NULL, NULL, NULL, 0, NULL, NULL, '2024-02-15 17:20:15', '2024-02-29 15:19:03', 1, NULL, NULL, NULL, NULL, 0, 1, 2, '2024-02-22 21:24:38', '2024-02-15 17:20:42', 0),
 (38, 'https://www.myatlantahomeinspector.com/terms-of-service/', '54:05555ab36e2543f816f2fbeace919165', 748, 'post', 'page', 1, 0, NULL, 'Terms of Service for Total Home Consultants', 'Terms of Service', 'publish', NULL, 0, NULL, NULL, NULL, NULL, NULL, 30, 0, 0, 0, 0, 0, 0, NULL, NULL, NULL, NULL, NULL, NULL, NULL, NULL, NULL, NULL, NULL, 0, NULL, NULL, '2024-02-15 17:25:43', '2024-02-29 15:19:03', 1, NULL, NULL, NULL, NULL, 0, 7, 2, '2024-02-22 21:25:17', '2024-02-15 17:31:38', 0),
 (39, 'https://www.myatlantahomeinspector.com/privacy-policy/', '52:7f086879db84f410aa8aeed3a1fd6fe5', 752, 'post', 'page', 1, 0, NULL, 'Privacy Policy for Total Home Consultants', 'Privacy Policy', 'publish', NULL, 0, NULL, NULL, NULL, NULL, NULL, 90, 0, 0, 0, 0, 0, 0, NULL, NULL, NULL, NULL, NULL, NULL, NULL, NULL, NULL, NULL, NULL, 0, NULL, NULL, '2024-02-15 17:33:24', '2024-02-29 15:19:03', 1, NULL, NULL, NULL, NULL, 0, 4, 2, '2024-02-22 21:26:50', '2024-02-15 17:43:21', 0),
 (40, 'https://www.myatlantahomeinspector.com/thank-you/', '47:0342a8c2aa2b6877e1d779a88af7acf8', 911, 'post', 'page', 1, 0, NULL, NULL, 'Thank You', 'publish', NULL, 0, NULL, NULL, NULL, NULL, NULL, 0, 0, 0, 0, 0, 0, 0, NULL, NULL, NULL, NULL, NULL, NULL, NULL, NULL, NULL, NULL, NULL, 0, NULL, NULL, '2024-02-23 18:03:43', '2024-02-29 15:19:03', 1, NULL, NULL, NULL, NULL, 0, 0, 2, '2024-02-23 18:08:37', '2024-02-23 18:03:43', 0),
 (41, 'https://www.myatlantahomeinspector.com/home-inspections-buford-ga/', '66:c71919471bf15cd699239e0b1d8a2bec', 1037, 'post', 'page', 1, 0, 'Buford Home Inspection Services | Total Home Consultants', 'Comprehensive home inspections in Buford, GA. Our certified experts ensure your home is sound with detailed, easy-to-understand reports.', 'Home Inspections Buford GA', 'publish', NULL, 0, NULL, NULL, NULL, NULL, NULL, 60, 0, 0, 0, 0, 0, 0, NULL, NULL, NULL, NULL, NULL, NULL, NULL, NULL, NULL, NULL, NULL, 1, 1, NULL, '2024-04-18 20:56:44', '2024-10-29 21:58:40', 1, NULL, NULL, NULL, NULL, 0, 3, 2, '2024-10-29 21:58:40', '2024-04-18 21:09:14', 0),
 (42, 'https://www.myatlantahomeinspector.com/home-inspections-lawrenceville-ga/', '73:a79c5c295bbc1107dcede58220ca7857', 1041, 'post', 'page', 1, 0, 'Lawrenceville Home Inspections | Total Home Consultants', 'Certified inspectors providing comprehensive home inspection services throughout Lawrenceville, GA. Schedule your service today!', 'Home Inspections Lawrenceville GA', 'publish', NULL, 0, NULL, NULL, NULL, NULL, NULL, 60, 0, 0, 0, 0, 0, 0, NULL, NULL, NULL, NULL, NULL, NULL, NULL, NULL, NULL, NULL, NULL, 1, 1, NULL, '2024-04-18 21:20:28', '2024-05-09 16:25:38', 1, NULL, NULL, NULL, NULL, 0, 3, 2, '2024-04-22 18:19:18', '2024-04-18 21:27:34', 0),
 (43, 'https://www.myatlantahomeinspector.com/home-inspections-suwanee-ga/', '67:2cf1a843c5d1ecce414c414151530ba8', 1053, 'post', 'page', 1, 0, 'Home Inspection Services in Suwanee, GA', 'Total Home Consultants provides thorough inspections conducted by professionals trained to identify any potential issues with a property.', 'Home Inspections Suwanee Ga', 'publish', NULL, 0, NULL, NULL, NULL, NULL, NULL, 90, 0, 0, 0, 0, 0, 0, NULL, NULL, NULL, NULL, NULL, NULL, NULL, NULL, NULL, NULL, NULL, 1, 1, NULL, '2024-04-19 19:07:44', '2024-10-29 21:59:42', 1, NULL, NULL, NULL, NULL, 0, 4, 2, '2024-10-29 21:59:42', '2024-04-19 19:17:23', 0),
 (44, 'https://www.myatlantahomeinspector.com/suwanee-mold-inspectors/', '63:52938906ffca4ba7fbdd582f87b2b501', 1060, 'post', 'page', 1, 0, 'Mold Testing in Suwanee, GA | Total Home Consultants', 'Protect your home and your health with Total Home Consultants, your local experts in mold detection and prevention.', 'Mold Testing Suwanee GA', 'publish', NULL, 0, NULL, NULL, NULL, NULL, NULL, 30, 0, 0, 0, 0, 0, 0, NULL, NULL, NULL, NULL, NULL, NULL, NULL, NULL, NULL, NULL, NULL, 0, 1, NULL, '2024-04-22 15:11:16', '2024-10-29 22:00:27', 1, NULL, NULL, NULL, NULL, 0, 3, 2, '2024-10-29 22:00:27', '2024-04-22 15:28:37', 0),
 (45, 'https://www.myatlantahomeinspector.com/buford-mold-inspectors/', '62:00d0e8863ebaba321331bf4b3078f62b', 1067, 'post', 'page', 1, 0, NULL, 'If you suspect mold in your home or want to prevent potential mold issues, contact Total Home Consultants today.', 'Mold Testing Buford GA', 'publish', NULL, 0, NULL, NULL, NULL, NULL, NULL, 60, 0, 0, 0, 0, 0, 0, NULL, NULL, NULL, NULL, NULL, NULL, NULL, NULL, NULL, NULL, NULL, 0, 1, NULL, '2024-04-22 15:53:07', '2024-05-01 17:00:17', 1, NULL, NULL, NULL, NULL, 0, 3, 2, '2024-05-01 17:00:17', '2024-04-22 16:01:23', 0),
 (46, 'https://www.myatlantahomeinspector.com/mold-testing-lawrenceville-ga/', '69:66d8bd98dff42e84e164549c83e3e4aa', 1077, 'post', 'page', 1, 0, 'Mold Testing in Lawrenceville, GA | Total Home Consultants', 'Trust your home with Total Home Consultants — Lawrenceville’s mold detection and prevention experts. Schedule your service today!', 'Mold Testing Lawrenceville GA', 'publish', NULL, 0, NULL, NULL, NULL, NULL, NULL, 60, 0, 0, 0, 0, 0, 0, NULL, NULL, NULL, NULL, NULL, NULL, NULL, NULL, NULL, NULL, NULL, 0, 1, NULL, '2024-04-22 17:57:21', '2024-10-29 22:01:04', 1, NULL, NULL, NULL, NULL, 0, 4, 2, '2024-10-29 22:01:04', '2024-04-22 18:10:55', 0),
 (47, 'https://www.myatlantahomeinspector.com/home-inspections-duluth-ga/', '66:67dba04ddcab222b561d3ca66929e8c2', 1091, 'post', 'page', 1, 0, 'Duluth Home Inspection Services | Total Home Consultants', 'Trust your house with Duluth’s expert home inspectors, Total Home Consultants. Schedule your inspection today!', 'Home Inspections Duluth GA', 'publish', NULL, 0, NULL, NULL, NULL, NULL, NULL, 90, 0, 0, 0, 0, 0, 0, NULL, NULL, NULL, NULL, NULL, NULL, NULL, NULL, NULL, NULL, NULL, 1, 1, NULL, '2024-05-09 20:10:31', '2024-10-29 21:59:14', 1, NULL, NULL, NULL, NULL, 0, 3, 2, '2024-10-29 21:59:14', '2024-05-09 20:21:12', 0),
 (48, 'https://www.myatlantahomeinspector.com/mold-testing-in-duluth-ga/', '65:6f9201c8e9d603152073ff7b4663e89a', 1097, 'post', 'page', 1, 0, NULL, 'Our certified mold inspectors are equipped to detect and advise on the best ways to handle any mold issues. Call today!', 'Mold Testing in Duluth, GA', 'publish', NULL, 0, NULL, NULL, NULL, NULL, NULL, 0, 0, 0, 0, 0, 0, 0, NULL, NULL, NULL, NULL, NULL, NULL, NULL, NULL, NULL, NULL, NULL, 0, 1, NULL, '2024-05-10 18:48:57', '2024-05-10 14:58:33', 1, NULL, NULL, NULL, NULL, 0, 0, 2, '2024-05-10 18:56:17', '2024-05-10 18:56:17', 0);
# End of data contents of table `bmg24thc_yoast_indexable`

# Table: `bmg24thc_yoast_indexable_hierarchy`

# Delete any existing table `bmg24thc_yoast_indexable_hierarchy`


# Table structure of table `bmg24thc_yoast_indexable_hierarchy`

CREATE TABLE `bmg24thc_yoast_indexable_hierarchy` (
  `indexable_id` int(11) unsigned NOT NULL,
  `ancestor_id` int(11) unsigned NOT NULL,
  `depth` int(11) unsigned DEFAULT NULL,
  `blog_id` bigint(20) NOT NULL DEFAULT 1,
  PRIMARY KEY (`indexable_id`,`ancestor_id`),
  KEY `indexable_id` (`indexable_id`),
  KEY `ancestor_id` (`ancestor_id`),
  KEY `depth` (`depth`)
) ENGINE=InnoDB DEFAULT CHARSET=utf8mb4 COLLATE=utf8mb4_unicode_520_ci ;

# Data contents of table `bmg24thc_yoast_indexable_hierarchy`

# Approximate rows expected in table: 41
 
INSERT INTO `bmg24thc_yoast_indexable_hierarchy` VALUES (1, 0, 0, 1),
 (3, 0, 0, 1),
 (4, 0, 0, 1),
 (5, 0, 0, 1),
 (6, 0, 0, 1),
 (8, 0, 0, 1),
 (9, 0, 0, 1),
 (10, 0, 0, 1),
 (12, 0, 0, 1),
 (16, 0, 0, 1),
 (17, 0, 0, 1),
 (18, 0, 0, 1),
 (19, 0, 0, 1),
 (20, 0, 0, 1),
 (21, 0, 0, 1),
 (22, 0, 0, 1),
 (23, 0, 0, 1),
 (24, 0, 0, 1),
 (26, 0, 0, 1),
 (28, 0, 0, 1),
 (29, 0, 0, 1),
 (30, 0, 0, 1),
 (31, 0, 0, 1),
 (32, 0, 0, 1),
 (33, 0, 0, 1),
 (34, 0, 0, 1),
 (35, 0, 0, 1),
 (36, 0, 0, 1),
 (37, 0, 0, 1),
 (38, 0, 0, 1),
 (39, 0, 0, 1),
 (40, 0, 0, 1),
 (41, 0, 0, 1),
 (42, 0, 0, 1),
 (43, 0, 0, 1),
 (44, 0, 0, 1),
 (45, 0, 0, 1),
 (46, 0, 0, 1),
 (47, 0, 0, 1),
 (48, 0, 0, 1);
# End of data contents of table `bmg24thc_yoast_indexable_hierarchy`

# Table: `bmg24thc_yoast_migrations`

# Delete any existing table `bmg24thc_yoast_migrations`


# Table structure of table `bmg24thc_yoast_migrations`

CREATE TABLE `bmg24thc_yoast_migrations` (
  `id` int(11) unsigned NOT NULL AUTO_INCREMENT,
  `version` varchar(191) DEFAULT NULL,
  PRIMARY KEY (`id`),
  UNIQUE KEY `bmg24thc_yoast_migrations_version` (`version`)
) ENGINE=InnoDB AUTO_INCREMENT=25 DEFAULT CHARSET=utf8mb4 COLLATE=utf8mb4_unicode_520_ci ;

# Data contents of table `bmg24thc_yoast_migrations`

# Approximate rows expected in table: 24
 
INSERT INTO `bmg24thc_yoast_migrations` VALUES (1, '20171228151840'),
 (2, '20171228151841'),
 (3, '20190529075038'),
 (4, '20191011111109'),
 (5, '20200408101900'),
 (6, '20200420073606'),
 (7, '20200428123747'),
 (8, '20200428194858'),
 (9, '20200429105310'),
 (10, '20200430075614'),
 (11, '20200430150130'),
 (12, '20200507054848'),
 (13, '20200513133401'),
 (14, '20200609154515'),
 (15, '20200616130143'),
 (16, '20200617122511'),
 (17, '20200702141921'),
 (18, '20200728095334'),
 (19, '20201202144329'),
 (20, '20201216124002'); 
INSERT INTO `bmg24thc_yoast_migrations` VALUES (21, '20201216141134'),
 (22, '20210817092415'),
 (23, '20211020091404'),
 (24, '20230417083836');
# End of data contents of table `bmg24thc_yoast_migrations`

# Table: `bmg24thc_yoast_primary_term`

# Delete any existing table `bmg24thc_yoast_primary_term`


# Table structure of table `bmg24thc_yoast_primary_term`

CREATE TABLE `bmg24thc_yoast_primary_term` (
  `id` int(11) unsigned NOT NULL AUTO_INCREMENT,
  `post_id` bigint(20) DEFAULT NULL,
  `term_id` bigint(20) DEFAULT NULL,
  `taxonomy` varchar(32) NOT NULL,
  `created_at` datetime DEFAULT NULL,
  `updated_at` timestamp NOT NULL DEFAULT current_timestamp() ON UPDATE current_timestamp(),
  `blog_id` bigint(20) NOT NULL DEFAULT 1,
  PRIMARY KEY (`id`),
  KEY `post_taxonomy` (`post_id`,`taxonomy`),
  KEY `post_term` (`post_id`,`term_id`)
) ENGINE=InnoDB AUTO_INCREMENT=3 DEFAULT CHARSET=utf8mb4 COLLATE=utf8mb4_unicode_520_ci ;

# Data contents of table `bmg24thc_yoast_primary_term`

# Approximate rows expected in table: 2
 
INSERT INTO `bmg24thc_yoast_primary_term` VALUES (1, 620, 1, 'category', '2024-02-14 16:46:15', '2024-02-22 21:31:46', 1),
 (2, 649, 1, 'category', '2024-02-14 17:16:39', '2024-02-22 21:30:13', 1);
# End of data contents of table `bmg24thc_yoast_primary_term`

# Table: `bmg24thc_yoast_seo_links`

# Delete any existing table `bmg24thc_yoast_seo_links`


# Table structure of table `bmg24thc_yoast_seo_links`

CREATE TABLE `bmg24thc_yoast_seo_links` (
  `id` bigint(20) unsigned NOT NULL AUTO_INCREMENT,
  `url` varchar(255) DEFAULT NULL,
  `post_id` bigint(20) unsigned DEFAULT NULL,
  `target_post_id` bigint(20) unsigned DEFAULT NULL,
  `type` varchar(8) DEFAULT NULL,
  `indexable_id` int(11) unsigned DEFAULT NULL,
  `target_indexable_id` int(11) unsigned DEFAULT NULL,
  `height` int(11) unsigned DEFAULT NULL,
  `width` int(11) unsigned DEFAULT NULL,
  `size` int(11) unsigned DEFAULT NULL,
  `language` varchar(32) DEFAULT NULL,
  `region` varchar(32) DEFAULT NULL,
  PRIMARY KEY (`id`),
  KEY `link_direction` (`post_id`,`type`),
  KEY `indexable_link_direction` (`indexable_id`,`type`)
) ENGINE=InnoDB AUTO_INCREMENT=4097 DEFAULT CHARSET=utf8mb3 COLLATE=utf8mb3_general_ci ;

# Data contents of table `bmg24thc_yoast_seo_links`

# Approximate rows expected in table: 411
 
INSERT INTO `bmg24thc_yoast_seo_links` VALUES (23, 'http://yelp.com/biz/total-home-consultants-dacula-2?utm_medium=badge_star_rating_reviews&amp;utm_source=biz_review_badge', 273, NULL, 'external', 9, NULL, NULL, NULL, NULL, NULL, NULL),
 (24, 'https://inspectionsupport.com/totalhomeconsultants/online-scheduler/a60ac7a4-65c4-5205-99c4-52c3e5f37002', 273, NULL, 'external', 9, NULL, NULL, NULL, NULL, NULL, NULL),
 (25, 'https://google.com/chrome', 273, NULL, 'external', 9, NULL, NULL, NULL, NULL, NULL, NULL),
 (1904, 'https://porch.com/near-me/home-inspectors?bestProId=17528980', 563, NULL, 'external', 30, NULL, NULL, NULL, NULL, NULL, NULL),
 (1905, 'https://porch.com/near-me/home-inspectors?bestProId=17528980', 563, NULL, 'external', 30, NULL, NULL, NULL, NULL, NULL, NULL),
 (1906, 'https://www.google.com/search?q=total+home+consultants&#038;client=firefox-b-1-d&#038;sca_esv=de3b8b35270c999b&#038;sca_upv=1&#038;ei=6uzLZeKbLM-Fp84P36KpgAo&#038;ved=0ahUKEwjiuMK-rqmEAxXPwskDHV9RCqAQ4dUDCBA&#038;uact=5&#038;oq=total+home+consultants&#038', 563, NULL, 'external', 30, NULL, NULL, NULL, NULL, NULL, NULL),
 (1907, 'http://yelp.com/biz/total-home-consultants-dacula-2?utm_medium=badge_star_rating_reviews&utm_source=biz_review_badge', 563, NULL, 'external', 30, NULL, NULL, NULL, NULL, NULL, NULL),
 (1908, 'https://www.yelp.com/user_details?userid=ZJfHsElfUuIUm-hJJBi_3A', 563, NULL, 'external', 30, NULL, NULL, NULL, NULL, NULL, NULL),
 (1909, 'https://www.yelp.com/biz/total-home-consultants-dacula-2?hrid=ILi8vtLaNwSNcVkYPEMWlA', 563, NULL, 'external', 30, NULL, NULL, NULL, NULL, NULL, NULL),
 (1910, 'https://www.yelp.com/biz/2cncBLrvWY9296JGGPYSJw', 563, NULL, 'external', 30, NULL, NULL, NULL, NULL, NULL, NULL),
 (1911, 'https://www.yelp.com', 563, NULL, 'external', 30, NULL, NULL, NULL, NULL, NULL, NULL),
 (1912, 'https://www.yelp.com/user_details?userid=Uo570aiu_QjUuS78ijp45w', 563, NULL, 'external', 30, NULL, NULL, NULL, NULL, NULL, NULL),
 (1913, 'https://www.yelp.com/biz/total-home-consultants-dacula-2?hrid=q5RaAieGjqi1OFm6nz0lgg', 563, NULL, 'external', 30, NULL, NULL, NULL, NULL, NULL, NULL),
 (1914, 'https://www.yelp.com/biz/2cncBLrvWY9296JGGPYSJw', 563, NULL, 'external', 30, NULL, NULL, NULL, NULL, NULL, NULL),
 (1915, 'https://www.yelp.com', 563, NULL, 'external', 30, NULL, NULL, NULL, NULL, NULL, NULL),
 (1916, 'https://www.yelp.com/user_details?userid=FtkQU_mywrjrzuFxermWJg', 563, NULL, 'external', 30, NULL, NULL, NULL, NULL, NULL, NULL),
 (1917, 'https://www.yelp.com/biz/total-home-consultants-dacula-2?hrid=dcrKaRBJ8AxWJMStScGeFw', 563, NULL, 'external', 30, NULL, NULL, NULL, NULL, NULL, NULL),
 (1918, 'https://www.yelp.com/biz/2cncBLrvWY9296JGGPYSJw', 563, NULL, 'external', 30, NULL, NULL, NULL, NULL, NULL, NULL),
 (1919, 'https://www.yelp.com', 563, NULL, 'external', 30, NULL, NULL, NULL, NULL, NULL, NULL),
 (1920, 'https://www.yelp.com/user_details?userid=SbzkjkLps4wQaMQC2dniGw', 563, NULL, 'external', 30, NULL, NULL, NULL, NULL, NULL, NULL),
 (1921, 'https://www.yelp.com/biz/total-home-consultants-dacula-2?hrid=DiIV5oDihdIpx-MaRTlFfg', 563, NULL, 'external', 30, NULL, NULL, NULL, NULL, NULL, NULL),
 (1922, 'https://www.yelp.com/biz/2cncBLrvWY9296JGGPYSJw', 563, NULL, 'external', 30, NULL, NULL, NULL, NULL, NULL, NULL),
 (1923, 'https://www.yelp.com', 563, NULL, 'external', 30, NULL, NULL, NULL, NULL, NULL, NULL),
 (1924, 'https://yelp.com/biz/total-home-consultants-dacula-2', 563, NULL, 'external', 30, NULL, NULL, NULL, NULL, NULL, NULL),
 (1925, 'https://cdn.trustindex.io/assets/platform/Google/logo.svg', 563, NULL, 'image-ex', 30, NULL, NULL, NULL, NULL, NULL, NULL),
 (1926, 'https://lh3.googleusercontent.com/a/ACg8ocLn2-7W5s5NGjC-FL4ueKA6EcedEwKeYIS5xXY6M8cY=s120-c-rp-mo-br100', 563, NULL, 'image-ex', 30, NULL, NULL, NULL, NULL, NULL, NULL),
 (1927, 'https://lh3.googleusercontent.com/a-/ALV-UjXoH3jwwX8bl0Z3aMqUkseprdcwB7gUWTkZpf6XqfbTgg=s120-c-rp-mo-br100', 563, NULL, 'image-ex', 30, NULL, NULL, NULL, NULL, NULL, NULL),
 (1928, 'https://lh3.googleusercontent.com/a-/ALV-UjVhpkKqKVelv7CZClTml9m_UHpWbJMneRS84op_Nl8mEa4=s120-c-rp-mo-br100', 563, NULL, 'image-ex', 30, NULL, NULL, NULL, NULL, NULL, NULL),
 (1929, 'https://lh3.googleusercontent.com/a/ACg8ocIRCUSz82IXtlt8A_hFk34l1yDPzR68K3SZsKJP8N8V=s120-c-rp-mo-br100', 563, NULL, 'image-ex', 30, NULL, NULL, NULL, NULL, NULL, NULL),
 (1930, 'https://lh3.googleusercontent.com/a-/ALV-UjXO4A53J18rGhqOLthR5G0zZ0THicwjoRYe95ab5wooCuQ=s120-c-rp-mo-br100', 563, NULL, 'image-ex', 30, NULL, NULL, NULL, NULL, NULL, NULL),
 (1931, 'https://lh3.googleusercontent.com/a-/ALV-UjXrrwx7V53lefL7WorUgrB3zDHW_eiAt1PCK89zaesme78=s120-c-rp-mo-br100', 563, NULL, 'image-ex', 30, NULL, NULL, NULL, NULL, NULL, NULL),
 (1932, 'https://lh3.googleusercontent.com/a/ACg8ocKT-b-XTO2bkYd5cGYyZMEY4i285PYD5zLWp6n9N_cj=s120-c-rp-mo-br100', 563, NULL, 'image-ex', 30, NULL, NULL, NULL, NULL, NULL, NULL),
 (1933, 'https://www.myatlantahomeinspector.com/wp-content/uploads/2024/02/parch_best2020_badge.webp', 563, 566, 'image-in', 30, NULL, 311, 246, 11694, NULL, NULL),
 (1934, 'https://www.myatlantahomeinspector.com/wp-content/uploads/2024/02/badge_top.webp', 563, 568, 'image-in', 30, NULL, 480, 390, 10002, NULL, NULL),
 (2929, 'https://www.myatlantahomeinspector.com/project/project-3/', 133, 143, 'internal', 6, 18, NULL, NULL, NULL, NULL, NULL),
 (2930, 'https://www.myatlantahomeinspector.com/project/project-2/', 133, 141, 'internal', 6, 17, NULL, NULL, NULL, NULL, NULL),
 (2931, 'https://www.myatlantahomeinspector.com/project/project-1/', 133, 139, 'internal', 6, 16, NULL, NULL, NULL, NULL, NULL),
 (2932, 'https://www.myatlantahomeinspector.com/wp-content/plugins/visual-portfolio/assets/images/logo-dark.svg', 133, NULL, 'image-in', 6, NULL, NULL, NULL, NULL, NULL, NULL),
 (2933, 'https://www.myatlantahomeinspector.com/wp-content/uploads/2024/02/inspection-3-0-1.webp', 133, 875, 'image-in', 6, NULL, 810, 1440, 101118, NULL, NULL),
 (2934, 'https://www.myatlantahomeinspector.com/wp-content/uploads/2024/02/inspection-2-1.webp', 133, 784, 'image-in', 6, NULL, 810, 1440, 168678, NULL, NULL),
 (2935, 'https://www.myatlantahomeinspector.com/wp-content/uploads/2024/02/Inspection-1-1.webp', 133, 474, 'image-in', 6, NULL, 810, 1440, 270694, NULL, NULL),
 (2944, 'https://www.myatlantahomeinspector.com/wp-content/uploads/2024/02/inspection-3-1.webp', 143, NULL, 'internal', 18, NULL, NULL, NULL, NULL, NULL, NULL),
 (2945, 'https://www.myatlantahomeinspector.com/wp-content/uploads/2024/02/inspection-3-1.webp', 143, NULL, 'internal', 18, NULL, NULL, NULL, NULL, NULL, NULL),
 (2946, 'https://www.myatlantahomeinspector.com/wp-content/uploads/2024/02/inspection-3-2.webp', 143, NULL, 'internal', 18, NULL, NULL, NULL, NULL, NULL, NULL),
 (2947, 'https://www.myatlantahomeinspector.com/wp-content/uploads/2024/02/inspection-3-2.webp', 143, NULL, 'internal', 18, NULL, NULL, NULL, NULL, NULL, NULL),
 (2948, 'https://www.myatlantahomeinspector.com/wp-content/uploads/2024/02/inspection-3-3.webp', 143, NULL, 'internal', 18, NULL, NULL, NULL, NULL, NULL, NULL),
 (2949, 'https://www.myatlantahomeinspector.com/wp-content/uploads/2024/02/inspection-3-3.webp', 143, NULL, 'internal', 18, NULL, NULL, NULL, NULL, NULL, NULL),
 (2950, 'https://www.myatlantahomeinspector.com/wp-content/uploads/2024/02/inspection-3-4.webp', 143, NULL, 'internal', 18, NULL, NULL, NULL, NULL, NULL, NULL),
 (2951, 'https://www.myatlantahomeinspector.com/wp-content/uploads/2024/02/inspection-3-4.webp', 143, NULL, 'internal', 18, NULL, NULL, NULL, NULL, NULL, NULL),
 (2952, 'https://www.myatlantahomeinspector.com/wp-content/uploads/2024/02/inspection-3-5.webp', 143, NULL, 'internal', 18, NULL, NULL, NULL, NULL, NULL, NULL),
 (2953, 'https://www.myatlantahomeinspector.com/wp-content/uploads/2024/02/inspection-3-5.webp', 143, NULL, 'internal', 18, NULL, NULL, NULL, NULL, NULL, NULL),
 (2954, 'https://www.myatlantahomeinspector.com/wp-content/uploads/2024/02/inspection-3-6.webp', 143, NULL, 'internal', 18, NULL, NULL, NULL, NULL, NULL, NULL),
 (2955, 'https://www.myatlantahomeinspector.com/wp-content/uploads/2024/02/inspection-3-6.webp', 143, NULL, 'internal', 18, NULL, NULL, NULL, NULL, NULL, NULL),
 (2956, 'https://www.myatlantahomeinspector.com/wp-content/uploads/2024/02/inspection-3-7.webp', 143, NULL, 'internal', 18, NULL, NULL, NULL, NULL, NULL, NULL),
 (2957, 'https://www.myatlantahomeinspector.com/wp-content/uploads/2024/02/inspection-3-7.webp', 143, NULL, 'internal', 18, NULL, NULL, NULL, NULL, NULL, NULL),
 (2958, 'https://www.myatlantahomeinspector.com/wp-content/uploads/2024/02/inspection-3-8.webp', 143, NULL, 'internal', 18, NULL, NULL, NULL, NULL, NULL, NULL),
 (2959, 'https://www.myatlantahomeinspector.com/wp-content/uploads/2024/02/inspection-3-8.webp', 143, NULL, 'internal', 18, NULL, NULL, NULL, NULL, NULL, NULL),
 (2960, 'https://www.myatlantahomeinspector.com/wp-content/uploads/2024/02/inspection-3-9.webp', 143, NULL, 'internal', 18, NULL, NULL, NULL, NULL, NULL, NULL),
 (2961, 'https://www.myatlantahomeinspector.com/wp-content/uploads/2024/02/inspection-3-9.webp', 143, NULL, 'internal', 18, NULL, NULL, NULL, NULL, NULL, NULL),
 (2962, 'https://www.myatlantahomeinspector.com/wp-content/uploads/2024/02/inspection-3-10.webp', 143, NULL, 'internal', 18, NULL, NULL, NULL, NULL, NULL, NULL),
 (2963, 'https://www.myatlantahomeinspector.com/wp-content/uploads/2024/02/inspection-3-10.webp', 143, NULL, 'internal', 18, NULL, NULL, NULL, NULL, NULL, NULL),
 (2964, 'https://www.myatlantahomeinspector.com/wp-content/uploads/2024/02/inspection-3-11.webp', 143, NULL, 'internal', 18, NULL, NULL, NULL, NULL, NULL, NULL),
 (2965, 'https://www.myatlantahomeinspector.com/wp-content/uploads/2024/02/inspection-3-11.webp', 143, NULL, 'internal', 18, NULL, NULL, NULL, NULL, NULL, NULL),
 (2966, 'https://www.myatlantahomeinspector.com/wp-content/uploads/2024/02/inspection-3-12.webp', 143, NULL, 'internal', 18, NULL, NULL, NULL, NULL, NULL, NULL),
 (2967, 'https://www.myatlantahomeinspector.com/wp-content/uploads/2024/02/inspection-3-12.webp', 143, NULL, 'internal', 18, NULL, NULL, NULL, NULL, NULL, NULL),
 (2968, 'https://www.myatlantahomeinspector.com/wp-content/uploads/2024/02/inspection-3-13.webp', 143, NULL, 'internal', 18, NULL, NULL, NULL, NULL, NULL, NULL),
 (2969, 'https://www.myatlantahomeinspector.com/wp-content/uploads/2024/02/inspection-3-13.webp', 143, NULL, 'internal', 18, NULL, NULL, NULL, NULL, NULL, NULL),
 (2970, 'https://www.myatlantahomeinspector.com/wp-content/uploads/2024/02/inspection-3-14.webp', 143, NULL, 'internal', 18, NULL, NULL, NULL, NULL, NULL, NULL),
 (2971, 'https://www.myatlantahomeinspector.com/wp-content/uploads/2024/02/inspection-3-14.webp', 143, NULL, 'internal', 18, NULL, NULL, NULL, NULL, NULL, NULL),
 (2972, 'https://www.myatlantahomeinspector.com/wp-content/uploads/2024/02/inspection-3-15.webp', 143, NULL, 'internal', 18, NULL, NULL, NULL, NULL, NULL, NULL),
 (2973, 'https://www.myatlantahomeinspector.com/wp-content/uploads/2024/02/inspection-3-15.webp', 143, NULL, 'internal', 18, NULL, NULL, NULL, NULL, NULL, NULL),
 (2974, 'https://www.myatlantahomeinspector.com/wp-content/uploads/2024/02/inspection-3-16.webp', 143, NULL, 'internal', 18, NULL, NULL, NULL, NULL, NULL, NULL),
 (2975, 'https://www.myatlantahomeinspector.com/wp-content/uploads/2024/02/inspection-3-16.webp', 143, NULL, 'internal', 18, NULL, NULL, NULL, NULL, NULL, NULL),
 (2976, 'https://www.myatlantahomeinspector.com/wp-content/uploads/2024/02/inspection-3-17.webp', 143, NULL, 'internal', 18, NULL, NULL, NULL, NULL, NULL, NULL),
 (2977, 'https://www.myatlantahomeinspector.com/wp-content/uploads/2024/02/inspection-3-17.webp', 143, NULL, 'internal', 18, NULL, NULL, NULL, NULL, NULL, NULL),
 (2978, 'https://www.myatlantahomeinspector.com/wp-content/uploads/2024/02/inspection-3-18.webp', 143, NULL, 'internal', 18, NULL, NULL, NULL, NULL, NULL, NULL),
 (2979, 'https://www.myatlantahomeinspector.com/wp-content/uploads/2024/02/inspection-3-18.webp', 143, NULL, 'internal', 18, NULL, NULL, NULL, NULL, NULL, NULL),
 (2980, 'https://www.myatlantahomeinspector.com/wp-content/uploads/2024/02/inspection-3-19.webp', 143, NULL, 'internal', 18, NULL, NULL, NULL, NULL, NULL, NULL),
 (2981, 'https://www.myatlantahomeinspector.com/wp-content/uploads/2024/02/inspection-3-19.webp', 143, NULL, 'internal', 18, NULL, NULL, NULL, NULL, NULL, NULL),
 (2982, 'https://www.myatlantahomeinspector.com/wp-content/uploads/2024/02/inspection-3-20.webp', 143, NULL, 'internal', 18, NULL, NULL, NULL, NULL, NULL, NULL),
 (2983, 'https://www.myatlantahomeinspector.com/wp-content/uploads/2024/02/inspection-3-20.webp', 143, NULL, 'internal', 18, NULL, NULL, NULL, NULL, NULL, NULL),
 (2984, 'https://www.myatlantahomeinspector.com/wp-content/uploads/2024/02/inspection-3-21.webp', 143, NULL, 'internal', 18, NULL, NULL, NULL, NULL, NULL, NULL),
 (2985, 'https://www.myatlantahomeinspector.com/wp-content/uploads/2024/02/inspection-3-21.webp', 143, NULL, 'internal', 18, NULL, NULL, NULL, NULL, NULL, NULL),
 (2986, 'https://www.myatlantahomeinspector.com/wp-content/uploads/2024/02/inspection-3-22.webp', 143, NULL, 'internal', 18, NULL, NULL, NULL, NULL, NULL, NULL),
 (2987, 'https://www.myatlantahomeinspector.com/wp-content/uploads/2024/02/inspection-3-22.webp', 143, NULL, 'internal', 18, NULL, NULL, NULL, NULL, NULL, NULL),
 (2988, 'https://www.myatlantahomeinspector.com/wp-content/uploads/2024/02/inspection-3-23.webp', 143, NULL, 'internal', 18, NULL, NULL, NULL, NULL, NULL, NULL),
 (2989, 'https://www.myatlantahomeinspector.com/wp-content/uploads/2024/02/inspection-3-23.webp', 143, NULL, 'internal', 18, NULL, NULL, NULL, NULL, NULL, NULL),
 (2990, 'https://www.myatlantahomeinspector.com/wp-content/uploads/2024/02/inspection-3-24.webp', 143, NULL, 'internal', 18, NULL, NULL, NULL, NULL, NULL, NULL),
 (2991, 'https://www.myatlantahomeinspector.com/wp-content/uploads/2024/02/inspection-3-24.webp', 143, NULL, 'internal', 18, NULL, NULL, NULL, NULL, NULL, NULL),
 (2992, 'https://www.myatlantahomeinspector.com/wp-content/uploads/2024/02/inspection-3-25.webp', 143, NULL, 'internal', 18, NULL, NULL, NULL, NULL, NULL, NULL),
 (2993, 'https://www.myatlantahomeinspector.com/wp-content/uploads/2024/02/inspection-3-25.webp', 143, NULL, 'internal', 18, NULL, NULL, NULL, NULL, NULL, NULL),
 (2994, 'https://www.myatlantahomeinspector.com/wp-content/uploads/2024/02/inspection-3-26.webp', 143, NULL, 'internal', 18, NULL, NULL, NULL, NULL, NULL, NULL),
 (2995, 'https://www.myatlantahomeinspector.com/wp-content/uploads/2024/02/inspection-3-26.webp', 143, NULL, 'internal', 18, NULL, NULL, NULL, NULL, NULL, NULL),
 (2996, 'https://www.myatlantahomeinspector.com/wp-content/uploads/2024/02/inspection-3-27.webp', 143, NULL, 'internal', 18, NULL, NULL, NULL, NULL, NULL, NULL),
 (2997, 'https://www.myatlantahomeinspector.com/wp-content/uploads/2024/02/inspection-3-27.webp', 143, NULL, 'internal', 18, NULL, NULL, NULL, NULL, NULL, NULL),
 (2998, 'https://www.myatlantahomeinspector.com/wp-content/uploads/2024/02/inspection-3-28.webp', 143, NULL, 'internal', 18, NULL, NULL, NULL, NULL, NULL, NULL),
 (2999, 'https://www.myatlantahomeinspector.com/wp-content/uploads/2024/02/inspection-3-28.webp', 143, NULL, 'internal', 18, NULL, NULL, NULL, NULL, NULL, NULL),
 (3000, 'https://www.myatlantahomeinspector.com/wp-content/uploads/2024/02/inspection-3-29.webp', 143, NULL, 'internal', 18, NULL, NULL, NULL, NULL, NULL, NULL),
 (3001, 'https://www.myatlantahomeinspector.com/wp-content/uploads/2024/02/inspection-3-29.webp', 143, NULL, 'internal', 18, NULL, NULL, NULL, NULL, NULL, NULL),
 (3002, 'https://www.myatlantahomeinspector.com/wp-content/uploads/2024/02/inspection-3-30.webp', 143, NULL, 'internal', 18, NULL, NULL, NULL, NULL, NULL, NULL),
 (3003, 'https://www.myatlantahomeinspector.com/wp-content/uploads/2024/02/inspection-3-30.webp', 143, NULL, 'internal', 18, NULL, NULL, NULL, NULL, NULL, NULL),
 (3004, 'https://www.myatlantahomeinspector.com/wp-content/uploads/2024/02/inspection-3-31.webp', 143, NULL, 'internal', 18, NULL, NULL, NULL, NULL, NULL, NULL),
 (3005, 'https://www.myatlantahomeinspector.com/wp-content/uploads/2024/02/inspection-3-31.webp', 143, NULL, 'internal', 18, NULL, NULL, NULL, NULL, NULL, NULL),
 (3006, 'https://www.myatlantahomeinspector.com/wp-content/uploads/2024/02/inspection-3-32.webp', 143, NULL, 'internal', 18, NULL, NULL, NULL, NULL, NULL, NULL),
 (3007, 'https://www.myatlantahomeinspector.com/wp-content/uploads/2024/02/inspection-3-32.webp', 143, NULL, 'internal', 18, NULL, NULL, NULL, NULL, NULL, NULL),
 (3008, 'https://www.myatlantahomeinspector.com/wp-content/uploads/2024/02/inspection-3-33.webp', 143, NULL, 'internal', 18, NULL, NULL, NULL, NULL, NULL, NULL),
 (3009, 'https://www.myatlantahomeinspector.com/wp-content/uploads/2024/02/inspection-3-33.webp', 143, NULL, 'internal', 18, NULL, NULL, NULL, NULL, NULL, NULL),
 (3010, 'https://www.myatlantahomeinspector.com/wp-content/uploads/2024/02/inspection-3-34.webp', 143, NULL, 'internal', 18, NULL, NULL, NULL, NULL, NULL, NULL),
 (3011, 'https://www.myatlantahomeinspector.com/wp-content/uploads/2024/02/inspection-3-34.webp', 143, NULL, 'internal', 18, NULL, NULL, NULL, NULL, NULL, NULL),
 (3012, 'https://www.myatlantahomeinspector.com/wp-content/uploads/2024/02/inspection-3-35.webp', 143, NULL, 'internal', 18, NULL, NULL, NULL, NULL, NULL, NULL),
 (3013, 'https://www.myatlantahomeinspector.com/wp-content/uploads/2024/02/inspection-3-35.webp', 143, NULL, 'internal', 18, NULL, NULL, NULL, NULL, NULL, NULL),
 (3014, 'https://www.myatlantahomeinspector.com/wp-content/uploads/2024/02/inspection-3-0-1.webp', 143, 875, 'image-in', 18, NULL, 810, 1440, 101118, NULL, NULL),
 (3015, 'https://www.myatlantahomeinspector.com/wp-content/plugins/visual-portfolio/assets/images/logo-dark.svg', 143, NULL, 'image-in', 18, NULL, NULL, NULL, NULL, NULL, NULL),
 (3016, 'https://www.myatlantahomeinspector.com/wp-content/uploads/2024/02/inspection-3-1.webp', 143, 825, 'image-in', 18, NULL, 810, 1440, 268712, NULL, NULL),
 (3017, 'https://www.myatlantahomeinspector.com/wp-content/uploads/2024/02/inspection-3-2.webp', 143, 826, 'image-in', 18, NULL, 810, 1440, 105216, NULL, NULL),
 (3018, 'https://www.myatlantahomeinspector.com/wp-content/uploads/2024/02/inspection-3-3.webp', 143, 827, 'image-in', 18, NULL, 810, 1440, 142022, NULL, NULL),
 (3019, 'https://www.myatlantahomeinspector.com/wp-content/uploads/2024/02/inspection-3-4.webp', 143, 828, 'image-in', 18, NULL, 810, 1440, 84214, NULL, NULL),
 (3020, 'https://www.myatlantahomeinspector.com/wp-content/uploads/2024/02/inspection-3-5.webp', 143, 829, 'image-in', 18, NULL, 810, 1440, 45272, NULL, NULL),
 (3021, 'https://www.myatlantahomeinspector.com/wp-content/uploads/2024/02/inspection-3-6.webp', 143, 830, 'image-in', 18, NULL, 810, 1440, 77070, NULL, NULL),
 (3022, 'https://www.myatlantahomeinspector.com/wp-content/uploads/2024/02/inspection-3-7.webp', 143, 831, 'image-in', 18, NULL, 810, 1440, 48650, NULL, NULL),
 (3023, 'https://www.myatlantahomeinspector.com/wp-content/uploads/2024/02/inspection-3-8.webp', 143, 832, 'image-in', 18, NULL, 810, 1440, 113316, NULL, NULL),
 (3024, 'https://www.myatlantahomeinspector.com/wp-content/uploads/2024/02/inspection-3-9.webp', 143, 833, 'image-in', 18, NULL, 810, 1440, 111424, NULL, NULL),
 (3025, 'https://www.myatlantahomeinspector.com/wp-content/uploads/2024/02/inspection-3-10.webp', 143, 834, 'image-in', 18, NULL, 810, 1440, 140340, NULL, NULL),
 (3026, 'https://www.myatlantahomeinspector.com/wp-content/uploads/2024/02/inspection-3-11.webp', 143, 835, 'image-in', 18, NULL, 810, 1440, 59580, NULL, NULL),
 (3027, 'https://www.myatlantahomeinspector.com/wp-content/uploads/2024/02/inspection-3-12.webp', 143, 836, 'image-in', 18, NULL, 810, 1440, 105472, NULL, NULL),
 (3028, 'https://www.myatlantahomeinspector.com/wp-content/uploads/2024/02/inspection-3-13.webp', 143, 837, 'image-in', 18, NULL, 810, 1440, 99462, NULL, NULL),
 (3029, 'https://www.myatlantahomeinspector.com/wp-content/uploads/2024/02/inspection-3-14.webp', 143, 838, 'image-in', 18, NULL, 810, 1440, 36568, NULL, NULL),
 (3030, 'https://www.myatlantahomeinspector.com/wp-content/uploads/2024/02/inspection-3-15.webp', 143, 839, 'image-in', 18, NULL, 810, 1440, 37282, NULL, NULL),
 (3031, 'https://www.myatlantahomeinspector.com/wp-content/uploads/2024/02/inspection-3-16.webp', 143, 840, 'image-in', 18, NULL, 810, 1440, 105266, NULL, NULL),
 (3032, 'https://www.myatlantahomeinspector.com/wp-content/uploads/2024/02/inspection-3-17.webp', 143, 841, 'image-in', 18, NULL, 810, 1440, 48986, NULL, NULL),
 (3033, 'https://www.myatlantahomeinspector.com/wp-content/uploads/2024/02/inspection-3-18.webp', 143, 842, 'image-in', 18, NULL, 810, 1440, 51064, NULL, NULL),
 (3034, 'https://www.myatlantahomeinspector.com/wp-content/uploads/2024/02/inspection-3-19.webp', 143, 843, 'image-in', 18, NULL, 810, 1440, 83132, NULL, NULL),
 (3035, 'https://www.myatlantahomeinspector.com/wp-content/uploads/2024/02/inspection-3-20.webp', 143, 844, 'image-in', 18, NULL, 810, 1440, 109118, NULL, NULL),
 (3036, 'https://www.myatlantahomeinspector.com/wp-content/uploads/2024/02/inspection-3-21.webp', 143, 845, 'image-in', 18, NULL, 810, 1440, 100462, NULL, NULL),
 (3037, 'https://www.myatlantahomeinspector.com/wp-content/uploads/2024/02/inspection-3-22.webp', 143, 846, 'image-in', 18, NULL, 810, 1440, 59884, NULL, NULL),
 (3038, 'https://www.myatlantahomeinspector.com/wp-content/uploads/2024/02/inspection-3-23.webp', 143, 847, 'image-in', 18, NULL, 810, 1440, 53130, NULL, NULL),
 (3039, 'https://www.myatlantahomeinspector.com/wp-content/uploads/2024/02/inspection-3-24.webp', 143, 848, 'image-in', 18, NULL, 808, 1440, 117098, NULL, NULL),
 (3040, 'https://www.myatlantahomeinspector.com/wp-content/uploads/2024/02/inspection-3-25.webp', 143, 849, 'image-in', 18, NULL, 810, 1440, 256462, NULL, NULL),
 (3041, 'https://www.myatlantahomeinspector.com/wp-content/uploads/2024/02/inspection-3-26.webp', 143, 850, 'image-in', 18, NULL, 810, 1440, 134608, NULL, NULL),
 (3042, 'https://www.myatlantahomeinspector.com/wp-content/uploads/2024/02/inspection-3-27.webp', 143, 851, 'image-in', 18, NULL, 810, 1440, 206338, NULL, NULL),
 (3043, 'https://www.myatlantahomeinspector.com/wp-content/uploads/2024/02/inspection-3-28.webp', 143, 852, 'image-in', 18, NULL, 810, 1440, 114970, NULL, NULL),
 (3044, 'https://www.myatlantahomeinspector.com/wp-content/uploads/2024/02/inspection-3-29.webp', 143, 853, 'image-in', 18, NULL, 810, 1440, 87558, NULL, NULL),
 (3045, 'https://www.myatlantahomeinspector.com/wp-content/uploads/2024/02/inspection-3-30.webp', 143, 854, 'image-in', 18, NULL, 810, 1440, 259032, NULL, NULL),
 (3046, 'https://www.myatlantahomeinspector.com/wp-content/uploads/2024/02/inspection-3-31.webp', 143, 855, 'image-in', 18, NULL, 810, 1440, 52702, NULL, NULL),
 (3047, 'https://www.myatlantahomeinspector.com/wp-content/uploads/2024/02/inspection-3-32.webp', 143, 856, 'image-in', 18, NULL, 810, 1440, 166288, NULL, NULL),
 (3048, 'https://www.myatlantahomeinspector.com/wp-content/uploads/2024/02/inspection-3-33.webp', 143, 857, 'image-in', 18, NULL, 810, 1440, 217060, NULL, NULL),
 (3049, 'https://www.myatlantahomeinspector.com/wp-content/uploads/2024/02/inspection-3-34.webp', 143, 858, 'image-in', 18, NULL, 1080, 1440, 62008, NULL, NULL),
 (3050, 'https://www.myatlantahomeinspector.com/wp-content/uploads/2024/02/inspection-3-35.webp', 143, 859, 'image-in', 18, NULL, 1080, 1440, 59640, NULL, NULL),
 (3220, 'https://www.myatlantahomeinspector.com/wp-content/uploads/2024/02/Inspection-1-2.webp', 139, NULL, 'internal', 16, NULL, NULL, NULL, NULL, NULL, NULL),
 (3221, 'https://www.myatlantahomeinspector.com/wp-content/uploads/2024/02/Inspection-1-2.webp', 139, NULL, 'internal', 16, NULL, NULL, NULL, NULL, NULL, NULL),
 (3222, 'https://www.myatlantahomeinspector.com/wp-content/uploads/2024/02/Inspection-1-3.webp', 139, NULL, 'internal', 16, NULL, NULL, NULL, NULL, NULL, NULL),
 (3223, 'https://www.myatlantahomeinspector.com/wp-content/uploads/2024/02/Inspection-1-3.webp', 139, NULL, 'internal', 16, NULL, NULL, NULL, NULL, NULL, NULL),
 (3224, 'https://www.myatlantahomeinspector.com/wp-content/uploads/2024/02/Inspection-1-4.webp', 139, NULL, 'internal', 16, NULL, NULL, NULL, NULL, NULL, NULL),
 (3225, 'https://www.myatlantahomeinspector.com/wp-content/uploads/2024/02/Inspection-1-4.webp', 139, NULL, 'internal', 16, NULL, NULL, NULL, NULL, NULL, NULL),
 (3226, 'https://www.myatlantahomeinspector.com/wp-content/uploads/2024/02/Inspection-1-5.webp', 139, NULL, 'internal', 16, NULL, NULL, NULL, NULL, NULL, NULL),
 (3227, 'https://www.myatlantahomeinspector.com/wp-content/uploads/2024/02/Inspection-1-5.webp', 139, NULL, 'internal', 16, NULL, NULL, NULL, NULL, NULL, NULL),
 (3228, 'https://www.myatlantahomeinspector.com/wp-content/uploads/2024/02/Inspection-1-6.webp', 139, NULL, 'internal', 16, NULL, NULL, NULL, NULL, NULL, NULL),
 (3229, 'https://www.myatlantahomeinspector.com/wp-content/uploads/2024/02/Inspection-1-6.webp', 139, NULL, 'internal', 16, NULL, NULL, NULL, NULL, NULL, NULL),
 (3230, 'https://www.myatlantahomeinspector.com/wp-content/uploads/2024/02/Inspection-1-7.webp', 139, NULL, 'internal', 16, NULL, NULL, NULL, NULL, NULL, NULL),
 (3231, 'https://www.myatlantahomeinspector.com/wp-content/uploads/2024/02/Inspection-1-7.webp', 139, NULL, 'internal', 16, NULL, NULL, NULL, NULL, NULL, NULL),
 (3232, 'https://www.myatlantahomeinspector.com/wp-content/uploads/2024/02/Inspection-1-8.webp', 139, NULL, 'internal', 16, NULL, NULL, NULL, NULL, NULL, NULL),
 (3233, 'https://www.myatlantahomeinspector.com/wp-content/uploads/2024/02/Inspection-1-8.webp', 139, NULL, 'internal', 16, NULL, NULL, NULL, NULL, NULL, NULL),
 (3234, 'https://www.myatlantahomeinspector.com/wp-content/uploads/2024/02/Inspection-1-9.webp', 139, NULL, 'internal', 16, NULL, NULL, NULL, NULL, NULL, NULL),
 (3235, 'https://www.myatlantahomeinspector.com/wp-content/uploads/2024/02/Inspection-1-9.webp', 139, NULL, 'internal', 16, NULL, NULL, NULL, NULL, NULL, NULL),
 (3236, 'https://www.myatlantahomeinspector.com/wp-content/uploads/2024/02/Inspection-1-10.webp', 139, NULL, 'internal', 16, NULL, NULL, NULL, NULL, NULL, NULL),
 (3237, 'https://www.myatlantahomeinspector.com/wp-content/uploads/2024/02/Inspection-1-10.webp', 139, NULL, 'internal', 16, NULL, NULL, NULL, NULL, NULL, NULL),
 (3238, 'https://www.myatlantahomeinspector.com/wp-content/uploads/2024/02/Inspection-1-11.webp', 139, NULL, 'internal', 16, NULL, NULL, NULL, NULL, NULL, NULL),
 (3239, 'https://www.myatlantahomeinspector.com/wp-content/uploads/2024/02/Inspection-1-11.webp', 139, NULL, 'internal', 16, NULL, NULL, NULL, NULL, NULL, NULL),
 (3240, 'https://www.myatlantahomeinspector.com/wp-content/uploads/2024/02/Inspection-1-12.webp', 139, NULL, 'internal', 16, NULL, NULL, NULL, NULL, NULL, NULL),
 (3241, 'https://www.myatlantahomeinspector.com/wp-content/uploads/2024/02/Inspection-1-12.webp', 139, NULL, 'internal', 16, NULL, NULL, NULL, NULL, NULL, NULL),
 (3242, 'https://www.myatlantahomeinspector.com/wp-content/uploads/2024/02/Inspection-1-13.webp', 139, NULL, 'internal', 16, NULL, NULL, NULL, NULL, NULL, NULL),
 (3243, 'https://www.myatlantahomeinspector.com/wp-content/uploads/2024/02/Inspection-1-13.webp', 139, NULL, 'internal', 16, NULL, NULL, NULL, NULL, NULL, NULL),
 (3244, 'https://www.myatlantahomeinspector.com/wp-content/uploads/2024/02/Inspection-1-14.webp', 139, NULL, 'internal', 16, NULL, NULL, NULL, NULL, NULL, NULL),
 (3245, 'https://www.myatlantahomeinspector.com/wp-content/uploads/2024/02/Inspection-1-14.webp', 139, NULL, 'internal', 16, NULL, NULL, NULL, NULL, NULL, NULL),
 (3246, 'https://www.myatlantahomeinspector.com/wp-content/uploads/2024/02/Inspection-1-15.webp', 139, NULL, 'internal', 16, NULL, NULL, NULL, NULL, NULL, NULL),
 (3247, 'https://www.myatlantahomeinspector.com/wp-content/uploads/2024/02/Inspection-1-15.webp', 139, NULL, 'internal', 16, NULL, NULL, NULL, NULL, NULL, NULL),
 (3248, 'https://www.myatlantahomeinspector.com/wp-content/uploads/2024/02/Inspection-1-16.webp', 139, NULL, 'internal', 16, NULL, NULL, NULL, NULL, NULL, NULL),
 (3249, 'https://www.myatlantahomeinspector.com/wp-content/uploads/2024/02/Inspection-1-16.webp', 139, NULL, 'internal', 16, NULL, NULL, NULL, NULL, NULL, NULL),
 (3250, 'https://www.myatlantahomeinspector.com/wp-content/uploads/2024/02/Inspection-1-17.webp', 139, NULL, 'internal', 16, NULL, NULL, NULL, NULL, NULL, NULL),
 (3251, 'https://www.myatlantahomeinspector.com/wp-content/uploads/2024/02/Inspection-1-17.webp', 139, NULL, 'internal', 16, NULL, NULL, NULL, NULL, NULL, NULL),
 (3252, 'https://www.myatlantahomeinspector.com/wp-content/uploads/2024/02/Inspection-1-18.webp', 139, NULL, 'internal', 16, NULL, NULL, NULL, NULL, NULL, NULL),
 (3253, 'https://www.myatlantahomeinspector.com/wp-content/uploads/2024/02/Inspection-1-18.webp', 139, NULL, 'internal', 16, NULL, NULL, NULL, NULL, NULL, NULL),
 (3254, 'https://www.myatlantahomeinspector.com/wp-content/uploads/2024/02/Inspection-1-19.webp', 139, NULL, 'internal', 16, NULL, NULL, NULL, NULL, NULL, NULL),
 (3255, 'https://www.myatlantahomeinspector.com/wp-content/uploads/2024/02/Inspection-1-19.webp', 139, NULL, 'internal', 16, NULL, NULL, NULL, NULL, NULL, NULL),
 (3256, 'https://www.myatlantahomeinspector.com/wp-content/uploads/2024/02/Inspection-1-20.webp', 139, NULL, 'internal', 16, NULL, NULL, NULL, NULL, NULL, NULL),
 (3257, 'https://www.myatlantahomeinspector.com/wp-content/uploads/2024/02/Inspection-1-20.webp', 139, NULL, 'internal', 16, NULL, NULL, NULL, NULL, NULL, NULL),
 (3258, 'https://www.myatlantahomeinspector.com/wp-content/uploads/2024/02/Inspection-1-21.webp', 139, NULL, 'internal', 16, NULL, NULL, NULL, NULL, NULL, NULL),
 (3259, 'https://www.myatlantahomeinspector.com/wp-content/uploads/2024/02/Inspection-1-21.webp', 139, NULL, 'internal', 16, NULL, NULL, NULL, NULL, NULL, NULL),
 (3260, 'https://www.myatlantahomeinspector.com/wp-content/uploads/2024/02/Inspection-1-22.webp', 139, NULL, 'internal', 16, NULL, NULL, NULL, NULL, NULL, NULL),
 (3261, 'https://www.myatlantahomeinspector.com/wp-content/uploads/2024/02/Inspection-1-22.webp', 139, NULL, 'internal', 16, NULL, NULL, NULL, NULL, NULL, NULL),
 (3262, 'https://www.myatlantahomeinspector.com/wp-content/uploads/2024/02/Inspection-1-23.webp', 139, NULL, 'internal', 16, NULL, NULL, NULL, NULL, NULL, NULL),
 (3263, 'https://www.myatlantahomeinspector.com/wp-content/uploads/2024/02/Inspection-1-23.webp', 139, NULL, 'internal', 16, NULL, NULL, NULL, NULL, NULL, NULL),
 (3264, 'https://www.myatlantahomeinspector.com/wp-content/uploads/2024/02/Inspection-1-1.webp', 139, 474, 'image-in', 16, NULL, 810, 1440, 270694, NULL, NULL),
 (3265, 'https://www.myatlantahomeinspector.com/wp-content/plugins/visual-portfolio/assets/images/logo-dark.svg', 139, NULL, 'image-in', 16, NULL, NULL, NULL, NULL, NULL, NULL),
 (3266, 'https://www.myatlantahomeinspector.com/wp-content/uploads/2024/02/Inspection-1-2.webp', 139, 475, 'image-in', 16, NULL, 810, 1440, 309026, NULL, NULL),
 (3267, 'https://www.myatlantahomeinspector.com/wp-content/uploads/2024/02/Inspection-1-3.webp', 139, 476, 'image-in', 16, NULL, 810, 1440, 82394, NULL, NULL),
 (3268, 'https://www.myatlantahomeinspector.com/wp-content/uploads/2024/02/Inspection-1-4.webp', 139, 477, 'image-in', 16, NULL, 810, 1440, 81586, NULL, NULL),
 (3269, 'https://www.myatlantahomeinspector.com/wp-content/uploads/2024/02/Inspection-1-5.webp', 139, 478, 'image-in', 16, NULL, 810, 1440, 234246, NULL, NULL),
 (3270, 'https://www.myatlantahomeinspector.com/wp-content/uploads/2024/02/Inspection-1-6.webp', 139, 479, 'image-in', 16, NULL, 810, 1440, 97162, NULL, NULL),
 (3271, 'https://www.myatlantahomeinspector.com/wp-content/uploads/2024/02/Inspection-1-7.webp', 139, 480, 'image-in', 16, NULL, 810, 1440, 164248, NULL, NULL),
 (3272, 'https://www.myatlantahomeinspector.com/wp-content/uploads/2024/02/Inspection-1-8.webp', 139, 481, 'image-in', 16, NULL, 810, 1440, 396198, NULL, NULL),
 (3273, 'https://www.myatlantahomeinspector.com/wp-content/uploads/2024/02/Inspection-1-9.webp', 139, 482, 'image-in', 16, NULL, 810, 1440, 280678, NULL, NULL),
 (3274, 'https://www.myatlantahomeinspector.com/wp-content/uploads/2024/02/Inspection-1-10.webp', 139, 483, 'image-in', 16, NULL, 810, 1440, 312726, NULL, NULL),
 (3275, 'https://www.myatlantahomeinspector.com/wp-content/uploads/2024/02/Inspection-1-11.webp', 139, 484, 'image-in', 16, NULL, 810, 1440, 89368, NULL, NULL),
 (3276, 'https://www.myatlantahomeinspector.com/wp-content/uploads/2024/02/Inspection-1-12.webp', 139, 485, 'image-in', 16, NULL, 810, 1440, 134652, NULL, NULL),
 (3277, 'https://www.myatlantahomeinspector.com/wp-content/uploads/2024/02/Inspection-1-13.webp', 139, 486, 'image-in', 16, NULL, 810, 1440, 115616, NULL, NULL),
 (3278, 'https://www.myatlantahomeinspector.com/wp-content/uploads/2024/02/Inspection-1-14.webp', 139, 487, 'image-in', 16, NULL, 810, 1440, 98260, NULL, NULL),
 (3279, 'https://www.myatlantahomeinspector.com/wp-content/uploads/2024/02/Inspection-1-15.webp', 139, 488, 'image-in', 16, NULL, 810, 1440, 78980, NULL, NULL),
 (3280, 'https://www.myatlantahomeinspector.com/wp-content/uploads/2024/02/Inspection-1-16.webp', 139, 489, 'image-in', 16, NULL, 810, 1440, 109198, NULL, NULL),
 (3281, 'https://www.myatlantahomeinspector.com/wp-content/uploads/2024/02/Inspection-1-17.webp', 139, 490, 'image-in', 16, NULL, 810, 1440, 111110, NULL, NULL),
 (3282, 'https://www.myatlantahomeinspector.com/wp-content/uploads/2024/02/Inspection-1-18.webp', 139, 491, 'image-in', 16, NULL, 810, 1440, 102136, NULL, NULL),
 (3283, 'https://www.myatlantahomeinspector.com/wp-content/uploads/2024/02/Inspection-1-19.webp', 139, 492, 'image-in', 16, NULL, 810, 1440, 50102, NULL, NULL),
 (3284, 'https://www.myatlantahomeinspector.com/wp-content/uploads/2024/02/Inspection-1-20.webp', 139, 493, 'image-in', 16, NULL, 810, 1440, 81568, NULL, NULL),
 (3285, 'https://www.myatlantahomeinspector.com/wp-content/uploads/2024/02/Inspection-1-21.webp', 139, 494, 'image-in', 16, NULL, 810, 1440, 91520, NULL, NULL),
 (3286, 'https://www.myatlantahomeinspector.com/wp-content/uploads/2024/02/Inspection-1-22.webp', 139, 495, 'image-in', 16, NULL, 810, 1440, 110608, NULL, NULL),
 (3287, 'https://www.myatlantahomeinspector.com/wp-content/uploads/2024/02/Inspection-1-23.webp', 139, 496, 'image-in', 16, NULL, 810, 1440, 135204, NULL, NULL),
 (3288, 'https://www.myatlantahomeinspector.com/wp-content/uploads/2024/02/inspection-2-5.webp', 141, NULL, 'internal', 17, NULL, NULL, NULL, NULL, NULL, NULL),
 (3289, 'https://www.myatlantahomeinspector.com/wp-content/uploads/2024/02/inspection-2-5.webp', 141, NULL, 'internal', 17, NULL, NULL, NULL, NULL, NULL, NULL),
 (3290, 'https://www.myatlantahomeinspector.com/wp-content/uploads/2024/02/inspection-2-2.webp', 141, NULL, 'internal', 17, NULL, NULL, NULL, NULL, NULL, NULL),
 (3291, 'https://www.myatlantahomeinspector.com/wp-content/uploads/2024/02/inspection-2-2.webp', 141, NULL, 'internal', 17, NULL, NULL, NULL, NULL, NULL, NULL),
 (3292, 'https://www.myatlantahomeinspector.com/wp-content/uploads/2024/02/inspection-2-3.webp', 141, NULL, 'internal', 17, NULL, NULL, NULL, NULL, NULL, NULL),
 (3293, 'https://www.myatlantahomeinspector.com/wp-content/uploads/2024/02/inspection-2-3.webp', 141, NULL, 'internal', 17, NULL, NULL, NULL, NULL, NULL, NULL),
 (3294, 'https://www.myatlantahomeinspector.com/wp-content/uploads/2024/02/inspection-2-4.webp', 141, NULL, 'internal', 17, NULL, NULL, NULL, NULL, NULL, NULL),
 (3295, 'https://www.myatlantahomeinspector.com/wp-content/uploads/2024/02/inspection-2-4.webp', 141, NULL, 'internal', 17, NULL, NULL, NULL, NULL, NULL, NULL),
 (3296, 'https://www.myatlantahomeinspector.com/wp-content/uploads/2024/02/inspection-2-6.webp', 141, NULL, 'internal', 17, NULL, NULL, NULL, NULL, NULL, NULL),
 (3297, 'https://www.myatlantahomeinspector.com/wp-content/uploads/2024/02/inspection-2-6.webp', 141, NULL, 'internal', 17, NULL, NULL, NULL, NULL, NULL, NULL),
 (3298, 'https://www.myatlantahomeinspector.com/wp-content/uploads/2024/02/inspection-2-7.webp', 141, NULL, 'internal', 17, NULL, NULL, NULL, NULL, NULL, NULL),
 (3299, 'https://www.myatlantahomeinspector.com/wp-content/uploads/2024/02/inspection-2-7.webp', 141, NULL, 'internal', 17, NULL, NULL, NULL, NULL, NULL, NULL),
 (3300, 'https://www.myatlantahomeinspector.com/wp-content/uploads/2024/02/inspection-2-8.webp', 141, NULL, 'internal', 17, NULL, NULL, NULL, NULL, NULL, NULL),
 (3301, 'https://www.myatlantahomeinspector.com/wp-content/uploads/2024/02/inspection-2-8.webp', 141, NULL, 'internal', 17, NULL, NULL, NULL, NULL, NULL, NULL),
 (3302, 'https://www.myatlantahomeinspector.com/wp-content/uploads/2024/02/inspection-2-9.webp', 141, NULL, 'internal', 17, NULL, NULL, NULL, NULL, NULL, NULL),
 (3303, 'https://www.myatlantahomeinspector.com/wp-content/uploads/2024/02/inspection-2-9.webp', 141, NULL, 'internal', 17, NULL, NULL, NULL, NULL, NULL, NULL),
 (3304, 'https://www.myatlantahomeinspector.com/wp-content/uploads/2024/02/inspection-2-10.webp', 141, NULL, 'internal', 17, NULL, NULL, NULL, NULL, NULL, NULL),
 (3305, 'https://www.myatlantahomeinspector.com/wp-content/uploads/2024/02/inspection-2-10.webp', 141, NULL, 'internal', 17, NULL, NULL, NULL, NULL, NULL, NULL),
 (3306, 'https://www.myatlantahomeinspector.com/wp-content/uploads/2024/02/inspection-2-11.webp', 141, NULL, 'internal', 17, NULL, NULL, NULL, NULL, NULL, NULL),
 (3307, 'https://www.myatlantahomeinspector.com/wp-content/uploads/2024/02/inspection-2-11.webp', 141, NULL, 'internal', 17, NULL, NULL, NULL, NULL, NULL, NULL),
 (3308, 'https://www.myatlantahomeinspector.com/wp-content/uploads/2024/02/inspection-2-12.webp', 141, NULL, 'internal', 17, NULL, NULL, NULL, NULL, NULL, NULL),
 (3309, 'https://www.myatlantahomeinspector.com/wp-content/uploads/2024/02/inspection-2-12.webp', 141, NULL, 'internal', 17, NULL, NULL, NULL, NULL, NULL, NULL),
 (3310, 'https://www.myatlantahomeinspector.com/wp-content/uploads/2024/02/inspection-2-13.webp', 141, NULL, 'internal', 17, NULL, NULL, NULL, NULL, NULL, NULL),
 (3311, 'https://www.myatlantahomeinspector.com/wp-content/uploads/2024/02/inspection-2-13.webp', 141, NULL, 'internal', 17, NULL, NULL, NULL, NULL, NULL, NULL),
 (3312, 'https://www.myatlantahomeinspector.com/wp-content/uploads/2024/02/inspection-2-14.webp', 141, NULL, 'internal', 17, NULL, NULL, NULL, NULL, NULL, NULL),
 (3313, 'https://www.myatlantahomeinspector.com/wp-content/uploads/2024/02/inspection-2-14.webp', 141, NULL, 'internal', 17, NULL, NULL, NULL, NULL, NULL, NULL),
 (3314, 'https://www.myatlantahomeinspector.com/wp-content/uploads/2024/02/inspection-2-15.webp', 141, NULL, 'internal', 17, NULL, NULL, NULL, NULL, NULL, NULL),
 (3315, 'https://www.myatlantahomeinspector.com/wp-content/uploads/2024/02/inspection-2-15.webp', 141, NULL, 'internal', 17, NULL, NULL, NULL, NULL, NULL, NULL),
 (3316, 'https://www.myatlantahomeinspector.com/wp-content/uploads/2024/02/inspection-2-16.webp', 141, NULL, 'internal', 17, NULL, NULL, NULL, NULL, NULL, NULL),
 (3317, 'https://www.myatlantahomeinspector.com/wp-content/uploads/2024/02/inspection-2-16.webp', 141, NULL, 'internal', 17, NULL, NULL, NULL, NULL, NULL, NULL),
 (3318, 'https://www.myatlantahomeinspector.com/wp-content/uploads/2024/02/inspection-2-17.webp', 141, NULL, 'internal', 17, NULL, NULL, NULL, NULL, NULL, NULL),
 (3319, 'https://www.myatlantahomeinspector.com/wp-content/uploads/2024/02/inspection-2-17.webp', 141, NULL, 'internal', 17, NULL, NULL, NULL, NULL, NULL, NULL),
 (3320, 'https://www.myatlantahomeinspector.com/wp-content/uploads/2024/02/inspection-2-18.webp', 141, NULL, 'internal', 17, NULL, NULL, NULL, NULL, NULL, NULL),
 (3321, 'https://www.myatlantahomeinspector.com/wp-content/uploads/2024/02/inspection-2-18.webp', 141, NULL, 'internal', 17, NULL, NULL, NULL, NULL, NULL, NULL),
 (3322, 'https://www.myatlantahomeinspector.com/wp-content/uploads/2024/02/inspection-2-19.webp', 141, NULL, 'internal', 17, NULL, NULL, NULL, NULL, NULL, NULL),
 (3323, 'https://www.myatlantahomeinspector.com/wp-content/uploads/2024/02/inspection-2-19.webp', 141, NULL, 'internal', 17, NULL, NULL, NULL, NULL, NULL, NULL),
 (3324, 'https://www.myatlantahomeinspector.com/wp-content/uploads/2024/02/inspection-2-20.webp', 141, NULL, 'internal', 17, NULL, NULL, NULL, NULL, NULL, NULL),
 (3325, 'https://www.myatlantahomeinspector.com/wp-content/uploads/2024/02/inspection-2-20.webp', 141, NULL, 'internal', 17, NULL, NULL, NULL, NULL, NULL, NULL),
 (3326, 'https://www.myatlantahomeinspector.com/wp-content/uploads/2024/02/inspection-2-21.webp', 141, NULL, 'internal', 17, NULL, NULL, NULL, NULL, NULL, NULL),
 (3327, 'https://www.myatlantahomeinspector.com/wp-content/uploads/2024/02/inspection-2-21.webp', 141, NULL, 'internal', 17, NULL, NULL, NULL, NULL, NULL, NULL),
 (3328, 'https://www.myatlantahomeinspector.com/wp-content/uploads/2024/02/inspection-2-22.webp', 141, NULL, 'internal', 17, NULL, NULL, NULL, NULL, NULL, NULL),
 (3329, 'https://www.myatlantahomeinspector.com/wp-content/uploads/2024/02/inspection-2-22.webp', 141, NULL, 'internal', 17, NULL, NULL, NULL, NULL, NULL, NULL),
 (3330, 'https://www.myatlantahomeinspector.com/wp-content/uploads/2024/02/inspection-2-23.webp', 141, NULL, 'internal', 17, NULL, NULL, NULL, NULL, NULL, NULL),
 (3331, 'https://www.myatlantahomeinspector.com/wp-content/uploads/2024/02/inspection-2-23.webp', 141, NULL, 'internal', 17, NULL, NULL, NULL, NULL, NULL, NULL),
 (3332, 'https://www.myatlantahomeinspector.com/wp-content/uploads/2024/02/inspection-2-24.webp', 141, NULL, 'internal', 17, NULL, NULL, NULL, NULL, NULL, NULL),
 (3333, 'https://www.myatlantahomeinspector.com/wp-content/uploads/2024/02/inspection-2-24.webp', 141, NULL, 'internal', 17, NULL, NULL, NULL, NULL, NULL, NULL),
 (3334, 'https://www.myatlantahomeinspector.com/wp-content/uploads/2024/02/inspection-2-25.webp', 141, NULL, 'internal', 17, NULL, NULL, NULL, NULL, NULL, NULL),
 (3335, 'https://www.myatlantahomeinspector.com/wp-content/uploads/2024/02/inspection-2-25.webp', 141, NULL, 'internal', 17, NULL, NULL, NULL, NULL, NULL, NULL),
 (3336, 'https://www.myatlantahomeinspector.com/wp-content/uploads/2024/02/inspection-2-26.webp', 141, NULL, 'internal', 17, NULL, NULL, NULL, NULL, NULL, NULL),
 (3337, 'https://www.myatlantahomeinspector.com/wp-content/uploads/2024/02/inspection-2-26.webp', 141, NULL, 'internal', 17, NULL, NULL, NULL, NULL, NULL, NULL),
 (3338, 'https://www.myatlantahomeinspector.com/wp-content/uploads/2024/02/inspection-2-27.webp', 141, NULL, 'internal', 17, NULL, NULL, NULL, NULL, NULL, NULL),
 (3339, 'https://www.myatlantahomeinspector.com/wp-content/uploads/2024/02/inspection-2-27.webp', 141, NULL, 'internal', 17, NULL, NULL, NULL, NULL, NULL, NULL),
 (3340, 'https://www.myatlantahomeinspector.com/wp-content/uploads/2024/02/inspection-2-28.webp', 141, NULL, 'internal', 17, NULL, NULL, NULL, NULL, NULL, NULL),
 (3341, 'https://www.myatlantahomeinspector.com/wp-content/uploads/2024/02/inspection-2-28.webp', 141, NULL, 'internal', 17, NULL, NULL, NULL, NULL, NULL, NULL),
 (3342, 'https://www.myatlantahomeinspector.com/wp-content/uploads/2024/02/inspection-2-29.webp', 141, NULL, 'internal', 17, NULL, NULL, NULL, NULL, NULL, NULL),
 (3343, 'https://www.myatlantahomeinspector.com/wp-content/uploads/2024/02/inspection-2-29.webp', 141, NULL, 'internal', 17, NULL, NULL, NULL, NULL, NULL, NULL),
 (3344, 'https://www.myatlantahomeinspector.com/wp-content/uploads/2024/02/inspection-2-30.webp', 141, NULL, 'internal', 17, NULL, NULL, NULL, NULL, NULL, NULL),
 (3345, 'https://www.myatlantahomeinspector.com/wp-content/uploads/2024/02/inspection-2-30.webp', 141, NULL, 'internal', 17, NULL, NULL, NULL, NULL, NULL, NULL),
 (3346, 'https://www.myatlantahomeinspector.com/wp-content/uploads/2024/02/inspection-2-31.webp', 141, NULL, 'internal', 17, NULL, NULL, NULL, NULL, NULL, NULL),
 (3347, 'https://www.myatlantahomeinspector.com/wp-content/uploads/2024/02/inspection-2-31.webp', 141, NULL, 'internal', 17, NULL, NULL, NULL, NULL, NULL, NULL),
 (3348, 'https://www.myatlantahomeinspector.com/wp-content/uploads/2024/02/inspection-2-32.webp', 141, NULL, 'internal', 17, NULL, NULL, NULL, NULL, NULL, NULL),
 (3349, 'https://www.myatlantahomeinspector.com/wp-content/uploads/2024/02/inspection-2-32.webp', 141, NULL, 'internal', 17, NULL, NULL, NULL, NULL, NULL, NULL),
 (3350, 'https://www.myatlantahomeinspector.com/wp-content/uploads/2024/02/inspection-2-33.webp', 141, NULL, 'internal', 17, NULL, NULL, NULL, NULL, NULL, NULL),
 (3351, 'https://www.myatlantahomeinspector.com/wp-content/uploads/2024/02/inspection-2-33.webp', 141, NULL, 'internal', 17, NULL, NULL, NULL, NULL, NULL, NULL),
 (3352, 'https://www.myatlantahomeinspector.com/wp-content/uploads/2024/02/inspection-2-34.webp', 141, NULL, 'internal', 17, NULL, NULL, NULL, NULL, NULL, NULL),
 (3353, 'https://www.myatlantahomeinspector.com/wp-content/uploads/2024/02/inspection-2-34.webp', 141, NULL, 'internal', 17, NULL, NULL, NULL, NULL, NULL, NULL),
 (3354, 'https://www.myatlantahomeinspector.com/wp-content/uploads/2024/02/inspection-2-1.webp', 141, 784, 'image-in', 17, NULL, 810, 1440, 168678, NULL, NULL),
 (3355, 'https://www.myatlantahomeinspector.com/wp-content/plugins/visual-portfolio/assets/images/logo-dark.svg', 141, NULL, 'image-in', 17, NULL, NULL, NULL, NULL, NULL, NULL),
 (3356, 'https://www.myatlantahomeinspector.com/wp-content/uploads/2024/02/inspection-2-5.webp', 141, 788, 'image-in', 17, NULL, 810, 1440, 208566, NULL, NULL),
 (3357, 'https://www.myatlantahomeinspector.com/wp-content/uploads/2024/02/inspection-2-2.webp', 141, 785, 'image-in', 17, NULL, 810, 1440, 179702, NULL, NULL),
 (3358, 'https://www.myatlantahomeinspector.com/wp-content/uploads/2024/02/inspection-2-3.webp', 141, 786, 'image-in', 17, NULL, 810, 1440, 226004, NULL, NULL),
 (3359, 'https://www.myatlantahomeinspector.com/wp-content/uploads/2024/02/inspection-2-4.webp', 141, 787, 'image-in', 17, NULL, 810, 1440, 212496, NULL, NULL),
 (3360, 'https://www.myatlantahomeinspector.com/wp-content/uploads/2024/02/inspection-2-6.webp', 141, 789, 'image-in', 17, NULL, 810, 1440, 187800, NULL, NULL),
 (3361, 'https://www.myatlantahomeinspector.com/wp-content/uploads/2024/02/inspection-2-7.webp', 141, 790, 'image-in', 17, NULL, 810, 1440, 137902, NULL, NULL),
 (3362, 'https://www.myatlantahomeinspector.com/wp-content/uploads/2024/02/inspection-2-8.webp', 141, 791, 'image-in', 17, NULL, 810, 1440, 115094, NULL, NULL),
 (3363, 'https://www.myatlantahomeinspector.com/wp-content/uploads/2024/02/inspection-2-9.webp', 141, 792, 'image-in', 17, NULL, 810, 1440, 96864, NULL, NULL),
 (3364, 'https://www.myatlantahomeinspector.com/wp-content/uploads/2024/02/inspection-2-10.webp', 141, 793, 'image-in', 17, NULL, 810, 1440, 58900, NULL, NULL),
 (3365, 'https://www.myatlantahomeinspector.com/wp-content/uploads/2024/02/inspection-2-11.webp', 141, 794, 'image-in', 17, NULL, 810, 1440, 74794, NULL, NULL),
 (3366, 'https://www.myatlantahomeinspector.com/wp-content/uploads/2024/02/inspection-2-12.webp', 141, 795, 'image-in', 17, NULL, 810, 1440, 58048, NULL, NULL),
 (3367, 'https://www.myatlantahomeinspector.com/wp-content/uploads/2024/02/inspection-2-13.webp', 141, 796, 'image-in', 17, NULL, 810, 1440, 107620, NULL, NULL),
 (3368, 'https://www.myatlantahomeinspector.com/wp-content/uploads/2024/02/inspection-2-14.webp', 141, 797, 'image-in', 17, NULL, 810, 1440, 76890, NULL, NULL),
 (3369, 'https://www.myatlantahomeinspector.com/wp-content/uploads/2024/02/inspection-2-15.webp', 141, 798, 'image-in', 17, NULL, 810, 1440, 78074, NULL, NULL),
 (3370, 'https://www.myatlantahomeinspector.com/wp-content/uploads/2024/02/inspection-2-16.webp', 141, 799, 'image-in', 17, NULL, 810, 1440, 65922, NULL, NULL),
 (3371, 'https://www.myatlantahomeinspector.com/wp-content/uploads/2024/02/inspection-2-17.webp', 141, 800, 'image-in', 17, NULL, 810, 1440, 99906, NULL, NULL),
 (3372, 'https://www.myatlantahomeinspector.com/wp-content/uploads/2024/02/inspection-2-18.webp', 141, 801, 'image-in', 17, NULL, 810, 1440, 79240, NULL, NULL),
 (3373, 'https://www.myatlantahomeinspector.com/wp-content/uploads/2024/02/inspection-2-19.webp', 141, 802, 'image-in', 17, NULL, 810, 1440, 53650, NULL, NULL),
 (3374, 'https://www.myatlantahomeinspector.com/wp-content/uploads/2024/02/inspection-2-20.webp', 141, 803, 'image-in', 17, NULL, 810, 1440, 63380, NULL, NULL),
 (3375, 'https://www.myatlantahomeinspector.com/wp-content/uploads/2024/02/inspection-2-21.webp', 141, 804, 'image-in', 17, NULL, 810, 1440, 82070, NULL, NULL),
 (3376, 'https://www.myatlantahomeinspector.com/wp-content/uploads/2024/02/inspection-2-22.webp', 141, 805, 'image-in', 17, NULL, 810, 1440, 81090, NULL, NULL),
 (3377, 'https://www.myatlantahomeinspector.com/wp-content/uploads/2024/02/inspection-2-23.webp', 141, 806, 'image-in', 17, NULL, 810, 1440, 243884, NULL, NULL),
 (3378, 'https://www.myatlantahomeinspector.com/wp-content/uploads/2024/02/inspection-2-24.webp', 141, 807, 'image-in', 17, NULL, 810, 1440, 91760, NULL, NULL),
 (3379, 'https://www.myatlantahomeinspector.com/wp-content/uploads/2024/02/inspection-2-25.webp', 141, 808, 'image-in', 17, NULL, 810, 1440, 404706, NULL, NULL),
 (3380, 'https://www.myatlantahomeinspector.com/wp-content/uploads/2024/02/inspection-2-26.webp', 141, 809, 'image-in', 17, NULL, 810, 1440, 99140, NULL, NULL),
 (3381, 'https://www.myatlantahomeinspector.com/wp-content/uploads/2024/02/inspection-2-27.webp', 141, 810, 'image-in', 17, NULL, 810, 1440, 97876, NULL, NULL),
 (3382, 'https://www.myatlantahomeinspector.com/wp-content/uploads/2024/02/inspection-2-28.webp', 141, 811, 'image-in', 17, NULL, 810, 1440, 94664, NULL, NULL),
 (3383, 'https://www.myatlantahomeinspector.com/wp-content/uploads/2024/02/inspection-2-29.webp', 141, 812, 'image-in', 17, NULL, 810, 1440, 81028, NULL, NULL),
 (3384, 'https://www.myatlantahomeinspector.com/wp-content/uploads/2024/02/inspection-2-30.webp', 141, 813, 'image-in', 17, NULL, 810, 1440, 65396, NULL, NULL),
 (3385, 'https://www.myatlantahomeinspector.com/wp-content/uploads/2024/02/inspection-2-31.webp', 141, 814, 'image-in', 17, NULL, 810, 1440, 84694, NULL, NULL),
 (3386, 'https://www.myatlantahomeinspector.com/wp-content/uploads/2024/02/inspection-2-32.webp', 141, 815, 'image-in', 17, NULL, 810, 1440, 99952, NULL, NULL),
 (3387, 'https://www.myatlantahomeinspector.com/wp-content/uploads/2024/02/inspection-2-33.webp', 141, 816, 'image-in', 17, NULL, 810, 1440, 99286, NULL, NULL),
 (3388, 'https://www.myatlantahomeinspector.com/wp-content/uploads/2024/02/inspection-2-34.webp', 141, 817, 'image-in', 17, NULL, 810, 1440, 54742, NULL, NULL),
 (3389, 'https://www.myatlantahomeinspector.com/blog/home-inspection-services-atlanta/', 654, 649, 'internal', 34, 33, NULL, NULL, NULL, NULL, NULL),
 (3390, 'https://www.myatlantahomeinspector.com/blog/home-inspection-services-atlanta/', 654, 649, 'internal', 34, 33, NULL, NULL, NULL, NULL, NULL),
 (3391, 'https://www.myatlantahomeinspector.com/blog/home-inspection-services-atlanta/', 654, 649, 'internal', 34, 33, NULL, NULL, NULL, NULL, NULL),
 (3392, 'https://www.myatlantahomeinspector.com/blog/atlanta-home-inspector-samples-for-mold/', 654, 620, 'internal', 34, 31, NULL, NULL, NULL, NULL, NULL),
 (3393, 'https://www.myatlantahomeinspector.com/blog/atlanta-home-inspector-samples-for-mold/', 654, 620, 'internal', 34, 31, NULL, NULL, NULL, NULL, NULL),
 (3394, 'https://www.myatlantahomeinspector.com/blog/atlanta-home-inspector-samples-for-mold/', 654, 620, 'internal', 34, 31, NULL, NULL, NULL, NULL, NULL),
 (3395, 'https://www.myatlantahomeinspector.com/wp-content/uploads/2018/08/home-inspection-banner-400x250.webp', 654, NULL, 'image-in', 34, NULL, NULL, NULL, NULL, NULL, NULL),
 (3396, 'https://www.myatlantahomeinspector.com/wp-content/uploads/2024/02/mold-blog-banner-400x250.webp', 654, NULL, 'image-in', 34, NULL, NULL, NULL, NULL, NULL, NULL),
 (3618, 'https://www.myatlantahomeinspector.com/wp-content/uploads/2024/02/Sample-home-inspection-2020.pdf', 719, NULL, 'internal', 36, NULL, NULL, NULL, NULL, NULL, NULL),
 (3619, 'https://www.myatlantahomeinspector.com/wp-content/uploads/2024/02/Sample-Radon-Report.pdf', 719, NULL, 'internal', 36, NULL, NULL, NULL, NULL, NULL, NULL),
 (3620, 'https://www.myatlantahomeinspector.com/wp-content/uploads/2024/02/Sample-Mold-Letter.pdf', 719, NULL, 'internal', 36, NULL, NULL, NULL, NULL, NULL, NULL),
 (3621, 'https://www.myatlantahomeinspector.com/wp-content/uploads/2024/02/Air-Sample-Analysis-1.pdf', 719, NULL, 'internal', 36, NULL, NULL, NULL, NULL, NULL, NULL),
 (3622, 'https://www.myatlantahomeinspector.com/wp-content/uploads/2024/02/1234-Sample-Dr-Sewer-Scope-Report-1.pdf', 719, NULL, 'internal', 36, NULL, NULL, NULL, NULL, NULL, NULL),
 (3712, 'https://www.leadmanagementlab.com/Form.aspx?id=b159dcee-8a42-4ccd-9fb0-30490108ffb0', 523, NULL, 'external', 28, NULL, NULL, NULL, NULL, NULL, NULL),
 (3713, 'https://www.leadmanagementlab.com/Form.aspx?id=b159dcee-8a42-4ccd-9fb0-30490108ffb0', 523, NULL, 'external', 28, NULL, NULL, NULL, NULL, NULL, NULL),
 (3714, 'https://www.leadmanagementlab.com/Form.aspx?id=b159dcee-8a42-4ccd-9fb0-30490108ffb0', 523, NULL, 'external', 28, NULL, NULL, NULL, NULL, NULL, NULL),
 (3715, 'https://www.myatlantahomeinspector.com/wp-content/uploads/2024/02/insurance-pic.webp', 523, 540, 'image-in', 28, NULL, 640, 480, 24128, NULL, NULL),
 (3716, 'https://www.myatlantahomeinspector.com/wp-content/uploads/2024/02/atv-icon.webp', 523, 530, 'image-in', 28, NULL, 117, 200, 2322, NULL, NULL),
 (3717, 'https://www.myatlantahomeinspector.com/wp-content/uploads/2024/02/insurance-pic-3.webp', 523, 543, 'image-in', 28, NULL, 758, 1000, 59724, NULL, NULL),
 (3718, 'https://www.myatlantahomeinspector.com/wp-content/uploads/2024/02/TotalHomeQRcode-1920w.png', 523, 537, 'image-in', 28, NULL, 159, 159, 3941, NULL, NULL),
 (3879, 'https://www.myatlantahomeinspector.com/buford-mold-inspectors/', 1037, 1067, 'internal', 41, 45, NULL, NULL, NULL, NULL, NULL),
 (3887, 'https://goisn.net/totalhomeconsultants/online-scheduler/a60ac7a4-65c4-5205-99c4-52c3e5f37002', 1041, NULL, 'external', 42, NULL, NULL, NULL, NULL, NULL, NULL),
 (3888, 'https://www.myatlantahomeinspector.com/mold-testing-lawrenceville-ga/', 1041, 1077, 'internal', 42, 46, NULL, NULL, NULL, NULL, NULL),
 (3889, 'https://goisn.net/totalhomeconsultants/online-scheduler/a60ac7a4-65c4-5205-99c4-52c3e5f37002', 1041, NULL, 'external', 42, NULL, NULL, NULL, NULL, NULL, NULL),
 (3890, 'https://www.myatlantahomeinspector.com/wp-content/uploads/2024/02/home-inspection-pic.webp', 1041, 410, 'image-in', 42, NULL, 526, 526, 36428, NULL, NULL),
 (3891, 'https://www.myatlantahomeinspector.com/wp-content/uploads/2024/01/326237418_903395390852535_311760563407330379_n.jpg', 1041, 297, 'image-in', 42, NULL, 526, 526, 49067, NULL, NULL),
 (3896, 'https://goisn.net/totalhomeconsultants/online-scheduler/a60ac7a4-65c4-5205-99c4-52c3e5f37002', 1067, NULL, 'external', 45, NULL, NULL, NULL, NULL, NULL, NULL),
 (3897, 'https://goisn.net/totalhomeconsultants/online-scheduler/a60ac7a4-65c4-5205-99c4-52c3e5f37002', 1067, NULL, 'external', 45, NULL, NULL, NULL, NULL, NULL, NULL),
 (3898, 'https://www.myatlantahomeinspector.com/wp-content/uploads/2024/02/home-inspection-pic.webp', 1067, 410, 'image-in', 45, NULL, 526, 526, 36428, NULL, NULL),
 (3899, 'https://www.myatlantahomeinspector.com/wp-content/uploads/2024/01/326237418_903395390852535_311760563407330379_n.jpg', 1067, 297, 'image-in', 45, NULL, 526, 526, 49067, NULL, NULL),
 (3905, 'https://www.myatlantahomeinspector.com/suwanee-mold-inspectors/', 1053, 1060, 'internal', 43, 44, NULL, NULL, NULL, NULL, NULL),
 (3913, 'https://www.myatlantahomeinspector.com/home-inspections-buford-ga/', 545, 1037, 'internal', 29, 41, NULL, NULL, NULL, NULL, NULL),
 (3914, 'https://www.myatlantahomeinspector.com/home-inspections-duluth-ga/', 545, 1091, 'internal', 29, 47, NULL, NULL, NULL, NULL, NULL),
 (3915, 'https://www.myatlantahomeinspector.com/home-inspections-lawrenceville-ga/', 545, 1041, 'internal', 29, 42, NULL, NULL, NULL, NULL, NULL),
 (3916, 'https://www.myatlantahomeinspector.com/home-inspections-suwanee-ga/', 545, 1053, 'internal', 29, 43, NULL, NULL, NULL, NULL, NULL),
 (3917, 'https://goisn.net/totalhomeconsultants/online-scheduler/a60ac7a4-65c4-5205-99c4-52c3e5f37002', 1097, NULL, 'external', 48, NULL, NULL, NULL, NULL, NULL, NULL),
 (3918, 'https://goisn.net/totalhomeconsultants/online-scheduler/a60ac7a4-65c4-5205-99c4-52c3e5f37002', 1097, NULL, 'external', 48, NULL, NULL, NULL, NULL, NULL, NULL),
 (3919, 'https://www.myatlantahomeinspector.com/wp-content/uploads/2024/02/home-inspection-pic.webp', 1097, 410, 'image-in', 48, NULL, 526, 526, 36428, NULL, NULL),
 (3920, 'https://www.myatlantahomeinspector.com/wp-content/uploads/2024/01/326237418_903395390852535_311760563407330379_n.jpg', 1097, 297, 'image-in', 48, NULL, 526, 526, 49067, NULL, NULL),
 (3922, 'https://www.myatlantahomeinspector.com/mold-testing-in-duluth-ga/', 1091, 1097, 'internal', 47, 48, NULL, NULL, NULL, NULL, NULL),
 (3946, 'https://goisn.net/totalhomeconsultants/online-scheduler/a60ac7a4-65c4-5205-99c4-52c3e5f37002', 689, NULL, 'external', 35, NULL, NULL, NULL, NULL, NULL, NULL),
 (3947, 'https://www.myatlantahomeinspector.com/wp-content/uploads/2024/02/team-pic-1.webp', 689, NULL, 'internal', 35, NULL, NULL, NULL, NULL, NULL, NULL),
 (3948, 'https://www.myatlantahomeinspector.com/wp-content/uploads/2024/02/team-pic-2.webp', 689, NULL, 'internal', 35, NULL, NULL, NULL, NULL, NULL, NULL),
 (3949, 'https://www.myatlantahomeinspector.com/wp-content/uploads/2024/02/team-pic-3.webp', 689, NULL, 'internal', 35, NULL, NULL, NULL, NULL, NULL, NULL),
 (3950, 'https://www.myatlantahomeinspector.com/wp-content/uploads/2024/02/team-pic-4.webp', 689, NULL, 'internal', 35, NULL, NULL, NULL, NULL, NULL, NULL),
 (3951, 'https://www.myatlantahomeinspector.com/wp-content/uploads/2024/02/team-pic-5.webp', 689, NULL, 'internal', 35, NULL, NULL, NULL, NULL, NULL, NULL),
 (3952, 'https://www.myatlantahomeinspector.com/wp-content/uploads/2024/02/team-photo.webp', 689, 708, 'image-in', 35, NULL, 700, 1000, 126434, NULL, NULL),
 (3953, 'https://www.myatlantahomeinspector.com/wp-content/uploads/2024/02/mike-photo-2.webp', 689, 868, 'image-in', 35, NULL, 1095, 900, 87236, NULL, NULL),
 (3954, 'https://www.myatlantahomeinspector.com/wp-content/plugins/visual-portfolio/assets/images/logo-dark.svg', 689, NULL, 'image-in', 35, NULL, NULL, NULL, NULL, NULL, NULL),
 (3955, 'https://www.myatlantahomeinspector.com/wp-content/uploads/2024/02/team-pic-1-1280x720.webp', 689, 710, 'image-in', 35, NULL, 810, 1440, 85896, NULL, NULL),
 (3956, 'https://www.myatlantahomeinspector.com/wp-content/uploads/2024/02/team-pic-2-1280x720.webp', 689, 711, 'image-in', 35, NULL, 810, 1440, 75128, NULL, NULL),
 (3957, 'https://www.myatlantahomeinspector.com/wp-content/uploads/2024/02/team-pic-3-1280x720.webp', 689, 712, 'image-in', 35, NULL, 810, 1440, 65742, NULL, NULL),
 (3958, 'https://www.myatlantahomeinspector.com/wp-content/uploads/2024/02/team-pic-4-1280x720.webp', 689, 713, 'image-in', 35, NULL, 810, 1440, 135510, NULL, NULL),
 (3959, 'https://www.myatlantahomeinspector.com/wp-content/uploads/2024/02/team-pic-5-1280x720.webp', 689, 714, 'image-in', 35, NULL, 810, 1440, 134526, NULL, NULL),
 (4039, 'https://goisn.net/totalhomeconsultants/online-scheduler/a60ac7a4-65c4-5205-99c4-52c3e5f37002', 430, NULL, 'external', 5, NULL, NULL, NULL, NULL, NULL, NULL),
 (4040, 'https://goisn.net/totalhomeconsultants/online-scheduler/a60ac7a4-65c4-5205-99c4-52c3e5f37002', 430, NULL, 'external', 5, NULL, NULL, NULL, NULL, NULL, NULL),
 (4041, 'https://www.myatlantahomeinspector.com/wp-content/uploads/2024/02/mold-testing-pic.webp', 430, 437, 'image-in', 5, NULL, 526, 526, 43994, NULL, NULL),
 (4042, 'https://www.myatlantahomeinspector.com/wp-content/uploads/2024/02/mold-testing-pic-2.webp', 430, 438, 'image-in', 5, NULL, 526, 526, 57484, NULL, NULL),
 (4043, 'https://goisn.net/totalhomeconsultants/online-scheduler/a60ac7a4-65c4-5205-99c4-52c3e5f37002', 440, NULL, 'external', 8, NULL, NULL, NULL, NULL, NULL, NULL),
 (4044, 'https://goisn.net/totalhomeconsultants/online-scheduler/a60ac7a4-65c4-5205-99c4-52c3e5f37002', 440, NULL, 'external', 8, NULL, NULL, NULL, NULL, NULL, NULL),
 (4045, 'https://www.myatlantahomeinspector.com/wp-content/uploads/2024/02/radon-testing-pic.webp', 440, 445, 'image-in', 8, NULL, 540, 540, 25030, NULL, NULL),
 (4046, 'https://www.myatlantahomeinspector.com/wp-content/uploads/2024/02/radon-graphic.webp', 440, 448, 'image-in', 8, NULL, 783, 1200, 167404, NULL, NULL),
 (4047, 'https://www.myatlantahomeinspector.com/wp-content/uploads/2024/02/radon-testing-pic-2.webp', 440, 446, 'image-in', 8, NULL, 526, 526, 35254, NULL, NULL),
 (4066, 'https://goisn.net/totalhomeconsultants/online-scheduler/a60ac7a4-65c4-5205-99c4-52c3e5f37002', 346, NULL, 'external', 1, NULL, NULL, NULL, NULL, NULL, NULL),
 (4067, 'tel:6789859800', 346, NULL, 'external', 1, NULL, NULL, NULL, NULL, NULL, NULL),
 (4068, 'tel:6789859800', 346, NULL, 'external', 1, NULL, NULL, NULL, NULL, NULL, NULL),
 (4069, 'tel:6789859800', 346, NULL, 'external', 1, NULL, NULL, NULL, NULL, NULL, NULL),
 (4070, 'mailto:info@totalhomeguy.com', 346, NULL, 'external', 1, NULL, NULL, NULL, NULL, NULL, NULL),
 (4071, 'mailto:info@totalhomeguy.com', 346, NULL, 'external', 1, NULL, NULL, NULL, NULL, NULL, NULL),
 (4072, 'mailto:info@totalhomeguy.com', 346, NULL, 'external', 1, NULL, NULL, NULL, NULL, NULL, NULL),
 (4073, 'https://www.myatlantahomeinspector.com/wp-content/plugins/wpforms/assets/images/submit-spin.svg', 346, NULL, 'image-in', 1, NULL, NULL, NULL, NULL, NULL, NULL),
 (4074, 'https://www.myatlantahomeinspector.com/wp-content/uploads/2024/01/credit-cards-logos-be0b8ee2-611ba524-272w.webp', 346, 353, 'image-in', 1, NULL, 55, 270, 5072, NULL, NULL),
 (4075, 'https://goisn.net/totalhomeconsultants/online-scheduler/a60ac7a4-65c4-5205-99c4-52c3e5f37002', 39, NULL, 'external', 3, NULL, NULL, NULL, NULL, NULL, NULL),
 (4076, 'https://www.google.com/search?q=total+home+consultants&#038;client=firefox-b-1-d&#038;sca_esv=de3b8b35270c999b&#038;sca_upv=1&#038;ei=6uzLZeKbLM-Fp84P36KpgAo&#038;ved=0ahUKEwjiuMK-rqmEAxXPwskDHV9RCqAQ4dUDCBA&#038;uact=5&#038;oq=total+home+consultants&#038', 39, NULL, 'external', 3, NULL, NULL, NULL, NULL, NULL, NULL),
 (4077, 'https://goisn.net/totalhomeconsultants/online-scheduler/a60ac7a4-65c4-5205-99c4-52c3e5f37002', 39, NULL, 'external', 3, NULL, NULL, NULL, NULL, NULL, NULL),
 (4078, 'https://goisn.net/totalhomeconsultants/online-scheduler/a60ac7a4-65c4-5205-99c4-52c3e5f37002', 39, NULL, 'external', 3, NULL, NULL, NULL, NULL, NULL, NULL),
 (4079, 'https://www.myatlantahomeinspector.com/about-us/', 39, 689, 'internal', 3, 35, NULL, NULL, NULL, NULL, NULL),
 (4080, 'https://www.myatlantahomeinspector.com/home-inspection-companies-dacula/', 39, 398, 'internal', 3, 4, NULL, NULL, NULL, NULL, NULL),
 (4081, 'https://www.myatlantahomeinspector.com/project/project-3/', 39, 143, 'internal', 3, 18, NULL, NULL, NULL, NULL, NULL),
 (4082, 'https://www.myatlantahomeinspector.com/project/project-2/', 39, 141, 'internal', 3, 17, NULL, NULL, NULL, NULL, NULL),
 (4083, 'https://www.myatlantahomeinspector.com/project/project-1/', 39, 139, 'internal', 3, 16, NULL, NULL, NULL, NULL, NULL),
 (4084, 'https://www.myatlantahomeinspector.com/portfolio/', 39, 133, 'internal', 3, 6, NULL, NULL, NULL, NULL, NULL),
 (4085, 'https://www.myatlantahomeinspector.com/wp-content/uploads/2024/01/home-about.webp', 39, 256, 'image-in', 3, NULL, 1200, 1200, 197476, NULL, NULL),
 (4086, 'https://www.myatlantahomeinspector.com/wp-content/uploads/2024/02/logos_ACI-Gold_BlackType-copy.webp', 39, 394, 'image-in', 3, NULL, 400, 400, 78378, NULL, NULL),
 (4087, 'https://www.myatlantahomeinspector.com/wp-content/uploads/2024/01/InterNachi-Logo-copy.webp', 39, 283, 'image-in', 3, NULL, 400, 400, 100756, NULL, NULL),
 (4088, 'https://www.myatlantahomeinspector.com/wp-content/uploads/2024/01/23-low-resolution-for-web-png-1545171516-copy.webp', 39, 284, 'image-in', 3, NULL, 400, 400, 93464, NULL, NULL),
 (4089, 'https://www.myatlantahomeinspector.com/wp-content/uploads/2024/01/IAC2_logo_radon-copy.webp', 39, 282, 'image-in', 3, NULL, 400, 400, 84296, NULL, NULL),
 (4090, 'https://www.myatlantahomeinspector.com/wp-content/uploads/2024/01/IAC2_logo_mold-copy.webp', 39, 281, 'image-in', 3, NULL, 400, 400, 84782, NULL, NULL),
 (4091, 'https://www.myatlantahomeinspector.com/wp-content/uploads/2024/01/thermal-icon.webp', 39, 125, 'image-in', 3, NULL, 100, 75, 916, NULL, NULL),
 (4092, 'https://www.myatlantahomeinspector.com/wp-content/uploads/2024/01/drone-icon.webp', 39, 126, 'image-in', 3, NULL, 100, 100, 2386, NULL, NULL),
 (4093, 'https://www.myatlantahomeinspector.com/wp-content/plugins/visual-portfolio/assets/images/logo-dark.svg', 39, NULL, 'image-in', 3, NULL, NULL, NULL, NULL, NULL, NULL),
 (4094, 'https://www.myatlantahomeinspector.com/wp-content/uploads/2024/02/inspection-3-0-1-1280x720.webp', 39, 875, 'image-in', 3, NULL, 810, 1440, 101118, NULL, NULL),
 (4095, 'https://www.myatlantahomeinspector.com/wp-content/uploads/2024/02/inspection-2-1-1280x720.webp', 39, 784, 'image-in', 3, NULL, 810, 1440, 168678, NULL, NULL),
 (4096, 'https://www.myatlantahomeinspector.com/wp-content/uploads/2024/02/Inspection-1-1-1280x720.webp', 39, 474, 'image-in', 3, NULL, 810, 1440, 270694, NULL, NULL);
# End of data contents of table `bmg24thc_yoast_seo_links`

